154.57.7.9 - - [28/Apr/2024:04:25:07 -0400] "GET /aigaiotv1/41942.ts HTTP/1.1" 206 2020640 "https://ssh101.com/securelive/index.php?id=aigaiotv1" "Lavf/58.45.100" "tna5.bozztv.com"
95.129.46.151 - - [28/Apr/2024:04:25:17 -0400] "GET /aigaiotv1/index.m3u8 HTTP/1.1" 206 5908 "https://ssh101.com/securelive/index.php?id=aigaiotv1" "Lavf/58.45.100" "tna5.bozztv.com"
95.129.46.151 - - [28/Apr/2024:04:25:18 -0400] "GET /aigaiotv1/41943.ts HTTP/1.1" 206 2044880 "https://ssh101.com/securelive/index.php?id=aigaiotv1" "Lavf/58.45.100" "tna5.bozztv.com"
154.57.7.9 - - [28/Apr/2024:04:25:22 -0400] "GET /aigaiotv1/index.m3u8 HTTP/1.1" 206 5908 "https://ssh101.com/securelive/index.php?id=aigaiotv1" "Lavf/58.45.100" "tna5.bozztv.com"
154.57.7.9 - - [28/Apr/2024:04:25:23 -0400] "GET /aigaiotv1/41943.ts HTTP/1.1" 206 2044880 "https://ssh101.com/securelive/index.php?id=aigaiotv1" "Lavf/58.45.100" "tna5.bozztv.com"
95.129.46.151 - - [28/Apr/2024:04:25:33 -0400] "GET /aigaiotv1/index.m3u8 HTTP/1.1" 206 5908 "https://ssh101.com/securelive/index.php?id=aigaiotv1" "Lavf/58.45.100" "tna5.bozztv.com"
95.129.46.151 - - [28/Apr/2024:04:25:34 -0400] "GET /aigaiotv1/41944.ts HTTP/1.1" 206 2124784 "https://ssh101.com/securelive/index.php?id=aigaiotv1" "Lavf/58.45.100" "tna5.bozztv.com"
154.57.7.9 - - [28/Apr/2024:04:25:38 -0400] "GET /aigaiotv1/index.m3u8 HTTP/1.1" 206 5908 "https://ssh101.com/securelive/index.php?id=aigaiotv1" "Lavf/58.45.100" "tna5.bozztv.com"
154.57.7.9 - - [28/Apr/2024:04:25:39 -0400] "GET /aigaiotv1/41945.ts HTTP/1.1" 206 2108240 "https://ssh101.com/securelive/index.php?id=aigaiotv1" "Lavf/58.45.100" "tna5.bozztv.com"
162.212.176.104 - - [28/Apr/2024:04:25:45 -0400] "GET /crossdomain.xml HTTP/1.1" 200 296 "-" "Mozilla/5.0 (compatible; PRTG Network Monitor (www.paessler.com); Windows)" "tna5.bozztv.com"
51.159.220.243 - - [28/Apr/2024:04:25:46 -0400] "GET /siciliaunostreaming/index.m3u8 HTTP/1.1" 404 228 "-" "Mozilla/5.0" "tna5.bozztv.com"
95.129.46.151 - - [28/Apr/2024:04:25:49 -0400] "GET /aigaiotv1/index.m3u8 HTTP/1.1" 206 5775 "https://ssh101.com/securelive/index.php?id=aigaiotv1" "Lavf/58.45.100" "tna5.bozztv.com"
95.129.46.151 - - [28/Apr/2024:04:25:50 -0400] "GET /aigaiotv1/41946.ts HTTP/1.1" 206 2426144 "https://ssh101.com/securelive/index.php?id=aigaiotv1" "Lavf/58.45.100" "tna5.bozztv.com"
154.57.7.9 - - [28/Apr/2024:04:25:55 -0400] "GET /aigaiotv1/index.m3u8 HTTP/1.1" 206 5775 "https://ssh101.com/securelive/index.php?id=aigaiotv1" "Lavf/58.45.100" "tna5.bozztv.com"
154.57.7.9 - - [28/Apr/2024:04:25:56 -0400] "GET /aigaiotv1/41946.ts HTTP/1.1" 206 2426144 "https://ssh101.com/securelive/index.php?id=aigaiotv1" "Lavf/58.45.100" "tna5.bozztv.com"
62.210.125.163 - - [28/Apr/2024:04:26:03 -0400] "GET /ALBANIANTVUSA/index.m3u8 HTTP/1.1" 404 222 "-" "AppleCoreMedia/1.0.0.9A405 (iPad; U; CPU OS 5_0_1 like Mac OS X; zh_cn)" "tna5.bozztv.com"
95.129.46.151 - - [28/Apr/2024:04:26:05 -0400] "GET /aigaiotv1/index.m3u8 HTTP/1.1" 206 5908 "https://ssh101.com/securelive/index.php?id=aigaiotv1" "Lavf/58.45.100" "tna5.bozztv.com"
95.129.46.151 - - [28/Apr/2024:04:26:06 -0400] "GET /aigaiotv1/41947.ts HTTP/1.1" 206 2090944 "https://ssh101.com/securelive/index.php?id=aigaiotv1" "Lavf/58.45.100" "tna5.bozztv.com"
154.57.7.9 - - [28/Apr/2024:04:26:11 -0400] "GET /aigaiotv1/index.m3u8 HTTP/1.1" 206 5908 "https://ssh101.com/securelive/index.php?id=aigaiotv1" "Lavf/58.45.100" "tna5.bozztv.com"
154.57.7.9 - - [28/Apr/2024:04:26:12 -0400] "GET /aigaiotv1/41948.ts HTTP/1.1" 206 2103920 "https://ssh101.com/securelive/index.php?id=aigaiotv1" "Lavf/58.45.100" "tna5.bozztv.com"
95.129.46.151 - - [28/Apr/2024:04:26:21 -0400] "GET /aigaiotv1/index.m3u8 HTTP/1.1" 206 5908 "https://ssh101.com/securelive/index.php?id=aigaiotv1" "Lavf/58.45.100" "tna5.bozztv.com"
95.129.46.151 - - [28/Apr/2024:04:26:22 -0400] "GET /aigaiotv1/41949.ts HTTP/1.1" 206 2096960 "https://ssh101.com/securelive/index.php?id=aigaiotv1" "Lavf/58.45.100" "tna5.bozztv.com"
154.57.7.9 - - [28/Apr/2024:04:26:27 -0400] "GET /aigaiotv1/index.m3u8 HTTP/1.1" 206 5908 "https://ssh101.com/securelive/index.php?id=aigaiotv1" "Lavf/58.45.100" "tna5.bozztv.com"
154.57.7.9 - - [28/Apr/2024:04:26:28 -0400] "GET /aigaiotv1/41950.ts HTTP/1.1" 206 2096592 "https://ssh101.com/securelive/index.php?id=aigaiotv1" "Lavf/58.45.100" "tna5.bozztv.com"
95.129.46.151 - - [28/Apr/2024:04:26:37 -0400] "GET /aigaiotv1/index.m3u8 HTTP/1.1" 206 5908 "https://ssh101.com/securelive/index.php?id=aigaiotv1" "Lavf/58.45.100" "tna5.bozztv.com"
83.97.73.245 - - [28/Apr/2024:04:26:37 -0400] "POST /vendor/phpunit/phpunit/src/Util/PHP/eval-stdin.php HTTP/1.1" 302 259 "-" "Mozilla/5.0 (Windows NT 10.0; Win64; x64) AppleWebKit/537.36 (KHTML, like Gecko) Chrome/78.0.3904.108 Safari/537.36" "208.79.153.189:80"
95.129.46.151 - - [28/Apr/2024:04:26:38 -0400] "GET /aigaiotv1/41951.ts HTTP/1.1" 206 2101104 "https://ssh101.com/securelive/index.php?id=aigaiotv1" "Lavf/58.45.100" "tna5.bozztv.com"
154.57.7.9 - - [28/Apr/2024:04:26:43 -0400] "GET /aigaiotv1/index.m3u8 HTTP/1.1" 206 5908 "https://ssh101.com/securelive/index.php?id=aigaiotv1" "Lavf/58.45.100" "tna5.bozztv.com"
162.212.176.104 - - [28/Apr/2024:04:26:45 -0400] "GET /crossdomain.xml HTTP/1.1" 200 296 "-" "Mozilla/5.0 (compatible; PRTG Network Monitor (www.paessler.com); Windows)" "tna5.bozztv.com"
154.57.7.9 - - [28/Apr/2024:04:26:44 -0400] "GET /aigaiotv1/41951.ts HTTP/1.1" 206 2101104 "https://ssh101.com/securelive/index.php?id=aigaiotv1" "Lavf/58.45.100" "tna5.bozztv.com"
95.129.46.151 - - [28/Apr/2024:04:26:53 -0400] "GET /aigaiotv1/index.m3u8 HTTP/1.1" 206 5908 "https://ssh101.com/securelive/index.php?id=aigaiotv1" "Lavf/58.45.100" "tna5.bozztv.com"
95.129.46.151 - - [28/Apr/2024:04:26:54 -0400] "GET /aigaiotv1/41952.ts HTTP/1.1" 206 2104672 "https://ssh101.com/securelive/index.php?id=aigaiotv1" "Lavf/58.45.100" "tna5.bozztv.com"
154.57.7.9 - - [28/Apr/2024:04:27:00 -0400] "GET /aigaiotv1/index.m3u8 HTTP/1.1" 206 5908 "https://ssh101.com/securelive/index.php?id=aigaiotv1" "Lavf/58.45.100" "tna5.bozztv.com"
62.210.125.163 - - [28/Apr/2024:04:27:03 -0400] "GET /ALBANIANTVUSA/index.m3u8 HTTP/1.1" 404 222 "-" "AppleCoreMedia/1.0.0.9A405 (iPad; U; CPU OS 5_0_1 like Mac OS X; zh_cn)" "tna5.bozztv.com"
154.57.7.9 - - [28/Apr/2024:04:27:01 -0400] "GET /aigaiotv1/41953.ts HTTP/1.1" 206 2068192 "https://ssh101.com/securelive/index.php?id=aigaiotv1" "Lavf/58.45.100" "tna5.bozztv.com"
95.129.46.151 - - [28/Apr/2024:04:27:09 -0400] "GET /aigaiotv1/index.m3u8 HTTP/1.1" 206 5908 "https://ssh101.com/securelive/index.php?id=aigaiotv1" "Lavf/58.45.100" "tna5.bozztv.com"
95.129.46.151 - - [28/Apr/2024:04:27:10 -0400] "GET /aigaiotv1/41954.ts HTTP/1.1" 206 2127040 "https://ssh101.com/securelive/index.php?id=aigaiotv1" "Lavf/58.45.100" "tna5.bozztv.com"
154.57.7.9 - - [28/Apr/2024:04:27:16 -0400] "GET /aigaiotv1/index.m3u8 HTTP/1.1" 206 5908 "https://ssh101.com/securelive/index.php?id=aigaiotv1" "Lavf/58.45.100" "tna5.bozztv.com"
167.235.145.0 - - [28/Apr/2024:04:27:20 -0400] "GET /jesstv/index.m3u8 HTTP/1.1" 404 215 "-" "Mozilla/5.0 (Windows NT 10.0; Win64; x64) AppleWebKit/537.36 (KHTML, like Gecko) Chrome/112.0.0.0 Safari/537.36" "tna5.bozztv.com"
167.235.145.0 - - [28/Apr/2024:04:27:22 -0400] "GET /jesstv/index.m3u8 HTTP/1.1" 404 215 "-" "Mozilla/5.0 (Windows NT 10.0; Win64; x64) AppleWebKit/537.36 (KHTML, like Gecko) Chrome/112.0.0.0 Safari/537.36" "tna5.bozztv.com"
154.57.7.9 - - [28/Apr/2024:04:27:17 -0400] "GET /aigaiotv1/41955.ts HTTP/1.1" 206 2098656 "https://ssh101.com/securelive/index.php?id=aigaiotv1" "Lavf/58.45.100" "tna5.bozztv.com"
95.129.46.151 - - [28/Apr/2024:04:27:25 -0400] "GET /aigaiotv1/index.m3u8 HTTP/1.1" 206 5908 "https://ssh101.com/securelive/index.php?id=aigaiotv1" "Lavf/58.45.100" "tna5.bozztv.com"
95.129.46.151 - - [28/Apr/2024:04:27:26 -0400] "GET /aigaiotv1/41956.ts HTTP/1.1" 206 2040944 "https://ssh101.com/securelive/index.php?id=aigaiotv1" "Lavf/58.45.100" "tna5.bozztv.com"
154.57.7.9 - - [28/Apr/2024:04:27:33 -0400] "GET /aigaiotv1/index.m3u8 HTTP/1.1" 206 5908 "https://ssh101.com/securelive/index.php?id=aigaiotv1" "Lavf/58.45.100" "tna5.bozztv.com"
154.57.7.9 - - [28/Apr/2024:04:27:34 -0400] "GET /aigaiotv1/41956.ts HTTP/1.1" 206 2040944 "https://ssh101.com/securelive/index.php?id=aigaiotv1" "Lavf/58.45.100" "tna5.bozztv.com"
95.129.46.151 - - [28/Apr/2024:04:27:41 -0400] "GET /aigaiotv1/index.m3u8 HTTP/1.1" 206 5908 "https://ssh101.com/securelive/index.php?id=aigaiotv1" "Lavf/58.45.100" "tna5.bozztv.com"
162.212.176.104 - - [28/Apr/2024:04:27:45 -0400] "GET /crossdomain.xml HTTP/1.1" 200 296 "-" "Mozilla/5.0 (compatible; PRTG Network Monitor (www.paessler.com); Windows)" "tna5.bozztv.com"
95.129.46.151 - - [28/Apr/2024:04:27:42 -0400] "GET /aigaiotv1/41957.ts HTTP/1.1" 206 2008224 "https://ssh101.com/securelive/index.php?id=aigaiotv1" "Lavf/58.45.100" "tna5.bozztv.com"
154.57.7.9 - - [28/Apr/2024:04:27:49 -0400] "GET /aigaiotv1/index.m3u8 HTTP/1.1" 206 5908 "https://ssh101.com/securelive/index.php?id=aigaiotv1" "Lavf/58.45.100" "tna5.bozztv.com"
154.57.7.9 - - [28/Apr/2024:04:27:50 -0400] "GET /aigaiotv1/41958.ts HTTP/1.1" 206 1993568 "https://ssh101.com/securelive/index.php?id=aigaiotv1" "Lavf/58.45.100" "tna5.bozztv.com"
95.129.46.151 - - [28/Apr/2024:04:27:58 -0400] "GET /aigaiotv1/index.m3u8 HTTP/1.1" 206 5908 "https://ssh101.com/securelive/index.php?id=aigaiotv1" "Lavf/58.45.100" "tna5.bozztv.com"
62.210.125.163 - - [28/Apr/2024:04:28:03 -0400] "GET /ALBANIANTVUSA/index.m3u8 HTTP/1.1" 404 222 "-" "AppleCoreMedia/1.0.0.9A405 (iPad; U; CPU OS 5_0_1 like Mac OS X; zh_cn)" "tna5.bozztv.com"
95.129.46.151 - - [28/Apr/2024:04:27:59 -0400] "GET /aigaiotv1/41959.ts HTTP/1.1" 206 2131936 "https://ssh101.com/securelive/index.php?id=aigaiotv1" "Lavf/58.45.100" "tna5.bozztv.com"
154.57.7.9 - - [28/Apr/2024:04:28:05 -0400] "GET /aigaiotv1/index.m3u8 HTTP/1.1" 206 5908 "https://ssh101.com/securelive/index.php?id=aigaiotv1" "Lavf/58.45.100" "tna5.bozztv.com"
154.57.7.9 - - [28/Apr/2024:04:28:06 -0400] "GET /aigaiotv1/41960.ts HTTP/1.1" 206 2105616 "https://ssh101.com/securelive/index.php?id=aigaiotv1" "Lavf/58.45.100" "tna5.bozztv.com"
95.129.46.151 - - [28/Apr/2024:04:28:14 -0400] "GET /aigaiotv1/index.m3u8 HTTP/1.1" 206 5908 "https://ssh101.com/securelive/index.php?id=aigaiotv1" "Lavf/58.45.100" "tna5.bozztv.com"
95.129.46.151 - - [28/Apr/2024:04:28:15 -0400] "GET /aigaiotv1/41960.ts HTTP/1.1" 206 2105616 "https://ssh101.com/securelive/index.php?id=aigaiotv1" "Lavf/58.45.100" "tna5.bozztv.com"
154.57.7.9 - - [28/Apr/2024:04:28:21 -0400] "GET /aigaiotv1/index.m3u8 HTTP/1.1" 206 5908 "https://ssh101.com/securelive/index.php?id=aigaiotv1" "Lavf/58.45.100" "tna5.bozztv.com"
154.57.7.9 - - [28/Apr/2024:04:28:23 -0400] "GET /aigaiotv1/41961.ts HTTP/1.1" 206 2110128 "https://ssh101.com/securelive/index.php?id=aigaiotv1" "Lavf/58.45.100" "tna5.bozztv.com"
95.129.46.151 - - [28/Apr/2024:04:28:30 -0400] "GET /aigaiotv1/index.m3u8 HTTP/1.1" 206 5908 "https://ssh101.com/securelive/index.php?id=aigaiotv1" "Lavf/58.45.100" "tna5.bozztv.com"
95.129.46.151 - - [28/Apr/2024:04:28:31 -0400] "GET /aigaiotv1/41962.ts HTTP/1.1" 206 2096208 "https://ssh101.com/securelive/index.php?id=aigaiotv1" "Lavf/58.45.100" "tna5.bozztv.com"
154.57.7.9 - - [28/Apr/2024:04:28:38 -0400] "GET /aigaiotv1/index.m3u8 HTTP/1.1" 206 5908 "https://ssh101.com/securelive/index.php?id=aigaiotv1" "Lavf/58.45.100" "tna5.bozztv.com"
154.57.7.9 - - [28/Apr/2024:04:28:39 -0400] "GET /aigaiotv1/41963.ts HTTP/1.1" 206 2108992 "https://ssh101.com/securelive/index.php?id=aigaiotv1" "Lavf/58.45.100" "tna5.bozztv.com"
162.212.176.104 - - [28/Apr/2024:04:28:45 -0400] "GET /crossdomain.xml HTTP/1.1" 200 296 "-" "Mozilla/5.0 (compatible; PRTG Network Monitor (www.paessler.com); Windows)" "tna5.bozztv.com"
95.129.46.151 - - [28/Apr/2024:04:28:46 -0400] "GET /aigaiotv1/index.m3u8 HTTP/1.1" 206 5908 "https://ssh101.com/securelive/index.php?id=aigaiotv1" "Lavf/58.45.100" "tna5.bozztv.com"
95.129.46.151 - - [28/Apr/2024:04:28:47 -0400] "GET /aigaiotv1/41964.ts HTTP/1.1" 206 2101856 "https://ssh101.com/securelive/index.php?id=aigaiotv1" "Lavf/58.45.100" "tna5.bozztv.com"
154.57.7.9 - - [28/Apr/2024:04:28:54 -0400] "GET /aigaiotv1/index.m3u8 HTTP/1.1" 206 5908 "https://ssh101.com/securelive/index.php?id=aigaiotv1" "Lavf/58.45.100" "tna5.bozztv.com"
154.57.7.9 - - [28/Apr/2024:04:28:55 -0400] "GET /aigaiotv1/41964.ts HTTP/1.1" 206 2101856 "https://ssh101.com/securelive/index.php?id=aigaiotv1" "Lavf/58.45.100" "tna5.bozztv.com"
95.129.46.151 - - [28/Apr/2024:04:29:02 -0400] "GET /aigaiotv1/index.m3u8 HTTP/1.1" 206 5908 "https://ssh101.com/securelive/index.php?id=aigaiotv1" "Lavf/58.45.100" "tna5.bozztv.com"
62.210.125.163 - - [28/Apr/2024:04:29:03 -0400] "GET /ALBANIANTVUSA/index.m3u8 HTTP/1.1" 404 222 "-" "AppleCoreMedia/1.0.0.9A405 (iPad; U; CPU OS 5_0_1 like Mac OS X; zh_cn)" "tna5.bozztv.com"
95.129.46.151 - - [28/Apr/2024:04:29:04 -0400] "GET /aigaiotv1/41965.ts HTTP/1.1" 206 2114816 "https://ssh101.com/securelive/index.php?id=aigaiotv1" "Lavf/58.45.100" "tna5.bozztv.com"
154.57.7.9 - - [28/Apr/2024:04:29:11 -0400] "GET /aigaiotv1/index.m3u8 HTTP/1.1" 206 5775 "https://ssh101.com/securelive/index.php?id=aigaiotv1" "Lavf/58.45.100" "tna5.bozztv.com"
154.57.7.9 - - [28/Apr/2024:04:29:12 -0400] "GET /aigaiotv1/41966.ts HTTP/1.1" 206 2079472 "https://ssh101.com/securelive/index.php?id=aigaiotv1" "Lavf/58.45.100" "tna5.bozztv.com"
95.129.46.151 - - [28/Apr/2024:04:29:19 -0400] "GET /aigaiotv1/index.m3u8 HTTP/1.1" 206 5908 "https://ssh101.com/securelive/index.php?id=aigaiotv1" "Lavf/58.45.100" "tna5.bozztv.com"
95.129.46.151 - - [28/Apr/2024:04:29:20 -0400] "GET /aigaiotv1/41967.ts HTTP/1.1" 206 2111056 "https://ssh101.com/securelive/index.php?id=aigaiotv1" "Lavf/58.45.100" "tna5.bozztv.com"
154.57.7.9 - - [28/Apr/2024:04:29:27 -0400] "GET /aigaiotv1/index.m3u8 HTTP/1.1" 206 5908 "https://ssh101.com/securelive/index.php?id=aigaiotv1" "Lavf/58.45.100" "tna5.bozztv.com"
154.57.7.9 - - [28/Apr/2024:04:29:28 -0400] "GET /aigaiotv1/41968.ts HTTP/1.1" 206 2095456 "https://ssh101.com/securelive/index.php?id=aigaiotv1" "Lavf/58.45.100" "tna5.bozztv.com"
95.129.46.151 - - [28/Apr/2024:04:29:35 -0400] "GET /aigaiotv1/index.m3u8 HTTP/1.1" 206 5908 "https://ssh101.com/securelive/index.php?id=aigaiotv1" "Lavf/58.45.100" "tna5.bozztv.com"
46.182.110.134 - - [28/Apr/2024:04:29:36 -0400] "GET /TACusa/index.m3u8 HTTP/1.1" 404 215 "-" "Streamer 24.02" "tna5.bozztv.com"
95.129.46.151 - - [28/Apr/2024:04:29:36 -0400] "GET /aigaiotv1/41968.ts HTTP/1.1" 206 2095456 "https://ssh101.com/securelive/index.php?id=aigaiotv1" "Lavf/58.45.100" "tna5.bozztv.com"
154.246.51.69 - - [28/Apr/2024:04:29:43 -0400] "GET /Conectatvmexico/index.m3u8 HTTP/1.1" 404 224 "-" "Mozilla/5.0 (Linux; Android 6.0; Nexus 5 Build/MRA58N) AppleWebKit/537.36 (KHTML, like Gecko) Chrome/121.0.0.0 Mobile Safari/537.36" "tna5.bozztv.com"
154.57.7.9 - - [28/Apr/2024:04:29:43 -0400] "GET /aigaiotv1/index.m3u8 HTTP/1.1" 206 5908 "https://ssh101.com/securelive/index.php?id=aigaiotv1" "Lavf/58.45.100" "tna5.bozztv.com"
154.246.51.69 - - [28/Apr/2024:04:29:43 -0400] "GET /Conectatvmexico/index.m3u8 HTTP/1.1" 404 224 "-" "Mozilla/5.0 (Linux; Android 6.0; Nexus 5 Build/MRA58N) AppleWebKit/537.36 (KHTML, like Gecko) Chrome/121.0.0.0 Mobile Safari/537.36" "tna5.bozztv.com"
162.212.176.104 - - [28/Apr/2024:04:29:45 -0400] "GET /crossdomain.xml HTTP/1.1" 200 296 "-" "Mozilla/5.0 (compatible; PRTG Network Monitor (www.paessler.com); Windows)" "tna5.bozztv.com"
154.246.51.69 - - [28/Apr/2024:04:29:45 -0400] "GET /Conectatvmexico/index.m3u8 HTTP/1.1" 404 224 "-" "Mozilla/5.0 (Linux; Android 6.0; Nexus 5 Build/MRA58N) AppleWebKit/537.36 (KHTML, like Gecko) Chrome/121.0.0.0 Mobile Safari/537.36" "tna5.bozztv.com"
154.246.51.69 - - [28/Apr/2024:04:29:48 -0400] "GET /Conectatvmexico/index.m3u8 HTTP/1.1" 404 224 "-" "Mozilla/5.0 (Linux; Android 6.0; Nexus 5 Build/MRA58N) AppleWebKit/537.36 (KHTML, like Gecko) Chrome/121.0.0.0 Mobile Safari/537.36" "tna5.bozztv.com"
154.57.7.9 - - [28/Apr/2024:04:29:44 -0400] "GET /aigaiotv1/41969.ts HTTP/1.1" 206 2109552 "https://ssh101.com/securelive/index.php?id=aigaiotv1" "Lavf/58.45.100" "tna5.bozztv.com"
95.129.46.151 - - [28/Apr/2024:04:29:51 -0400] "GET /aigaiotv1/index.m3u8 HTTP/1.1" 206 5908 "https://ssh101.com/securelive/index.php?id=aigaiotv1" "Lavf/58.45.100" "tna5.bozztv.com"
138.201.221.138 - - [28/Apr/2024:04:29:56 -0400] "GET /Cusco/index.m3u8 HTTP/1.1" 404 214 "-" "Mozilla/5.0" "tna5.bozztv.com"
95.129.46.151 - - [28/Apr/2024:04:29:52 -0400] "GET /aigaiotv1/41970.ts HTTP/1.1" 206 2085680 "https://ssh101.com/securelive/index.php?id=aigaiotv1" "Lavf/58.45.100" "tna5.bozztv.com"
154.57.7.9 - - [28/Apr/2024:04:29:59 -0400] "GET /aigaiotv1/index.m3u8 HTTP/1.1" 206 5908 "https://ssh101.com/securelive/index.php?id=aigaiotv1" "Lavf/58.45.100" "tna5.bozztv.com"
62.210.125.163 - - [28/Apr/2024:04:30:04 -0400] "GET /ALBANIANTVUSA/index.m3u8 HTTP/1.1" 404 222 "-" "AppleCoreMedia/1.0.0.9A405 (iPad; U; CPU OS 5_0_1 like Mac OS X; zh_cn)" "tna5.bozztv.com"
154.57.7.9 - - [28/Apr/2024:04:30:01 -0400] "GET /aigaiotv1/41971.ts HTTP/1.1" 206 2008976 "https://ssh101.com/securelive/index.php?id=aigaiotv1" "Lavf/58.45.100" "tna5.bozztv.com"
95.129.46.151 - - [28/Apr/2024:04:30:07 -0400] "GET /aigaiotv1/index.m3u8 HTTP/1.1" 206 5908 "https://ssh101.com/securelive/index.php?id=aigaiotv1" "Lavf/58.45.100" "tna5.bozztv.com"
95.129.46.151 - - [28/Apr/2024:04:30:08 -0400] "GET /aigaiotv1/41972.ts HTTP/1.1" 206 2086992 "https://ssh101.com/securelive/index.php?id=aigaiotv1" "Lavf/58.45.100" "tna5.bozztv.com"
154.57.7.9 - - [28/Apr/2024:04:30:16 -0400] "GET /aigaiotv1/index.m3u8 HTTP/1.1" 206 5908 "https://ssh101.com/securelive/index.php?id=aigaiotv1" "Lavf/58.45.100" "tna5.bozztv.com"
154.57.7.9 - - [28/Apr/2024:04:30:17 -0400] "GET /aigaiotv1/41973.ts HTTP/1.1" 206 2090576 "https://ssh101.com/securelive/index.php?id=aigaiotv1" "Lavf/58.45.100" "tna5.bozztv.com"
95.129.46.151 - - [28/Apr/2024:04:30:23 -0400] "GET /aigaiotv1/index.m3u8 HTTP/1.1" 206 5908 "https://ssh101.com/securelive/index.php?id=aigaiotv1" "Lavf/58.45.100" "tna5.bozztv.com"
95.129.46.151 - - [28/Apr/2024:04:30:24 -0400] "GET /aigaiotv1/41973.ts HTTP/1.1" 206 2090576 "https://ssh101.com/securelive/index.php?id=aigaiotv1" "Lavf/58.45.100" "tna5.bozztv.com"
154.57.7.9 - - [28/Apr/2024:04:30:32 -0400] "GET /aigaiotv1/index.m3u8 HTTP/1.1" 206 5908 "https://ssh101.com/securelive/index.php?id=aigaiotv1" "Lavf/58.45.100" "tna5.bozztv.com"
154.57.7.9 - - [28/Apr/2024:04:30:33 -0400] "GET /aigaiotv1/41974.ts HTTP/1.1" 206 2116896 "https://ssh101.com/securelive/index.php?id=aigaiotv1" "Lavf/58.45.100" "tna5.bozztv.com"
95.129.46.151 - - [28/Apr/2024:04:30:39 -0400] "GET /aigaiotv1/index.m3u8 HTTP/1.1" 206 5908 "https://ssh101.com/securelive/index.php?id=aigaiotv1" "Lavf/58.45.100" "tna5.bozztv.com"
162.212.176.104 - - [28/Apr/2024:04:30:45 -0400] "GET /crossdomain.xml HTTP/1.1" 200 296 "-" "Mozilla/5.0 (compatible; PRTG Network Monitor (www.paessler.com); Windows)" "tna5.bozztv.com"
95.129.46.151 - - [28/Apr/2024:04:30:40 -0400] "GET /aigaiotv1/41975.ts HTTP/1.1" 206 2064064 "https://ssh101.com/securelive/index.php?id=aigaiotv1" "Lavf/58.45.100" "tna5.bozztv.com"
154.57.7.9 - - [28/Apr/2024:04:30:48 -0400] "GET /aigaiotv1/index.m3u8 HTTP/1.1" 206 5908 "https://ssh101.com/securelive/index.php?id=aigaiotv1" "Lavf/58.45.100" "tna5.bozztv.com"
154.57.7.9 - - [28/Apr/2024:04:30:49 -0400] "GET /aigaiotv1/41976.ts HTTP/1.1" 206 2043952 "https://ssh101.com/securelive/index.php?id=aigaiotv1" "Lavf/58.45.100" "tna5.bozztv.com"
95.129.46.151 - - [28/Apr/2024:04:30:55 -0400] "GET /aigaiotv1/index.m3u8 HTTP/1.1" 206 5908 "https://ssh101.com/securelive/index.php?id=aigaiotv1" "Lavf/58.45.100" "tna5.bozztv.com"
95.129.46.151 - - [28/Apr/2024:04:30:56 -0400] "GET /aigaiotv1/41977.ts HTTP/1.1" 206 2013488 "https://ssh101.com/securelive/index.php?id=aigaiotv1" "Lavf/58.45.100" "tna5.bozztv.com"
62.210.125.163 - - [28/Apr/2024:04:31:03 -0400] "GET /ALBANIANTVUSA/index.m3u8 HTTP/1.1" 404 222 "-" "AppleCoreMedia/1.0.0.9A405 (iPad; U; CPU OS 5_0_1 like Mac OS X; zh_cn)" "tna5.bozztv.com"
154.57.7.9 - - [28/Apr/2024:04:31:04 -0400] "GET /aigaiotv1/index.m3u8 HTTP/1.1" 206 5908 "https://ssh101.com/securelive/index.php?id=aigaiotv1" "Lavf/58.45.100" "tna5.bozztv.com"
154.57.7.9 - - [28/Apr/2024:04:31:05 -0400] "GET /aigaiotv1/41977.ts HTTP/1.1" 206 2013488 "https://ssh101.com/securelive/index.php?id=aigaiotv1" "Lavf/58.45.100" "tna5.bozztv.com"
95.129.46.151 - - [28/Apr/2024:04:31:12 -0400] "GET /aigaiotv1/index.m3u8 HTTP/1.1" 206 5908 "https://ssh101.com/securelive/index.php?id=aigaiotv1" "Lavf/58.45.100" "tna5.bozztv.com"
95.129.46.151 - - [28/Apr/2024:04:31:13 -0400] "GET /aigaiotv1/41978.ts HTTP/1.1" 206 2109552 "https://ssh101.com/securelive/index.php?id=aigaiotv1" "Lavf/58.45.100" "tna5.bozztv.com"
154.57.7.9 - - [28/Apr/2024:04:31:20 -0400] "GET /aigaiotv1/index.m3u8 HTTP/1.1" 206 5908 "https://ssh101.com/securelive/index.php?id=aigaiotv1" "Lavf/58.45.100" "tna5.bozztv.com"
154.57.7.9 - - [28/Apr/2024:04:31:22 -0400] "GET /aigaiotv1/41979.ts HTTP/1.1" 206 2104480 "https://ssh101.com/securelive/index.php?id=aigaiotv1" "Lavf/58.45.100" "tna5.bozztv.com"
95.129.46.151 - - [28/Apr/2024:04:31:28 -0400] "GET /aigaiotv1/index.m3u8 HTTP/1.1" 206 5908 "https://ssh101.com/securelive/index.php?id=aigaiotv1" "Lavf/58.45.100" "tna5.bozztv.com"
95.129.46.151 - - [28/Apr/2024:04:31:29 -0400] "GET /aigaiotv1/41980.ts HTTP/1.1" 206 2107872 "https://ssh101.com/securelive/index.php?id=aigaiotv1" "Lavf/58.45.100" "tna5.bozztv.com"
154.57.7.9 - - [28/Apr/2024:04:31:37 -0400] "GET /aigaiotv1/index.m3u8 HTTP/1.1" 206 5908 "https://ssh101.com/securelive/index.php?id=aigaiotv1" "Lavf/58.45.100" "tna5.bozztv.com"
154.57.7.9 - - [28/Apr/2024:04:31:38 -0400] "GET /aigaiotv1/41981.ts HTTP/1.1" 206 2099216 "https://ssh101.com/securelive/index.php?id=aigaiotv1" "Lavf/58.45.100" "tna5.bozztv.com"
95.129.46.151 - - [28/Apr/2024:04:31:44 -0400] "GET /aigaiotv1/index.m3u8 HTTP/1.1" 206 5908 "https://ssh101.com/securelive/index.php?id=aigaiotv1" "Lavf/58.45.100" "tna5.bozztv.com"
162.212.176.104 - - [28/Apr/2024:04:31:45 -0400] "GET /crossdomain.xml HTTP/1.1" 200 296 "-" "Mozilla/5.0 (compatible; PRTG Network Monitor (www.paessler.com); Windows)" "tna5.bozztv.com"
95.129.46.151 - - [28/Apr/2024:04:31:45 -0400] "GET /aigaiotv1/41981.ts HTTP/1.1" 206 2099216 "https://ssh101.com/securelive/index.php?id=aigaiotv1" "Lavf/58.45.100" "tna5.bozztv.com"
154.57.7.9 - - [28/Apr/2024:04:31:53 -0400] "GET /aigaiotv1/index.m3u8 HTTP/1.1" 206 5908 "https://ssh101.com/securelive/index.php?id=aigaiotv1" "Lavf/58.45.100" "tna5.bozztv.com"
154.57.7.9 - - [28/Apr/2024:04:31:54 -0400] "GET /aigaiotv1/41982.ts HTTP/1.1" 206 2090384 "https://ssh101.com/securelive/index.php?id=aigaiotv1" "Lavf/58.45.100" "tna5.bozztv.com"
95.129.46.151 - - [28/Apr/2024:04:32:00 -0400] "GET /aigaiotv1/index.m3u8 HTTP/1.1" 206 5908 "https://ssh101.com/securelive/index.php?id=aigaiotv1" "Lavf/58.45.100" "tna5.bozztv.com"
62.210.125.163 - - [28/Apr/2024:04:32:03 -0400] "GET /ALBANIANTVUSA/index.m3u8 HTTP/1.1" 404 222 "-" "AppleCoreMedia/1.0.0.9A405 (iPad; U; CPU OS 5_0_1 like Mac OS X; zh_cn)" "tna5.bozztv.com"
95.129.46.151 - - [28/Apr/2024:04:32:01 -0400] "GET /aigaiotv1/41983.ts HTTP/1.1" 206 2100160 "https://ssh101.com/securelive/index.php?id=aigaiotv1" "Lavf/58.45.100" "tna5.bozztv.com"
154.57.7.9 - - [28/Apr/2024:04:32:09 -0400] "GET /aigaiotv1/index.m3u8 HTTP/1.1" 206 5908 "https://ssh101.com/securelive/index.php?id=aigaiotv1" "Lavf/58.45.100" "tna5.bozztv.com"
154.57.7.9 - - [28/Apr/2024:04:32:10 -0400] "GET /aigaiotv1/41984.ts HTTP/1.1" 206 2105616 "https://ssh101.com/securelive/index.php?id=aigaiotv1" "Lavf/58.45.100" "tna5.bozztv.com"
95.129.46.151 - - [28/Apr/2024:04:32:16 -0400] "GET /aigaiotv1/index.m3u8 HTTP/1.1" 206 5908 "https://ssh101.com/securelive/index.php?id=aigaiotv1" "Lavf/58.45.100" "tna5.bozztv.com"
95.129.46.151 - - [28/Apr/2024:04:32:17 -0400] "GET /aigaiotv1/41985.ts HTTP/1.1" 206 2077792 "https://ssh101.com/securelive/index.php?id=aigaiotv1" "Lavf/58.45.100" "tna5.bozztv.com"
154.57.7.9 - - [28/Apr/2024:04:32:25 -0400] "GET /aigaiotv1/index.m3u8 HTTP/1.1" 206 5775 "https://ssh101.com/securelive/index.php?id=aigaiotv1" "Lavf/58.45.100" "tna5.bozztv.com"
154.57.7.9 - - [28/Apr/2024:04:32:27 -0400] "GET /aigaiotv1/41986.ts HTTP/1.1" 206 2110128 "https://ssh101.com/securelive/index.php?id=aigaiotv1" "Lavf/58.45.100" "tna5.bozztv.com"
95.129.46.151 - - [28/Apr/2024:04:32:32 -0400] "GET /aigaiotv1/index.m3u8 HTTP/1.1" 206 5775 "https://ssh101.com/securelive/index.php?id=aigaiotv1" "Lavf/58.45.100" "tna5.bozztv.com"
95.129.46.151 - - [28/Apr/2024:04:32:33 -0400] "GET /aigaiotv1/41986.ts HTTP/1.1" 206 2110128 "https://ssh101.com/securelive/index.php?id=aigaiotv1" "Lavf/58.45.100" "tna5.bozztv.com"
154.57.7.9 - - [28/Apr/2024:04:32:42 -0400] "GET /aigaiotv1/index.m3u8 HTTP/1.1" 206 5908 "https://ssh101.com/securelive/index.php?id=aigaiotv1" "Lavf/58.45.100" "tna5.bozztv.com"
162.212.176.104 - - [28/Apr/2024:04:32:45 -0400] "GET /crossdomain.xml HTTP/1.1" 200 296 "-" "Mozilla/5.0 (compatible; PRTG Network Monitor (www.paessler.com); Windows)" "tna5.bozztv.com"
154.57.7.9 - - [28/Apr/2024:04:32:43 -0400] "GET /aigaiotv1/41987.ts HTTP/1.1" 206 2099600 "https://ssh101.com/securelive/index.php?id=aigaiotv1" "Lavf/58.45.100" "tna5.bozztv.com"
95.129.46.151 - - [28/Apr/2024:04:32:48 -0400] "GET /aigaiotv1/index.m3u8 HTTP/1.1" 206 5908 "https://ssh101.com/securelive/index.php?id=aigaiotv1" "Lavf/58.45.100" "tna5.bozztv.com"
95.129.46.151 - - [28/Apr/2024:04:32:49 -0400] "GET /aigaiotv1/41988.ts HTTP/1.1" 206 2058048 "https://ssh101.com/securelive/index.php?id=aigaiotv1" "Lavf/58.45.100" "tna5.bozztv.com"
154.57.7.9 - - [28/Apr/2024:04:32:58 -0400] "GET /aigaiotv1/index.m3u8 HTTP/1.1" 206 5908 "https://ssh101.com/securelive/index.php?id=aigaiotv1" "Lavf/58.45.100" "tna5.bozztv.com"
62.210.125.163 - - [28/Apr/2024:04:33:03 -0400] "GET /ALBANIANTVUSA/index.m3u8 HTTP/1.1" 404 222 "-" "AppleCoreMedia/1.0.0.9A405 (iPad; U; CPU OS 5_0_1 like Mac OS X; zh_cn)" "tna5.bozztv.com"
154.57.7.9 - - [28/Apr/2024:04:32:59 -0400] "GET /aigaiotv1/41989.ts HTTP/1.1" 206 2143024 "https://ssh101.com/securelive/index.php?id=aigaiotv1" "Lavf/58.45.100" "tna5.bozztv.com"
95.129.46.151 - - [28/Apr/2024:04:33:04 -0400] "GET /aigaiotv1/index.m3u8 HTTP/1.1" 206 5908 "https://ssh101.com/securelive/index.php?id=aigaiotv1" "Lavf/58.45.100" "tna5.bozztv.com"
95.129.46.151 - - [28/Apr/2024:04:33:05 -0400] "GET /aigaiotv1/41989.ts HTTP/1.1" 206 2143024 "https://ssh101.com/securelive/index.php?id=aigaiotv1" "Lavf/58.45.100" "tna5.bozztv.com"
154.57.7.9 - - [28/Apr/2024:04:33:14 -0400] "GET /aigaiotv1/index.m3u8 HTTP/1.1" 206 5908 "https://ssh101.com/securelive/index.php?id=aigaiotv1" "Lavf/58.45.100" "tna5.bozztv.com"
154.57.7.9 - - [28/Apr/2024:04:33:15 -0400] "GET /aigaiotv1/41990.ts HTTP/1.1" 206 2052400 "https://ssh101.com/securelive/index.php?id=aigaiotv1" "Lavf/58.45.100" "tna5.bozztv.com"
95.129.46.151 - - [28/Apr/2024:04:33:21 -0400] "GET /aigaiotv1/index.m3u8 HTTP/1.1" 206 5908 "https://ssh101.com/securelive/index.php?id=aigaiotv1" "Lavf/58.45.100" "tna5.bozztv.com"
95.129.46.151 - - [28/Apr/2024:04:33:22 -0400] "GET /aigaiotv1/41991.ts HTTP/1.1" 206 2019696 "https://ssh101.com/securelive/index.php?id=aigaiotv1" "Lavf/58.45.100" "tna5.bozztv.com"
154.57.7.9 - - [28/Apr/2024:04:33:30 -0400] "GET /aigaiotv1/index.m3u8 HTTP/1.1" 206 5908 "https://ssh101.com/securelive/index.php?id=aigaiotv1" "Lavf/58.45.100" "tna5.bozztv.com"
154.57.7.9 - - [28/Apr/2024:04:33:31 -0400] "GET /aigaiotv1/41992.ts HTTP/1.1" 206 1964240 "https://ssh101.com/securelive/index.php?id=aigaiotv1" "Lavf/58.45.100" "tna5.bozztv.com"
95.129.46.151 - - [28/Apr/2024:04:33:37 -0400] "GET /aigaiotv1/index.m3u8 HTTP/1.1" 206 5908 "https://ssh101.com/securelive/index.php?id=aigaiotv1" "Lavf/58.45.100" "tna5.bozztv.com"
95.129.46.151 - - [28/Apr/2024:04:33:38 -0400] "GET /aigaiotv1/41993.ts HTTP/1.1" 206 2107680 "https://ssh101.com/securelive/index.php?id=aigaiotv1" "Lavf/58.45.100" "tna5.bozztv.com"
162.212.176.104 - - [28/Apr/2024:04:33:45 -0400] "GET /crossdomain.xml HTTP/1.1" 200 296 "-" "Mozilla/5.0 (compatible; PRTG Network Monitor (www.paessler.com); Windows)" "tna5.bozztv.com"
154.57.7.9 - - [28/Apr/2024:04:33:46 -0400] "GET /aigaiotv1/index.m3u8 HTTP/1.1" 206 5908 "https://ssh101.com/securelive/index.php?id=aigaiotv1" "Lavf/58.45.100" "tna5.bozztv.com"
154.57.7.9 - - [28/Apr/2024:04:33:47 -0400] "GET /aigaiotv1/41994.ts HTTP/1.1" 206 2101472 "https://ssh101.com/securelive/index.php?id=aigaiotv1" "Lavf/58.45.100" "tna5.bozztv.com"
95.129.46.151 - - [28/Apr/2024:04:33:53 -0400] "GET /aigaiotv1/index.m3u8 HTTP/1.1" 206 5908 "https://ssh101.com/securelive/index.php?id=aigaiotv1" "Lavf/58.45.100" "tna5.bozztv.com"
95.129.46.151 - - [28/Apr/2024:04:33:54 -0400] "GET /aigaiotv1/41994.ts HTTP/1.1" 206 2101472 "https://ssh101.com/securelive/index.php?id=aigaiotv1" "Lavf/58.45.100" "tna5.bozztv.com"
62.210.125.163 - - [28/Apr/2024:04:34:03 -0400] "GET /ALBANIANTVUSA/index.m3u8 HTTP/1.1" 404 222 "-" "AppleCoreMedia/1.0.0.9A405 (iPad; U; CPU OS 5_0_1 like Mac OS X; zh_cn)" "tna5.bozztv.com"
154.57.7.9 - - [28/Apr/2024:04:34:03 -0400] "GET /aigaiotv1/index.m3u8 HTTP/1.1" 206 5908 "https://ssh101.com/securelive/index.php?id=aigaiotv1" "Lavf/58.45.100" "tna5.bozztv.com"
154.57.7.9 - - [28/Apr/2024:04:34:04 -0400] "GET /aigaiotv1/41995.ts HTTP/1.1" 206 2098848 "https://ssh101.com/securelive/index.php?id=aigaiotv1" "Lavf/58.45.100" "tna5.bozztv.com"
95.129.46.151 - - [28/Apr/2024:04:34:09 -0400] "GET /aigaiotv1/index.m3u8 HTTP/1.1" 206 5908 "https://ssh101.com/securelive/index.php?id=aigaiotv1" "Lavf/58.45.100" "tna5.bozztv.com"
95.116.8.7 - - [28/Apr/2024:04:34:10 -0400] "GET /tvzepce/index.m3u8 HTTP/1.1" 404 216 "https://ssh101.com/" "Mozilla/5.0 (Windows NT 10.0; Win64; x64; rv:93.0) Gecko/20100101 Firefox/93.0" "tna5.bozztv.com"
95.129.46.151 - - [28/Apr/2024:04:34:10 -0400] "GET /aigaiotv1/41996.ts HTTP/1.1" 206 2112944 "https://ssh101.com/securelive/index.php?id=aigaiotv1" "Lavf/58.45.100" "tna5.bozztv.com"
154.57.7.9 - - [28/Apr/2024:04:34:19 -0400] "GET /aigaiotv1/index.m3u8 HTTP/1.1" 206 5908 "https://ssh101.com/securelive/index.php?id=aigaiotv1" "Lavf/58.45.100" "tna5.bozztv.com"
154.57.7.9 - - [28/Apr/2024:04:34:20 -0400] "GET /aigaiotv1/41997.ts HTTP/1.1" 206 2084176 "https://ssh101.com/securelive/index.php?id=aigaiotv1" "Lavf/58.45.100" "tna5.bozztv.com"
95.129.46.151 - - [28/Apr/2024:04:34:25 -0400] "GET /aigaiotv1/index.m3u8 HTTP/1.1" 206 5908 "https://ssh101.com/securelive/index.php?id=aigaiotv1" "Lavf/58.45.100" "tna5.bozztv.com"
95.129.46.151 - - [28/Apr/2024:04:34:26 -0400] "GET /aigaiotv1/41998.ts HTTP/1.1" 206 2110688 "https://ssh101.com/securelive/index.php?id=aigaiotv1" "Lavf/58.45.100" "tna5.bozztv.com"
154.57.7.9 - - [28/Apr/2024:04:34:35 -0400] "GET /aigaiotv1/index.m3u8 HTTP/1.1" 206 5908 "https://ssh101.com/securelive/index.php?id=aigaiotv1" "Lavf/58.45.100" "tna5.bozztv.com"
154.57.7.9 - - [28/Apr/2024:04:34:36 -0400] "GET /aigaiotv1/41999.ts HTTP/1.1" 206 2113136 "https://ssh101.com/securelive/index.php?id=aigaiotv1" "Lavf/58.45.100" "tna5.bozztv.com"
95.129.46.151 - - [28/Apr/2024:04:34:41 -0400] "GET /aigaiotv1/index.m3u8 HTTP/1.1" 206 5908 "https://ssh101.com/securelive/index.php?id=aigaiotv1" "Lavf/58.45.100" "tna5.bozztv.com"
162.212.176.104 - - [28/Apr/2024:04:34:45 -0400] "GET /crossdomain.xml HTTP/1.1" 200 296 "-" "Mozilla/5.0 (compatible; PRTG Network Monitor (www.paessler.com); Windows)" "tna5.bozztv.com"
95.129.46.151 - - [28/Apr/2024:04:34:42 -0400] "GET /aigaiotv1/41999.ts HTTP/1.1" 206 2113136 "https://ssh101.com/securelive/index.php?id=aigaiotv1" "Lavf/58.45.100" "tna5.bozztv.com"
154.57.7.9 - - [28/Apr/2024:04:34:51 -0400] "GET /aigaiotv1/index.m3u8 HTTP/1.1" 206 5908 "https://ssh101.com/securelive/index.php?id=aigaiotv1" "Lavf/58.45.100" "tna5.bozztv.com"
95.129.46.151 - - [28/Apr/2024:04:34:58 -0400] "GET /aigaiotv1/index.m3u8 HTTP/1.1" 206 5908 "https://ssh101.com/securelive/index.php?id=aigaiotv1" "Lavf/58.45.100" "tna5.bozztv.com"
154.57.7.9 - - [28/Apr/2024:04:34:53 -0400] "GET /aigaiotv1/42000.ts HTTP/1.1" 206 2085872 "https://ssh101.com/securelive/index.php?id=aigaiotv1" "Lavf/58.45.100" "tna5.bozztv.com"
62.210.125.163 - - [28/Apr/2024:04:35:03 -0400] "GET /ALBANIANTVUSA/index.m3u8 HTTP/1.1" 404 222 "-" "AppleCoreMedia/1.0.0.9A405 (iPad; U; CPU OS 5_0_1 like Mac OS X; zh_cn)" "tna5.bozztv.com"
95.129.46.151 - - [28/Apr/2024:04:34:59 -0400] "GET /aigaiotv1/42001.ts HTTP/1.1" 206 2090384 "https://ssh101.com/securelive/index.php?id=aigaiotv1" "Lavf/58.45.100" "tna5.bozztv.com"
154.57.7.9 - - [28/Apr/2024:04:35:09 -0400] "GET /aigaiotv1/index.m3u8 HTTP/1.1" 206 5908 "https://ssh101.com/securelive/index.php?id=aigaiotv1" "Lavf/58.45.100" "tna5.bozztv.com"
95.129.46.151 - - [28/Apr/2024:04:35:14 -0400] "GET /aigaiotv1/index.m3u8 HTTP/1.1" 206 5908 "https://ssh101.com/securelive/index.php?id=aigaiotv1" "Lavf/58.45.100" "tna5.bozztv.com"
154.57.7.9 - - [28/Apr/2024:04:35:10 -0400] "GET /aigaiotv1/42002.ts HTTP/1.1" 206 2109744 "https://ssh101.com/securelive/index.php?id=aigaiotv1" "Lavf/58.45.100" "tna5.bozztv.com"
95.129.46.151 - - [28/Apr/2024:04:35:15 -0400] "GET /aigaiotv1/42002.ts HTTP/1.1" 206 2109744 "https://ssh101.com/securelive/index.php?id=aigaiotv1" "Lavf/58.45.100" "tna5.bozztv.com"
154.57.7.9 - - [28/Apr/2024:04:35:25 -0400] "GET /aigaiotv1/index.m3u8 HTTP/1.1" 206 5908 "https://ssh101.com/securelive/index.php?id=aigaiotv1" "Lavf/58.45.100" "tna5.bozztv.com"
95.129.46.151 - - [28/Apr/2024:04:35:30 -0400] "GET /aigaiotv1/index.m3u8 HTTP/1.1" 206 5908 "https://ssh101.com/securelive/index.php?id=aigaiotv1" "Lavf/58.45.100" "tna5.bozztv.com"
154.57.7.9 - - [28/Apr/2024:04:35:26 -0400] "GET /aigaiotv1/42004.ts HTTP/1.1" 206 2104112 "https://ssh101.com/securelive/index.php?id=aigaiotv1" "Lavf/58.45.100" "tna5.bozztv.com"
95.129.46.151 - - [28/Apr/2024:04:35:31 -0400] "GET /aigaiotv1/42004.ts HTTP/1.1" 206 2104112 "https://ssh101.com/securelive/index.php?id=aigaiotv1" "Lavf/58.45.100" "tna5.bozztv.com"
154.57.7.9 - - [28/Apr/2024:04:35:41 -0400] "GET /aigaiotv1/index.m3u8 HTTP/1.1" 206 5908 "https://ssh101.com/securelive/index.php?id=aigaiotv1" "Lavf/58.45.100" "tna5.bozztv.com"
162.212.176.104 - - [28/Apr/2024:04:35:45 -0400] "GET /crossdomain.xml HTTP/1.1" 200 296 "-" "Mozilla/5.0 (compatible; PRTG Network Monitor (www.paessler.com); Windows)" "tna5.bozztv.com"
95.129.46.151 - - [28/Apr/2024:04:35:46 -0400] "GET /aigaiotv1/index.m3u8 HTTP/1.1" 206 5775 "https://ssh101.com/securelive/index.php?id=aigaiotv1" "Lavf/58.45.100" "tna5.bozztv.com"
46.182.110.134 - - [28/Apr/2024:04:35:46 -0400] "GET /TACusa/index.m3u8 HTTP/1.1" 404 215 "-" "Streamer 24.02" "tna5.bozztv.com"
154.57.7.9 - - [28/Apr/2024:04:35:43 -0400] "GET /aigaiotv1/42005.ts HTTP/1.1" 206 2002768 "https://ssh101.com/securelive/index.php?id=aigaiotv1" "Lavf/58.45.100" "tna5.bozztv.com"
95.129.46.151 - - [28/Apr/2024:04:35:47 -0400] "GET /aigaiotv1/42006.ts HTTP/1.1" 206 2070080 "https://ssh101.com/securelive/index.php?id=aigaiotv1" "Lavf/58.45.100" "tna5.bozztv.com"
154.57.7.9 - - [28/Apr/2024:04:35:58 -0400] "GET /aigaiotv1/index.m3u8 HTTP/1.1" 206 5908 "https://ssh101.com/securelive/index.php?id=aigaiotv1" "Lavf/58.45.100" "tna5.bozztv.com"
95.129.46.151 - - [28/Apr/2024:04:36:02 -0400] "GET /aigaiotv1/index.m3u8 HTTP/1.1" 206 5908 "https://ssh101.com/securelive/index.php?id=aigaiotv1" "Lavf/58.45.100" "tna5.bozztv.com"
62.210.125.163 - - [28/Apr/2024:04:36:03 -0400] "GET /ALBANIANTVUSA/index.m3u8 HTTP/1.1" 404 222 "-" "AppleCoreMedia/1.0.0.9A405 (iPad; U; CPU OS 5_0_1 like Mac OS X; zh_cn)" "tna5.bozztv.com"
154.57.7.9 - - [28/Apr/2024:04:35:59 -0400] "GET /aigaiotv1/42007.ts HTTP/1.1" 206 2091328 "https://ssh101.com/securelive/index.php?id=aigaiotv1" "Lavf/58.45.100" "tna5.bozztv.com"
95.129.46.151 - - [28/Apr/2024:04:36:03 -0400] "GET /aigaiotv1/42007.ts HTTP/1.1" 206 2091328 "https://ssh101.com/securelive/index.php?id=aigaiotv1" "Lavf/58.45.100" "tna5.bozztv.com"
154.57.7.9 - - [28/Apr/2024:04:36:14 -0400] "GET /aigaiotv1/index.m3u8 HTTP/1.1" 206 5908 "https://ssh101.com/securelive/index.php?id=aigaiotv1" "Lavf/58.45.100" "tna5.bozztv.com"
95.129.46.151 - - [28/Apr/2024:04:36:18 -0400] "GET /aigaiotv1/index.m3u8 HTTP/1.1" 206 5908 "https://ssh101.com/securelive/index.php?id=aigaiotv1" "Lavf/58.45.100" "tna5.bozztv.com"
154.57.7.9 - - [28/Apr/2024:04:36:15 -0400] "GET /aigaiotv1/42008.ts HTTP/1.1" 206 2127040 "https://ssh101.com/securelive/index.php?id=aigaiotv1" "Lavf/58.45.100" "tna5.bozztv.com"
95.129.46.151 - - [28/Apr/2024:04:36:19 -0400] "GET /aigaiotv1/42009.ts HTTP/1.1" 206 2065184 "https://ssh101.com/securelive/index.php?id=aigaiotv1" "Lavf/58.45.100" "tna5.bozztv.com"
154.57.7.9 - - [28/Apr/2024:04:36:30 -0400] "GET /aigaiotv1/index.m3u8 HTTP/1.1" 206 5908 "https://ssh101.com/securelive/index.php?id=aigaiotv1" "Lavf/58.45.100" "tna5.bozztv.com"
95.129.46.151 - - [28/Apr/2024:04:36:34 -0400] "GET /aigaiotv1/index.m3u8 HTTP/1.1" 206 5908 "https://ssh101.com/securelive/index.php?id=aigaiotv1" "Lavf/58.45.100" "tna5.bozztv.com"
154.57.7.9 - - [28/Apr/2024:04:36:31 -0400] "GET /aigaiotv1/42010.ts HTTP/1.1" 206 2068384 "https://ssh101.com/securelive/index.php?id=aigaiotv1" "Lavf/58.45.100" "tna5.bozztv.com"
95.129.46.151 - - [28/Apr/2024:04:36:35 -0400] "GET /aigaiotv1/42010.ts HTTP/1.1" 206 2068384 "https://ssh101.com/securelive/index.php?id=aigaiotv1" "Lavf/58.45.100" "tna5.bozztv.com"
162.212.176.104 - - [28/Apr/2024:04:36:45 -0400] "GET /crossdomain.xml HTTP/1.1" 200 296 "-" "Mozilla/5.0 (compatible; PRTG Network Monitor (www.paessler.com); Windows)" "tna5.bozztv.com"
154.57.7.9 - - [28/Apr/2024:04:36:46 -0400] "GET /aigaiotv1/index.m3u8 HTTP/1.1" 206 5908 "https://ssh101.com/securelive/index.php?id=aigaiotv1" "Lavf/58.45.100" "tna5.bozztv.com"
95.129.46.151 - - [28/Apr/2024:04:36:51 -0400] "GET /aigaiotv1/index.m3u8 HTTP/1.1" 206 5908 "https://ssh101.com/securelive/index.php?id=aigaiotv1" "Lavf/58.45.100" "tna5.bozztv.com"
154.57.7.9 - - [28/Apr/2024:04:36:48 -0400] "GET /aigaiotv1/42012.ts HTTP/1.1" 206 2059744 "https://ssh101.com/securelive/index.php?id=aigaiotv1" "Lavf/58.45.100" "tna5.bozztv.com"
95.129.46.151 - - [28/Apr/2024:04:36:52 -0400] "GET /aigaiotv1/42012.ts HTTP/1.1" 206 2059744 "https://ssh101.com/securelive/index.php?id=aigaiotv1" "Lavf/58.45.100" "tna5.bozztv.com"
62.210.125.163 - - [28/Apr/2024:04:37:02 -0400] "GET /ALBANIANTVUSA/index.m3u8 HTTP/1.1" 404 222 "-" "AppleCoreMedia/1.0.0.9A405 (iPad; U; CPU OS 5_0_1 like Mac OS X; zh_cn)" "tna5.bozztv.com"
154.57.7.9 - - [28/Apr/2024:04:37:03 -0400] "GET /aigaiotv1/index.m3u8 HTTP/1.1" 206 5908 "https://ssh101.com/securelive/index.php?id=aigaiotv1" "Lavf/58.45.100" "tna5.bozztv.com"
95.129.46.151 - - [28/Apr/2024:04:37:07 -0400] "GET /aigaiotv1/index.m3u8 HTTP/1.1" 206 5908 "https://ssh101.com/securelive/index.php?id=aigaiotv1" "Lavf/58.45.100" "tna5.bozztv.com"
154.57.7.9 - - [28/Apr/2024:04:37:04 -0400] "GET /aigaiotv1/42013.ts HTTP/1.1" 206 2115200 "https://ssh101.com/securelive/index.php?id=aigaiotv1" "Lavf/58.45.100" "tna5.bozztv.com"
95.129.46.151 - - [28/Apr/2024:04:37:08 -0400] "GET /aigaiotv1/42014.ts HTTP/1.1" 206 2091328 "https://ssh101.com/securelive/index.php?id=aigaiotv1" "Lavf/58.45.100" "tna5.bozztv.com"
154.57.7.9 - - [28/Apr/2024:04:37:19 -0400] "GET /aigaiotv1/index.m3u8 HTTP/1.1" 206 5908 "https://ssh101.com/securelive/index.php?id=aigaiotv1" "Lavf/58.45.100" "tna5.bozztv.com"
95.129.46.151 - - [28/Apr/2024:04:37:23 -0400] "GET /aigaiotv1/index.m3u8 HTTP/1.1" 206 5908 "https://ssh101.com/securelive/index.php?id=aigaiotv1" "Lavf/58.45.100" "tna5.bozztv.com"
154.57.7.9 - - [28/Apr/2024:04:37:20 -0400] "GET /aigaiotv1/42015.ts HTTP/1.1" 206 2434608 "https://ssh101.com/securelive/index.php?id=aigaiotv1" "Lavf/58.45.100" "tna5.bozztv.com"
95.129.46.151 - - [28/Apr/2024:04:37:24 -0400] "GET /aigaiotv1/42015.ts HTTP/1.1" 206 2434608 "https://ssh101.com/securelive/index.php?id=aigaiotv1" "Lavf/58.45.100" "tna5.bozztv.com"
154.57.7.9 - - [28/Apr/2024:04:37:35 -0400] "GET /aigaiotv1/index.m3u8 HTTP/1.1" 206 5908 "https://ssh101.com/securelive/index.php?id=aigaiotv1" "Lavf/58.45.100" "tna5.bozztv.com"
95.129.46.151 - - [28/Apr/2024:04:37:39 -0400] "GET /aigaiotv1/index.m3u8 HTTP/1.1" 206 5908 "https://ssh101.com/securelive/index.php?id=aigaiotv1" "Lavf/58.45.100" "tna5.bozztv.com"
154.57.7.9 - - [28/Apr/2024:04:37:36 -0400] "GET /aigaiotv1/42016.ts HTTP/1.1" 206 2088128 "https://ssh101.com/securelive/index.php?id=aigaiotv1" "Lavf/58.45.100" "tna5.bozztv.com"
162.212.176.104 - - [28/Apr/2024:04:37:45 -0400] "GET /crossdomain.xml HTTP/1.1" 200 296 "-" "Mozilla/5.0 (compatible; PRTG Network Monitor (www.paessler.com); Windows)" "tna5.bozztv.com"
95.129.46.151 - - [28/Apr/2024:04:37:45 -0400] "GET /aigaiotv1/42017.ts HTTP/1.1" 206 2099408 "https://ssh101.com/securelive/index.php?id=aigaiotv1" "Lavf/58.45.100" "tna5.bozztv.com"
154.57.7.9 - - [28/Apr/2024:04:37:51 -0400] "GET /aigaiotv1/index.m3u8 HTTP/1.1" 206 5908 "https://ssh101.com/securelive/index.php?id=aigaiotv1" "Lavf/58.45.100" "tna5.bozztv.com"
83.97.73.245 - - [28/Apr/2024:04:37:56 -0400] "GET /vendor/phpunit/phpunit/src/Util/PHP/eval-stdin.php HTTP/1.1" 302 259 "-" "Mozilla/5.0 (Windows NT 10.0; Win64; x64) AppleWebKit/537.36 (KHTML, like Gecko) Chrome/78.0.3904.108 Safari/537.36" "208.79.153.189:80"
154.57.7.9 - - [28/Apr/2024:04:37:53 -0400] "GET /aigaiotv1/42018.ts HTTP/1.1" 206 2096016 "https://ssh101.com/securelive/index.php?id=aigaiotv1" "Lavf/58.45.100" "tna5.bozztv.com"
95.129.46.151 - - [28/Apr/2024:04:38:01 -0400] "GET /aigaiotv1/index.m3u8 HTTP/1.1" 206 5908 "https://ssh101.com/securelive/index.php?id=aigaiotv1" "Lavf/58.45.100" "tna5.bozztv.com"
62.210.125.163 - - [28/Apr/2024:04:38:02 -0400] "GET /ALBANIANTVUSA/index.m3u8 HTTP/1.1" 404 222 "-" "AppleCoreMedia/1.0.0.9A405 (iPad; U; CPU OS 5_0_1 like Mac OS X; zh_cn)" "tna5.bozztv.com"
95.129.46.151 - - [28/Apr/2024:04:38:02 -0400] "GET /aigaiotv1/42019.ts HTTP/1.1" 206 2087376 "https://ssh101.com/securelive/index.php?id=aigaiotv1" "Lavf/58.45.100" "tna5.bozztv.com"
154.57.7.9 - - [28/Apr/2024:04:38:08 -0400] "GET /aigaiotv1/index.m3u8 HTTP/1.1" 206 5908 "https://ssh101.com/securelive/index.php?id=aigaiotv1" "Lavf/58.45.100" "tna5.bozztv.com"
154.57.7.9 - - [28/Apr/2024:04:38:09 -0400] "GET /aigaiotv1/42020.ts HTTP/1.1" 206 2101280 "https://ssh101.com/securelive/index.php?id=aigaiotv1" "Lavf/58.45.100" "tna5.bozztv.com"
95.129.46.151 - - [28/Apr/2024:04:38:17 -0400] "GET /aigaiotv1/index.m3u8 HTTP/1.1" 206 5908 "https://ssh101.com/securelive/index.php?id=aigaiotv1" "Lavf/58.45.100" "tna5.bozztv.com"
154.57.7.9 - - [28/Apr/2024:04:38:24 -0400] "GET /aigaiotv1/index.m3u8 HTTP/1.1" 206 5908 "https://ssh101.com/securelive/index.php?id=aigaiotv1" "Lavf/58.45.100" "tna5.bozztv.com"
154.57.7.9 - - [28/Apr/2024:04:38:25 -0400] "GET /aigaiotv1/42021.ts HTTP/1.1" 206 2101104 "https://ssh101.com/securelive/index.php?id=aigaiotv1" "Lavf/58.45.100" "tna5.bozztv.com"
154.57.7.9 - - [28/Apr/2024:04:38:40 -0400] "GET /aigaiotv1/index.m3u8 HTTP/1.1" 206 5908 "https://ssh101.com/securelive/index.php?id=aigaiotv1" "Lavf/58.45.100" "tna5.bozztv.com"
162.212.176.104 - - [28/Apr/2024:04:38:45 -0400] "GET /crossdomain.xml HTTP/1.1" 200 296 "-" "Mozilla/5.0 (compatible; PRTG Network Monitor (www.paessler.com); Windows)" "tna5.bozztv.com"
154.57.7.9 - - [28/Apr/2024:04:38:41 -0400] "GET /aigaiotv1/42023.ts HTTP/1.1" 206 2128736 "https://ssh101.com/securelive/index.php?id=aigaiotv1" "Lavf/58.45.100" "tna5.bozztv.com"
154.57.7.9 - - [28/Apr/2024:04:38:56 -0400] "GET /aigaiotv1/index.m3u8 HTTP/1.1" 206 5908 "https://ssh101.com/securelive/index.php?id=aigaiotv1" "Lavf/58.45.100" "tna5.bozztv.com"
154.57.7.9 - - [28/Apr/2024:04:38:57 -0400] "GET /aigaiotv1/42025.ts HTTP/1.1" 206 2031728 "https://ssh101.com/securelive/index.php?id=aigaiotv1" "Lavf/58.45.100" "tna5.bozztv.com"
62.210.125.163 - - [28/Apr/2024:04:39:02 -0400] "GET /ALBANIANTVUSA/index.m3u8 HTTP/1.1" 404 222 "-" "AppleCoreMedia/1.0.0.9A405 (iPad; U; CPU OS 5_0_1 like Mac OS X; zh_cn)" "tna5.bozztv.com"
154.57.7.9 - - [28/Apr/2024:04:39:13 -0400] "GET /aigaiotv1/index.m3u8 HTTP/1.1" 206 5775 "https://ssh101.com/securelive/index.php?id=aigaiotv1" "Lavf/58.45.100" "tna5.bozztv.com"
154.57.7.9 - - [28/Apr/2024:04:39:14 -0400] "GET /aigaiotv1/42026.ts HTTP/1.1" 206 1986608 "https://ssh101.com/securelive/index.php?id=aigaiotv1" "Lavf/58.45.100" "tna5.bozztv.com"
95.129.46.151 - - [28/Apr/2024:04:38:24 -0400] "GET /aigaiotv1/42021.ts HTTP/1.1" 206 2101104 "https://ssh101.com/securelive/index.php?id=aigaiotv1" "Lavf/58.45.100" "tna5.bozztv.com"
154.57.7.9 - - [28/Apr/2024:04:39:29 -0400] "GET /aigaiotv1/index.m3u8 HTTP/1.1" 206 5908 "https://ssh101.com/securelive/index.php?id=aigaiotv1" "Lavf/58.45.100" "tna5.bozztv.com"
154.57.7.9 - - [28/Apr/2024:04:39:30 -0400] "GET /aigaiotv1/42028.ts HTTP/1.1" 206 2127984 "https://ssh101.com/securelive/index.php?id=aigaiotv1" "Lavf/58.45.100" "tna5.bozztv.com"
162.212.176.104 - - [28/Apr/2024:04:39:45 -0400] "GET /crossdomain.xml HTTP/1.1" 200 296 "-" "Mozilla/5.0 (compatible; PRTG Network Monitor (www.paessler.com); Windows)" "tna5.bozztv.com"
154.57.7.9 - - [28/Apr/2024:04:39:45 -0400] "GET /aigaiotv1/index.m3u8 HTTP/1.1" 206 5908 "https://ssh101.com/securelive/index.php?id=aigaiotv1" "Lavf/58.45.100" "tna5.bozztv.com"
154.57.7.9 - - [28/Apr/2024:04:39:46 -0400] "GET /aigaiotv1/42029.ts HTTP/1.1" 206 2098656 "https://ssh101.com/securelive/index.php?id=aigaiotv1" "Lavf/58.45.100" "tna5.bozztv.com"
154.57.7.9 - - [28/Apr/2024:04:40:02 -0400] "GET /aigaiotv1/index.m3u8 HTTP/1.1" 206 5908 "https://ssh101.com/securelive/index.php?id=aigaiotv1" "Lavf/58.45.100" "tna5.bozztv.com"
62.210.125.163 - - [28/Apr/2024:04:40:02 -0400] "GET /ALBANIANTVUSA/index.m3u8 HTTP/1.1" 404 222 "-" "AppleCoreMedia/1.0.0.9A405 (iPad; U; CPU OS 5_0_1 like Mac OS X; zh_cn)" "tna5.bozztv.com"
154.57.7.9 - - [28/Apr/2024:04:40:03 -0400] "GET /aigaiotv1/42031.ts HTTP/1.1" 206 2085680 "https://ssh101.com/securelive/index.php?id=aigaiotv1" "Lavf/58.45.100" "tna5.bozztv.com"
95.129.46.151 - - [28/Apr/2024:04:40:10 -0400] "GET /aigaiotv1/index.m3u8 HTTP/1.1" 206 5908 "https://ssh101.com/securelive/index.php?id=aigaiotv1" "Lavf/58.45.100" "tna5.bozztv.com"
95.129.46.151 - - [28/Apr/2024:04:40:10 -0400] "GET /aigaiotv1/42022.ts HTTP/1.1" 206 2064256 "https://ssh101.com/securelive/index.php?id=aigaiotv1" "Lavf/58.45.100" "tna5.bozztv.com"
154.57.7.9 - - [28/Apr/2024:04:40:18 -0400] "GET /aigaiotv1/index.m3u8 HTTP/1.1" 206 5908 "https://ssh101.com/securelive/index.php?id=aigaiotv1" "Lavf/58.45.100" "tna5.bozztv.com"
154.57.7.9 - - [28/Apr/2024:04:40:19 -0400] "GET /aigaiotv1/42033.ts HTTP/1.1" 206 2091328 "https://ssh101.com/securelive/index.php?id=aigaiotv1" "Lavf/58.45.100" "tna5.bozztv.com"
95.129.46.151 - - [28/Apr/2024:04:40:25 -0400] "GET /aigaiotv1/index.m3u8 HTTP/1.1" 206 5908 "https://ssh101.com/securelive/index.php?id=aigaiotv1" "Lavf/58.45.100" "tna5.bozztv.com"
95.129.46.151 - - [28/Apr/2024:04:40:26 -0400] "GET /aigaiotv1/42033.ts HTTP/1.1" 206 2091328 "https://ssh101.com/securelive/index.php?id=aigaiotv1" "Lavf/58.45.100" "tna5.bozztv.com"
154.57.7.9 - - [28/Apr/2024:04:40:34 -0400] "GET /aigaiotv1/index.m3u8 HTTP/1.1" 206 5908 "https://ssh101.com/securelive/index.php?id=aigaiotv1" "Lavf/58.45.100" "tna5.bozztv.com"
154.57.7.9 - - [28/Apr/2024:04:40:35 -0400] "GET /aigaiotv1/42034.ts HTTP/1.1" 206 2111440 "https://ssh101.com/securelive/index.php?id=aigaiotv1" "Lavf/58.45.100" "tna5.bozztv.com"
95.129.46.151 - - [28/Apr/2024:04:40:42 -0400] "GET /aigaiotv1/index.m3u8 HTTP/1.1" 206 5908 "https://ssh101.com/securelive/index.php?id=aigaiotv1" "Lavf/58.45.100" "tna5.bozztv.com"
162.212.176.104 - - [28/Apr/2024:04:40:45 -0400] "GET /crossdomain.xml HTTP/1.1" 200 296 "-" "Mozilla/5.0 (compatible; PRTG Network Monitor (www.paessler.com); Windows)" "tna5.bozztv.com"
95.129.46.151 - - [28/Apr/2024:04:40:43 -0400] "GET /aigaiotv1/42035.ts HTTP/1.1" 206 2078160 "https://ssh101.com/securelive/index.php?id=aigaiotv1" "Lavf/58.45.100" "tna5.bozztv.com"
154.57.7.9 - - [28/Apr/2024:04:40:50 -0400] "GET /aigaiotv1/index.m3u8 HTTP/1.1" 206 5908 "https://ssh101.com/securelive/index.php?id=aigaiotv1" "Lavf/58.45.100" "tna5.bozztv.com"
154.57.7.9 - - [28/Apr/2024:04:40:52 -0400] "GET /aigaiotv1/42036.ts HTTP/1.1" 206 2108624 "https://ssh101.com/securelive/index.php?id=aigaiotv1" "Lavf/58.45.100" "tna5.bozztv.com"
95.129.46.151 - - [28/Apr/2024:04:40:58 -0400] "GET /aigaiotv1/index.m3u8 HTTP/1.1" 206 5908 "https://ssh101.com/securelive/index.php?id=aigaiotv1" "Lavf/58.45.100" "tna5.bozztv.com"
62.210.125.163 - - [28/Apr/2024:04:41:02 -0400] "GET /ALBANIANTVUSA/index.m3u8 HTTP/1.1" 404 222 "-" "AppleCoreMedia/1.0.0.9A405 (iPad; U; CPU OS 5_0_1 like Mac OS X; zh_cn)" "tna5.bozztv.com"
95.129.46.151 - - [28/Apr/2024:04:40:59 -0400] "GET /aigaiotv1/42037.ts HTTP/1.1" 206 2093008 "https://ssh101.com/securelive/index.php?id=aigaiotv1" "Lavf/58.45.100" "tna5.bozztv.com"
154.57.7.9 - - [28/Apr/2024:04:41:07 -0400] "GET /aigaiotv1/index.m3u8 HTTP/1.1" 206 5908 "https://ssh101.com/securelive/index.php?id=aigaiotv1" "Lavf/58.45.100" "tna5.bozztv.com"
154.57.7.9 - - [28/Apr/2024:04:41:08 -0400] "GET /aigaiotv1/42038.ts HTTP/1.1" 206 2105616 "https://ssh101.com/securelive/index.php?id=aigaiotv1" "Lavf/58.45.100" "tna5.bozztv.com"
95.129.46.151 - - [28/Apr/2024:04:41:14 -0400] "GET /aigaiotv1/index.m3u8 HTTP/1.1" 206 5908 "https://ssh101.com/securelive/index.php?id=aigaiotv1" "Lavf/58.45.100" "tna5.bozztv.com"
