162.212.176.104 - - [28/Apr/2024:13:16:45 -0400] "GET /crossdomain.xml HTTP/1.1" 200 296 "-" "Mozilla/5.0 (compatible; PRTG Network Monitor (www.paessler.com); Windows)" "tna5.bozztv.com"
154.57.7.9 - - [28/Apr/2024:13:16:47 -0400] "GET /aigaiotv1/index.m3u8 HTTP/1.1" 206 5908 "https://ssh101.com/securelive/index.php?id=aigaiotv1" "Lavf/58.45.100" "tna5.bozztv.com"
95.129.46.151 - - [28/Apr/2024:13:16:47 -0400] "GET /aigaiotv1/index.m3u8 HTTP/1.1" 206 5908 "https://ssh101.com/securelive/index.php?id=aigaiotv1" "Lavf/58.45.100" "tna5.bozztv.com"
154.57.7.9 - - [28/Apr/2024:13:16:48 -0400] "GET /aigaiotv1/45052.ts HTTP/1.1" 206 2079104 "https://ssh101.com/securelive/index.php?id=aigaiotv1" "Lavf/58.45.100" "tna5.bozztv.com"
95.129.46.151 - - [28/Apr/2024:13:16:49 -0400] "GET /aigaiotv1/45052.ts HTTP/1.1" 206 2079104 "https://ssh101.com/securelive/index.php?id=aigaiotv1" "Lavf/58.45.100" "tna5.bozztv.com"
62.210.125.163 - - [28/Apr/2024:13:17:02 -0400] "GET /ALBANIANTVUSA/index.m3u8 HTTP/1.1" 404 222 "-" "AppleCoreMedia/1.0.0.9A405 (iPad; U; CPU OS 5_0_1 like Mac OS X; zh_cn)" "tna5.bozztv.com"
154.57.7.9 - - [28/Apr/2024:13:17:03 -0400] "GET /aigaiotv1/index.m3u8 HTTP/1.1" 206 5908 "https://ssh101.com/securelive/index.php?id=aigaiotv1" "Lavf/58.45.100" "tna5.bozztv.com"
95.129.46.151 - - [28/Apr/2024:13:17:04 -0400] "GET /aigaiotv1/index.m3u8 HTTP/1.1" 206 5908 "https://ssh101.com/securelive/index.php?id=aigaiotv1" "Lavf/58.45.100" "tna5.bozztv.com"
154.57.7.9 - - [28/Apr/2024:13:17:04 -0400] "GET /aigaiotv1/45054.ts HTTP/1.1" 206 2422384 "https://ssh101.com/securelive/index.php?id=aigaiotv1" "Lavf/58.45.100" "tna5.bozztv.com"
95.129.46.151 - - [28/Apr/2024:13:17:05 -0400] "GET /aigaiotv1/45054.ts HTTP/1.1" 206 2422384 "https://ssh101.com/securelive/index.php?id=aigaiotv1" "Lavf/58.45.100" "tna5.bozztv.com"
154.57.7.9 - - [28/Apr/2024:13:17:19 -0400] "GET /aigaiotv1/index.m3u8 HTTP/1.1" 206 5908 "https://ssh101.com/securelive/index.php?id=aigaiotv1" "Lavf/58.45.100" "tna5.bozztv.com"
95.129.46.151 - - [28/Apr/2024:13:17:22 -0400] "GET /aigaiotv1/index.m3u8 HTTP/1.1" 206 5908 "https://ssh101.com/securelive/index.php?id=aigaiotv1" "Lavf/58.45.100" "tna5.bozztv.com"
154.57.7.9 - - [28/Apr/2024:13:17:20 -0400] "GET /aigaiotv1/45056.ts HTTP/1.1" 206 2044320 "https://ssh101.com/securelive/index.php?id=aigaiotv1" "Lavf/58.45.100" "tna5.bozztv.com"
95.129.46.151 - - [28/Apr/2024:13:17:23 -0400] "GET /aigaiotv1/45056.ts HTTP/1.1" 206 2044320 "https://ssh101.com/securelive/index.php?id=aigaiotv1" "Lavf/58.45.100" "tna5.bozztv.com"
154.57.7.9 - - [28/Apr/2024:13:17:35 -0400] "GET /aigaiotv1/index.m3u8 HTTP/1.1" 206 5908 "https://ssh101.com/securelive/index.php?id=aigaiotv1" "Lavf/58.45.100" "tna5.bozztv.com"
95.129.46.151 - - [28/Apr/2024:13:17:38 -0400] "GET /aigaiotv1/index.m3u8 HTTP/1.1" 206 5908 "https://ssh101.com/securelive/index.php?id=aigaiotv1" "Lavf/58.45.100" "tna5.bozztv.com"
154.57.7.9 - - [28/Apr/2024:13:17:37 -0400] "GET /aigaiotv1/45057.ts HTTP/1.1" 206 2153920 "https://ssh101.com/securelive/index.php?id=aigaiotv1" "Lavf/58.45.100" "tna5.bozztv.com"
95.129.46.151 - - [28/Apr/2024:13:17:39 -0400] "GET /aigaiotv1/45057.ts HTTP/1.1" 206 2153920 "https://ssh101.com/securelive/index.php?id=aigaiotv1" "Lavf/58.45.100" "tna5.bozztv.com"
162.212.176.104 - - [28/Apr/2024:13:17:45 -0400] "GET /crossdomain.xml HTTP/1.1" 200 296 "-" "Mozilla/5.0 (compatible; PRTG Network Monitor (www.paessler.com); Windows)" "tna5.bozztv.com"
154.57.7.9 - - [28/Apr/2024:13:17:52 -0400] "GET /aigaiotv1/index.m3u8 HTTP/1.1" 206 5908 "https://ssh101.com/securelive/index.php?id=aigaiotv1" "Lavf/58.45.100" "tna5.bozztv.com"
95.129.46.151 - - [28/Apr/2024:13:17:54 -0400] "GET /aigaiotv1/index.m3u8 HTTP/1.1" 206 5908 "https://ssh101.com/securelive/index.php?id=aigaiotv1" "Lavf/58.45.100" "tna5.bozztv.com"
154.57.7.9 - - [28/Apr/2024:13:17:53 -0400] "GET /aigaiotv1/45059.ts HTTP/1.1" 206 2054848 "https://ssh101.com/securelive/index.php?id=aigaiotv1" "Lavf/58.45.100" "tna5.bozztv.com"
95.129.46.151 - - [28/Apr/2024:13:17:55 -0400] "GET /aigaiotv1/45059.ts HTTP/1.1" 206 2054848 "https://ssh101.com/securelive/index.php?id=aigaiotv1" "Lavf/58.45.100" "tna5.bozztv.com"
62.210.125.163 - - [28/Apr/2024:13:18:04 -0400] "GET /ALBANIANTVUSA/index.m3u8 HTTP/1.1" 404 222 "-" "AppleCoreMedia/1.0.0.9A405 (iPad; U; CPU OS 5_0_1 like Mac OS X; zh_cn)" "tna5.bozztv.com"
154.57.7.9 - - [28/Apr/2024:13:18:08 -0400] "GET /aigaiotv1/index.m3u8 HTTP/1.1" 206 5908 "https://ssh101.com/securelive/index.php?id=aigaiotv1" "Lavf/58.45.100" "tna5.bozztv.com"
95.129.46.151 - - [28/Apr/2024:13:18:10 -0400] "GET /aigaiotv1/index.m3u8 HTTP/1.1" 206 5908 "https://ssh101.com/securelive/index.php?id=aigaiotv1" "Lavf/58.45.100" "tna5.bozztv.com"
154.57.7.9 - - [28/Apr/2024:13:18:09 -0400] "GET /aigaiotv1/45060.ts HTTP/1.1" 206 2146592 "https://ssh101.com/securelive/index.php?id=aigaiotv1" "Lavf/58.45.100" "tna5.bozztv.com"
95.129.46.151 - - [28/Apr/2024:13:18:11 -0400] "GET /aigaiotv1/45060.ts HTTP/1.1" 206 2146592 "https://ssh101.com/securelive/index.php?id=aigaiotv1" "Lavf/58.45.100" "tna5.bozztv.com"
154.57.7.9 - - [28/Apr/2024:13:18:24 -0400] "GET /aigaiotv1/index.m3u8 HTTP/1.1" 206 5908 "https://ssh101.com/securelive/index.php?id=aigaiotv1" "Lavf/58.45.100" "tna5.bozztv.com"
95.129.46.151 - - [28/Apr/2024:13:18:27 -0400] "GET /aigaiotv1/index.m3u8 HTTP/1.1" 206 5908 "https://ssh101.com/securelive/index.php?id=aigaiotv1" "Lavf/58.45.100" "tna5.bozztv.com"
154.57.7.9 - - [28/Apr/2024:13:18:26 -0400] "GET /aigaiotv1/45062.ts HTTP/1.1" 206 2386864 "https://ssh101.com/securelive/index.php?id=aigaiotv1" "Lavf/58.45.100" "tna5.bozztv.com"
95.129.46.151 - - [28/Apr/2024:13:18:28 -0400] "GET /aigaiotv1/45062.ts HTTP/1.1" 206 2386864 "https://ssh101.com/securelive/index.php?id=aigaiotv1" "Lavf/58.45.100" "tna5.bozztv.com"
154.57.7.9 - - [28/Apr/2024:13:18:41 -0400] "GET /aigaiotv1/index.m3u8 HTTP/1.1" 206 5908 "https://ssh101.com/securelive/index.php?id=aigaiotv1" "Lavf/58.45.100" "tna5.bozztv.com"
92.206.218.108 - - [28/Apr/2024:13:18:44 -0400] "GET /ABTelevision2020/index.m3u8 HTTP/1.1" 404 225 "-" "VLC/3.0.0-git LibVLC/3.0.0-git" "tna5.bozztv.com"
95.129.46.151 - - [28/Apr/2024:13:18:44 -0400] "GET /aigaiotv1/index.m3u8 HTTP/1.1" 206 5908 "https://ssh101.com/securelive/index.php?id=aigaiotv1" "Lavf/58.45.100" "tna5.bozztv.com"
162.212.176.104 - - [28/Apr/2024:13:18:45 -0400] "GET /crossdomain.xml HTTP/1.1" 200 296 "-" "Mozilla/5.0 (compatible; PRTG Network Monitor (www.paessler.com); Windows)" "tna5.bozztv.com"
154.57.7.9 - - [28/Apr/2024:13:18:42 -0400] "GET /aigaiotv1/45063.ts HTTP/1.1" 206 2175360 "https://ssh101.com/securelive/index.php?id=aigaiotv1" "Lavf/58.45.100" "tna5.bozztv.com"
95.129.46.151 - - [28/Apr/2024:13:18:45 -0400] "GET /aigaiotv1/45064.ts HTTP/1.1" 206 2031728 "https://ssh101.com/securelive/index.php?id=aigaiotv1" "Lavf/58.45.100" "tna5.bozztv.com"
154.57.7.9 - - [28/Apr/2024:13:18:57 -0400] "GET /aigaiotv1/index.m3u8 HTTP/1.1" 206 5908 "https://ssh101.com/securelive/index.php?id=aigaiotv1" "Lavf/58.45.100" "tna5.bozztv.com"
95.129.46.151 - - [28/Apr/2024:13:19:02 -0400] "GET /aigaiotv1/index.m3u8 HTTP/1.1" 206 5908 "https://ssh101.com/securelive/index.php?id=aigaiotv1" "Lavf/58.45.100" "tna5.bozztv.com"
154.57.7.9 - - [28/Apr/2024:13:18:59 -0400] "GET /aigaiotv1/45065.ts HTTP/1.1" 206 2120080 "https://ssh101.com/securelive/index.php?id=aigaiotv1" "Lavf/58.45.100" "tna5.bozztv.com"
62.210.125.163 - - [28/Apr/2024:13:19:04 -0400] "GET /ALBANIANTVUSA/index.m3u8 HTTP/1.1" 404 222 "-" "AppleCoreMedia/1.0.0.9A405 (iPad; U; CPU OS 5_0_1 like Mac OS X; zh_cn)" "tna5.bozztv.com"
95.129.46.151 - - [28/Apr/2024:13:19:03 -0400] "GET /aigaiotv1/45065.ts HTTP/1.1" 206 2120080 "https://ssh101.com/securelive/index.php?id=aigaiotv1" "Lavf/58.45.100" "tna5.bozztv.com"
154.57.7.9 - - [28/Apr/2024:13:19:14 -0400] "GET /aigaiotv1/index.m3u8 HTTP/1.1" 206 5775 "https://ssh101.com/securelive/index.php?id=aigaiotv1" "Lavf/58.45.100" "tna5.bozztv.com"
185.180.140.4 - - [28/Apr/2024:13:19:14 -0400] "GET / HTTP/1.1" 302 209 "-" "Mozilla/5.0 (Windows NT 10.0; Win64; x64) AppleWebKit/537.36 (KHTML, like Gecko) Chrome/60.0.3112.113 Safari/537.36" "208.79.153.189"
95.129.46.151 - - [28/Apr/2024:13:19:18 -0400] "GET /aigaiotv1/index.m3u8 HTTP/1.1" 206 5908 "https://ssh101.com/securelive/index.php?id=aigaiotv1" "Lavf/58.45.100" "tna5.bozztv.com"
154.57.7.9 - - [28/Apr/2024:13:19:15 -0400] "GET /aigaiotv1/45066.ts HTTP/1.1" 206 2111440 "https://ssh101.com/securelive/index.php?id=aigaiotv1" "Lavf/58.45.100" "tna5.bozztv.com"
95.129.46.151 - - [28/Apr/2024:13:19:20 -0400] "GET /aigaiotv1/45067.ts HTTP/1.1" 206 2421456 "https://ssh101.com/securelive/index.php?id=aigaiotv1" "Lavf/58.45.100" "tna5.bozztv.com"
154.57.7.9 - - [28/Apr/2024:13:19:30 -0400] "GET /aigaiotv1/index.m3u8 HTTP/1.1" 206 5908 "https://ssh101.com/securelive/index.php?id=aigaiotv1" "Lavf/58.45.100" "tna5.bozztv.com"
95.129.46.151 - - [28/Apr/2024:13:19:35 -0400] "GET /aigaiotv1/index.m3u8 HTTP/1.1" 206 5908 "https://ssh101.com/securelive/index.php?id=aigaiotv1" "Lavf/58.45.100" "tna5.bozztv.com"
154.57.7.9 - - [28/Apr/2024:13:19:31 -0400] "GET /aigaiotv1/45068.ts HTTP/1.1" 206 2118016 "https://ssh101.com/securelive/index.php?id=aigaiotv1" "Lavf/58.45.100" "tna5.bozztv.com"
95.129.46.151 - - [28/Apr/2024:13:19:36 -0400] "GET /aigaiotv1/45068.ts HTTP/1.1" 206 2118016 "https://ssh101.com/securelive/index.php?id=aigaiotv1" "Lavf/58.45.100" "tna5.bozztv.com"
162.212.176.104 - - [28/Apr/2024:13:19:45 -0400] "GET /crossdomain.xml HTTP/1.1" 200 296 "-" "Mozilla/5.0 (compatible; PRTG Network Monitor (www.paessler.com); Windows)" "tna5.bozztv.com"
154.57.7.9 - - [28/Apr/2024:13:19:47 -0400] "GET /aigaiotv1/index.m3u8 HTTP/1.1" 206 5908 "https://ssh101.com/securelive/index.php?id=aigaiotv1" "Lavf/58.45.100" "tna5.bozztv.com"
95.129.46.151 - - [28/Apr/2024:13:19:52 -0400] "GET /aigaiotv1/index.m3u8 HTTP/1.1" 206 5908 "https://ssh101.com/securelive/index.php?id=aigaiotv1" "Lavf/58.45.100" "tna5.bozztv.com"
154.57.7.9 - - [28/Apr/2024:13:19:48 -0400] "GET /aigaiotv1/45070.ts HTTP/1.1" 206 2141712 "https://ssh101.com/securelive/index.php?id=aigaiotv1" "Lavf/58.45.100" "tna5.bozztv.com"
95.129.46.151 - - [28/Apr/2024:13:19:53 -0400] "GET /aigaiotv1/45070.ts HTTP/1.1" 206 2141712 "https://ssh101.com/securelive/index.php?id=aigaiotv1" "Lavf/58.45.100" "tna5.bozztv.com"
62.210.125.163 - - [28/Apr/2024:13:20:02 -0400] "GET /ALBANIANTVUSA/index.m3u8 HTTP/1.1" 404 222 "-" "AppleCoreMedia/1.0.0.9A405 (iPad; U; CPU OS 5_0_1 like Mac OS X; zh_cn)" "tna5.bozztv.com"
154.57.7.9 - - [28/Apr/2024:13:20:03 -0400] "GET /aigaiotv1/index.m3u8 HTTP/1.1" 206 5908 "https://ssh101.com/securelive/index.php?id=aigaiotv1" "Lavf/58.45.100" "tna5.bozztv.com"
95.129.46.151 - - [28/Apr/2024:13:20:08 -0400] "GET /aigaiotv1/index.m3u8 HTTP/1.1" 206 5908 "https://ssh101.com/securelive/index.php?id=aigaiotv1" "Lavf/58.45.100" "tna5.bozztv.com"
204.199.174.152 - - [28/Apr/2024:13:20:08 -0400] "GET /Cusco/index.m3u8 HTTP/1.1" 404 214 "-" "(Windows NT 10.0; Win64; x64) PotPlayer/24.03.07" "tna5.bozztv.com"
154.57.7.9 - - [28/Apr/2024:13:20:04 -0400] "GET /aigaiotv1/45071.ts HTTP/1.1" 206 2401712 "https://ssh101.com/securelive/index.php?id=aigaiotv1" "Lavf/58.45.100" "tna5.bozztv.com"
204.199.174.152 - - [28/Apr/2024:13:20:09 -0400] "GET /Cusco/index.m3u8 HTTP/1.1" 404 214 "-" "WINAMP" "tna5.bozztv.com"
204.199.174.152 - - [28/Apr/2024:13:20:10 -0400] "GET /Cusco/index.m3u8 HTTP/1.1" 404 214 "-" "(Windows NT 10.0; Win64; x64) PotPlayer/24.03.07" "tna5.bozztv.com"
204.199.174.152 - - [28/Apr/2024:13:20:11 -0400] "GET /Cusco/index.m3u8 HTTP/1.1" 404 214 "-" "(Windows NT 10.0; Win64; x64) PotPlayer/24.03.07" "tna5.bozztv.com"
95.129.46.151 - - [28/Apr/2024:13:20:09 -0400] "GET /aigaiotv1/45072.ts HTTP/1.1" 206 2044512 "https://ssh101.com/securelive/index.php?id=aigaiotv1" "Lavf/58.45.100" "tna5.bozztv.com"
204.199.174.152 - - [28/Apr/2024:13:20:15 -0400] "GET /Cusco/index.m3u8 HTTP/1.1" 404 214 "-" "Mozilla/5.0 (Windows NT 10.0; Win64; x64; Trident/7.0; rv:11.0) like Gecko" "tna5.bozztv.com"
204.199.174.152 - - [28/Apr/2024:13:20:16 -0400] "GET /Cusco/index.m3u8 HTTP/1.1" 404 214 "-" "Mozilla/5.0 (Windows NT 10.0; Win64; x64; Trident/7.0; rv:11.0) like Gecko" "tna5.bozztv.com"
204.199.174.152 - - [28/Apr/2024:13:20:19 -0400] "GET /Cusco/index.m3u8 HTTP/1.1" 404 214 "-" "WINAMP" "tna5.bozztv.com"
154.57.7.9 - - [28/Apr/2024:13:20:19 -0400] "GET /aigaiotv1/index.m3u8 HTTP/1.1" 206 5908 "https://ssh101.com/securelive/index.php?id=aigaiotv1" "Lavf/58.45.100" "tna5.bozztv.com"
204.199.174.152 - - [28/Apr/2024:13:20:20 -0400] "GET /Cusco/index.m3u8 HTTP/1.1" 404 214 "-" "(Windows NT 10.0; Win64; x64) PotPlayer/24.03.07" "tna5.bozztv.com"
204.199.174.152 - - [28/Apr/2024:13:20:20 -0400] "GET /Cusco/index.m3u8 HTTP/1.1" 404 214 "-" "(Windows NT 10.0; Win64; x64) PotPlayer/24.03.07" "tna5.bozztv.com"
204.199.174.152 - - [28/Apr/2024:13:20:21 -0400] "GET /Cusco/index.m3u8 HTTP/1.1" 404 214 "-" "(Windows NT 10.0; Win64; x64) PotPlayer/24.03.07" "tna5.bozztv.com"
204.199.174.152 - - [28/Apr/2024:13:20:21 -0400] "GET /Cusco/index.m3u8 HTTP/1.1" 404 214 "-" "Mozilla/5.0 (Windows NT 10.0; Win64; x64; Trident/7.0; rv:11.0) like Gecko" "tna5.bozztv.com"
204.199.174.152 - - [28/Apr/2024:13:20:21 -0400] "GET /Cusco/index.m3u8 HTTP/1.1" 404 214 "-" "Mozilla/5.0 (Windows NT 10.0; Win64; x64; Trident/7.0; rv:11.0) like Gecko" "tna5.bozztv.com"
154.57.7.9 - - [28/Apr/2024:13:20:20 -0400] "GET /aigaiotv1/45073.ts HTTP/1.1" 206 2100352 "https://ssh101.com/securelive/index.php?id=aigaiotv1" "Lavf/58.45.100" "tna5.bozztv.com"
95.129.46.151 - - [28/Apr/2024:13:20:25 -0400] "GET /aigaiotv1/index.m3u8 HTTP/1.1" 206 5908 "https://ssh101.com/securelive/index.php?id=aigaiotv1" "Lavf/58.45.100" "tna5.bozztv.com"
204.199.174.152 - - [28/Apr/2024:13:20:30 -0400] "GET /Cusco/index.m3u8 HTTP/1.1" 404 214 "-" "WINAMP" "tna5.bozztv.com"
204.199.174.152 - - [28/Apr/2024:13:20:30 -0400] "GET /Cusco/index.m3u8 HTTP/1.1" 404 214 "-" "(Windows NT 10.0; Win64; x64) PotPlayer/24.03.07" "tna5.bozztv.com"
204.199.174.152 - - [28/Apr/2024:13:20:31 -0400] "GET /Cusco/index.m3u8 HTTP/1.1" 404 214 "-" "(Windows NT 10.0; Win64; x64) PotPlayer/24.03.07" "tna5.bozztv.com"
204.199.174.152 - - [28/Apr/2024:13:20:31 -0400] "GET /Cusco/index.m3u8 HTTP/1.1" 404 214 "-" "(Windows NT 10.0; Win64; x64) PotPlayer/24.03.07" "tna5.bozztv.com"
204.199.174.152 - - [28/Apr/2024:13:20:32 -0400] "GET /Cusco/index.m3u8 HTTP/1.1" 404 214 "-" "Mozilla/5.0 (Windows NT 10.0; Win64; x64; Trident/7.0; rv:11.0) like Gecko" "tna5.bozztv.com"
95.129.46.151 - - [28/Apr/2024:13:20:26 -0400] "GET /aigaiotv1/45073.ts HTTP/1.1" 206 2100352 "https://ssh101.com/securelive/index.php?id=aigaiotv1" "Lavf/58.45.100" "tna5.bozztv.com"
204.199.174.152 - - [28/Apr/2024:13:20:32 -0400] "GET /Cusco/index.m3u8 HTTP/1.1" 404 214 "-" "Mozilla/5.0 (Windows NT 10.0; Win64; x64; Trident/7.0; rv:11.0) like Gecko" "tna5.bozztv.com"
154.57.7.9 - - [28/Apr/2024:13:20:35 -0400] "GET /aigaiotv1/index.m3u8 HTTP/1.1" 206 5908 "https://ssh101.com/securelive/index.php?id=aigaiotv1" "Lavf/58.45.100" "tna5.bozztv.com"
154.57.7.9 - - [28/Apr/2024:13:20:37 -0400] "GET /aigaiotv1/45074.ts HTTP/1.1" 206 2115200 "https://ssh101.com/securelive/index.php?id=aigaiotv1" "Lavf/58.45.100" "tna5.bozztv.com"
95.129.46.151 - - [28/Apr/2024:13:20:42 -0400] "GET /aigaiotv1/index.m3u8 HTTP/1.1" 206 5908 "https://ssh101.com/securelive/index.php?id=aigaiotv1" "Lavf/58.45.100" "tna5.bozztv.com"
162.212.176.104 - - [28/Apr/2024:13:20:45 -0400] "GET /crossdomain.xml HTTP/1.1" 200 296 "-" "Mozilla/5.0 (compatible; PRTG Network Monitor (www.paessler.com); Windows)" "tna5.bozztv.com"
95.129.46.151 - - [28/Apr/2024:13:20:44 -0400] "GET /aigaiotv1/45075.ts HTTP/1.1" 206 2123280 "https://ssh101.com/securelive/index.php?id=aigaiotv1" "Lavf/58.45.100" "tna5.bozztv.com"
154.57.7.9 - - [28/Apr/2024:13:20:53 -0400] "GET /aigaiotv1/index.m3u8 HTTP/1.1" 206 5908 "https://ssh101.com/securelive/index.php?id=aigaiotv1" "Lavf/58.45.100" "tna5.bozztv.com"
154.57.7.9 - - [28/Apr/2024:13:20:54 -0400] "GET /aigaiotv1/45076.ts HTTP/1.1" 206 2062928 "https://ssh101.com/securelive/index.php?id=aigaiotv1" "Lavf/58.45.100" "tna5.bozztv.com"
95.129.46.151 - - [28/Apr/2024:13:21:01 -0400] "GET /aigaiotv1/index.m3u8 HTTP/1.1" 206 5908 "https://ssh101.com/securelive/index.php?id=aigaiotv1" "Lavf/58.45.100" "tna5.bozztv.com"
62.210.125.163 - - [28/Apr/2024:13:21:02 -0400] "GET /ALBANIANTVUSA/index.m3u8 HTTP/1.1" 404 222 "-" "AppleCoreMedia/1.0.0.9A405 (iPad; U; CPU OS 5_0_1 like Mac OS X; zh_cn)" "tna5.bozztv.com"
95.129.46.151 - - [28/Apr/2024:13:21:02 -0400] "GET /aigaiotv1/45077.ts HTTP/1.1" 206 2143024 "https://ssh101.com/securelive/index.php?id=aigaiotv1" "Lavf/58.45.100" "tna5.bozztv.com"
154.57.7.9 - - [28/Apr/2024:13:21:09 -0400] "GET /aigaiotv1/index.m3u8 HTTP/1.1" 206 5908 "https://ssh101.com/securelive/index.php?id=aigaiotv1" "Lavf/58.45.100" "tna5.bozztv.com"
154.57.7.9 - - [28/Apr/2024:13:21:11 -0400] "GET /aigaiotv1/45078.ts HTTP/1.1" 206 2096768 "https://ssh101.com/securelive/index.php?id=aigaiotv1" "Lavf/58.45.100" "tna5.bozztv.com"
95.129.46.151 - - [28/Apr/2024:13:21:18 -0400] "GET /aigaiotv1/index.m3u8 HTTP/1.1" 206 5908 "https://ssh101.com/securelive/index.php?id=aigaiotv1" "Lavf/58.45.100" "tna5.bozztv.com"
95.129.46.151 - - [28/Apr/2024:13:21:19 -0400] "GET /aigaiotv1/45079.ts HTTP/1.1" 206 2106736 "https://ssh101.com/securelive/index.php?id=aigaiotv1" "Lavf/58.45.100" "tna5.bozztv.com"
154.57.7.9 - - [28/Apr/2024:13:21:27 -0400] "GET /aigaiotv1/index.m3u8 HTTP/1.1" 206 5908 "https://ssh101.com/securelive/index.php?id=aigaiotv1" "Lavf/58.45.100" "tna5.bozztv.com"
154.57.7.9 - - [28/Apr/2024:13:21:28 -0400] "GET /aigaiotv1/45080.ts HTTP/1.1" 206 2048080 "https://ssh101.com/securelive/index.php?id=aigaiotv1" "Lavf/58.45.100" "tna5.bozztv.com"
95.129.46.151 - - [28/Apr/2024:13:21:34 -0400] "GET /aigaiotv1/index.m3u8 HTTP/1.1" 206 5908 "https://ssh101.com/securelive/index.php?id=aigaiotv1" "Lavf/58.45.100" "tna5.bozztv.com"
95.129.46.151 - - [28/Apr/2024:13:21:35 -0400] "GET /aigaiotv1/45080.ts HTTP/1.1" 206 2048080 "https://ssh101.com/securelive/index.php?id=aigaiotv1" "Lavf/58.45.100" "tna5.bozztv.com"
154.57.7.9 - - [28/Apr/2024:13:21:43 -0400] "GET /aigaiotv1/index.m3u8 HTTP/1.1" 206 5908 "https://ssh101.com/securelive/index.php?id=aigaiotv1" "Lavf/58.45.100" "tna5.bozztv.com"
162.212.176.104 - - [28/Apr/2024:13:21:45 -0400] "GET /crossdomain.xml HTTP/1.1" 200 296 "-" "Mozilla/5.0 (compatible; PRTG Network Monitor (www.paessler.com); Windows)" "tna5.bozztv.com"
154.57.7.9 - - [28/Apr/2024:13:21:44 -0400] "GET /aigaiotv1/45081.ts HTTP/1.1" 206 2131552 "https://ssh101.com/securelive/index.php?id=aigaiotv1" "Lavf/58.45.100" "tna5.bozztv.com"
95.129.46.151 - - [28/Apr/2024:13:21:50 -0400] "GET /aigaiotv1/index.m3u8 HTTP/1.1" 206 5908 "https://ssh101.com/securelive/index.php?id=aigaiotv1" "Lavf/58.45.100" "tna5.bozztv.com"
95.129.46.151 - - [28/Apr/2024:13:21:51 -0400] "GET /aigaiotv1/45082.ts HTTP/1.1" 206 2127792 "https://ssh101.com/securelive/index.php?id=aigaiotv1" "Lavf/58.45.100" "tna5.bozztv.com"
154.57.7.9 - - [28/Apr/2024:13:21:59 -0400] "GET /aigaiotv1/index.m3u8 HTTP/1.1" 206 5908 "https://ssh101.com/securelive/index.php?id=aigaiotv1" "Lavf/58.45.100" "tna5.bozztv.com"
62.210.125.163 - - [28/Apr/2024:13:22:02 -0400] "GET /ALBANIANTVUSA/index.m3u8 HTTP/1.1" 404 222 "-" "AppleCoreMedia/1.0.0.9A405 (iPad; U; CPU OS 5_0_1 like Mac OS X; zh_cn)" "tna5.bozztv.com"
154.57.7.9 - - [28/Apr/2024:13:22:00 -0400] "GET /aigaiotv1/45083.ts HTTP/1.1" 206 2104672 "https://ssh101.com/securelive/index.php?id=aigaiotv1" "Lavf/58.45.100" "tna5.bozztv.com"
95.129.46.151 - - [28/Apr/2024:13:22:08 -0400] "GET /aigaiotv1/index.m3u8 HTTP/1.1" 206 5908 "https://ssh101.com/securelive/index.php?id=aigaiotv1" "Lavf/58.45.100" "tna5.bozztv.com"
95.129.46.151 - - [28/Apr/2024:13:22:09 -0400] "GET /aigaiotv1/45084.ts HTTP/1.1" 206 2101856 "https://ssh101.com/securelive/index.php?id=aigaiotv1" "Lavf/58.45.100" "tna5.bozztv.com"
154.57.7.9 - - [28/Apr/2024:13:22:15 -0400] "GET /aigaiotv1/index.m3u8 HTTP/1.1" 206 5908 "https://ssh101.com/securelive/index.php?id=aigaiotv1" "Lavf/58.45.100" "tna5.bozztv.com"
46.182.110.134 - - [28/Apr/2024:13:22:17 -0400] "GET /TACusa/index.m3u8 HTTP/1.1" 404 215 "-" "Streamer 24.02" "tna5.bozztv.com"
154.57.7.9 - - [28/Apr/2024:13:22:17 -0400] "GET /aigaiotv1/45084.ts HTTP/1.1" 206 2101856 "https://ssh101.com/securelive/index.php?id=aigaiotv1" "Lavf/58.45.100" "tna5.bozztv.com"
95.129.46.151 - - [28/Apr/2024:13:22:26 -0400] "GET /aigaiotv1/index.m3u8 HTTP/1.1" 206 5908 "https://ssh101.com/securelive/index.php?id=aigaiotv1" "Lavf/58.45.100" "tna5.bozztv.com"
89.187.163.147 - - [28/Apr/2024:13:22:26 -0400] "HEAD /jesstv/index.m3u8 HTTP/1.1" 404 - "-" "-" "tna5.bozztv.com"
95.129.46.151 - - [28/Apr/2024:13:22:27 -0400] "GET /aigaiotv1/45085.ts HTTP/1.1" 206 2068384 "https://ssh101.com/securelive/index.php?id=aigaiotv1" "Lavf/58.45.100" "tna5.bozztv.com"
154.57.7.9 - - [28/Apr/2024:13:22:32 -0400] "GET /aigaiotv1/index.m3u8 HTTP/1.1" 206 5775 "https://ssh101.com/securelive/index.php?id=aigaiotv1" "Lavf/58.45.100" "tna5.bozztv.com"
154.57.7.9 - - [28/Apr/2024:13:22:33 -0400] "GET /aigaiotv1/45086.ts HTTP/1.1" 206 2120080 "https://ssh101.com/securelive/index.php?id=aigaiotv1" "Lavf/58.45.100" "tna5.bozztv.com"
95.129.46.151 - - [28/Apr/2024:13:22:42 -0400] "GET /aigaiotv1/index.m3u8 HTTP/1.1" 206 5908 "https://ssh101.com/securelive/index.php?id=aigaiotv1" "Lavf/58.45.100" "tna5.bozztv.com"
162.212.176.104 - - [28/Apr/2024:13:22:45 -0400] "GET /crossdomain.xml HTTP/1.1" 200 296 "-" "Mozilla/5.0 (compatible; PRTG Network Monitor (www.paessler.com); Windows)" "tna5.bozztv.com"
95.129.46.151 - - [28/Apr/2024:13:22:43 -0400] "GET /aigaiotv1/45087.ts HTTP/1.1" 206 2070640 "https://ssh101.com/securelive/index.php?id=aigaiotv1" "Lavf/58.45.100" "tna5.bozztv.com"
154.57.7.9 - - [28/Apr/2024:13:22:49 -0400] "GET /aigaiotv1/index.m3u8 HTTP/1.1" 206 5908 "https://ssh101.com/securelive/index.php?id=aigaiotv1" "Lavf/58.45.100" "tna5.bozztv.com"
154.57.7.9 - - [28/Apr/2024:13:22:50 -0400] "GET /aigaiotv1/45088.ts HTTP/1.1" 206 2108624 "https://ssh101.com/securelive/index.php?id=aigaiotv1" "Lavf/58.45.100" "tna5.bozztv.com"
95.129.46.151 - - [28/Apr/2024:13:22:59 -0400] "GET /aigaiotv1/index.m3u8 HTTP/1.1" 206 5908 "https://ssh101.com/securelive/index.php?id=aigaiotv1" "Lavf/58.45.100" "tna5.bozztv.com"
62.210.125.163 - - [28/Apr/2024:13:23:02 -0400] "GET /ALBANIANTVUSA/index.m3u8 HTTP/1.1" 404 222 "-" "AppleCoreMedia/1.0.0.9A405 (iPad; U; CPU OS 5_0_1 like Mac OS X; zh_cn)" "tna5.bozztv.com"
95.129.46.151 - - [28/Apr/2024:13:23:00 -0400] "GET /aigaiotv1/45089.ts HTTP/1.1" 206 2116704 "https://ssh101.com/securelive/index.php?id=aigaiotv1" "Lavf/58.45.100" "tna5.bozztv.com"
154.57.7.9 - - [28/Apr/2024:13:23:05 -0400] "GET /aigaiotv1/index.m3u8 HTTP/1.1" 206 5908 "https://ssh101.com/securelive/index.php?id=aigaiotv1" "Lavf/58.45.100" "tna5.bozztv.com"
159.89.128.171 - - [28/Apr/2024:13:23:08 -0400] "\x16\x03\x01" 400 226 "-" "-" "-"
159.89.128.171 - - [28/Apr/2024:13:23:08 -0400] "\x16\x03\x01" 400 226 "-" "-" "-"
159.89.128.171 - - [28/Apr/2024:13:23:08 -0400] "GET / HTTP/1.1" 302 209 "-" "Mozilla/5.0 (Windows NT 10.0; Win64; x64) AppleWebKit/537.36 (KHTML, like Gecko) Chrome/108.0.0.0 Safari/537.36" "208.79.153.189"
159.89.128.171 - - [28/Apr/2024:13:23:08 -0400] "GET /form.html HTTP/1.1" 302 218 "-" "curl/8.1.2" "208.79.153.189"
159.89.128.171 - - [28/Apr/2024:13:23:08 -0400] "GET /upl.php HTTP/1.1" 302 216 "-" "Mozilla/5.0" "208.79.153.189"
159.89.128.171 - - [28/Apr/2024:13:23:08 -0400] "\x16\x03\x01" 400 226 "-" "-" "-"
159.89.128.171 - - [28/Apr/2024:13:23:08 -0400] "GET /geoip/ HTTP/1.1" 302 215 "-" "Mozilla/5.0 (Windows NT 10.0; Win64; x64) AppleWebKit/537.36 (KHTML, like Gecko) Chrome/108.0.0.0 Safari/537.36" "208.79.153.189"
159.89.128.171 - - [28/Apr/2024:13:23:09 -0400] "GET /favicon.ico HTTP/1.1" 302 220 "-" "Mozilla/5.0 (Windows NT 10.0; Win64; x64) AppleWebKit/537.36 (KHTML, like Gecko) Chrome/108.0.0.0 Safari/537.36" "208.79.153.189"
159.89.128.171 - - [28/Apr/2024:13:23:09 -0400] "GET /1.php HTTP/1.1" 302 214 "-" "Mozilla/5.0 (Windows NT 10.0; Win64; x64) AppleWebKit/537.36 (KHTML, like Gecko) Chrome/108.0.0.0 Safari/537.36" "208.79.153.189"
159.89.128.171 - - [28/Apr/2024:13:23:09 -0400] "GET /bundle.js HTTP/1.1" 302 218 "-" "Mozilla/5.0 (Windows NT 10.0; Win64; x64) AppleWebKit/537.36 (KHTML, like Gecko) Chrome/108.0.0.0 Safari/537.36" "208.79.153.189"
159.89.128.171 - - [28/Apr/2024:13:23:09 -0400] "GET /files/ HTTP/1.1" 302 215 "-" "Mozilla/5.0 (Windows NT 10.0; Win64; x64) AppleWebKit/537.36 (KHTML, like Gecko) Chrome/108.0.0.0 Safari/537.36" "208.79.153.189"
159.89.128.171 - - [28/Apr/2024:13:23:09 -0400] "GET /systembc/password.php HTTP/1.1" 302 230 "-" "Mozilla/5.0 (Windows NT 10.0; Win64; x64) AppleWebKit/537.36 (KHTML, like Gecko) Chrome/108.0.0.0 Safari/537.36" "208.79.153.189"
159.89.128.171 - - [28/Apr/2024:13:23:09 -0400] "GET /password.php HTTP/1.1" 302 221 "-" "Mozilla/5.0 (Windows NT 10.0; Win64; x64) AppleWebKit/537.36 (KHTML, like Gecko) Chrome/108.0.0.0 Safari/537.36" "208.79.153.189"
159.89.128.171 - - [28/Apr/2024:13:23:09 -0400] "GET /info.php HTTP/1.1" 302 217 "-" "Mozilla/5.0 (Windows NT 10.0; Win64; x64) AppleWebKit/537.36 (KHTML, like Gecko) Chrome/108.0.0.0 Safari/537.36" "208.79.153.189"
154.57.7.9 - - [28/Apr/2024:13:23:06 -0400] "GET /aigaiotv1/45089.ts HTTP/1.1" 206 2116704 "https://ssh101.com/securelive/index.php?id=aigaiotv1" "Lavf/58.45.100" "tna5.bozztv.com"
95.129.46.151 - - [28/Apr/2024:13:23:15 -0400] "GET /aigaiotv1/index.m3u8 HTTP/1.1" 206 5908 "https://ssh101.com/securelive/index.php?id=aigaiotv1" "Lavf/58.45.100" "tna5.bozztv.com"
95.129.46.151 - - [28/Apr/2024:13:23:16 -0400] "GET /aigaiotv1/45090.ts HTTP/1.1" 206 2225360 "https://ssh101.com/securelive/index.php?id=aigaiotv1" "Lavf/58.45.100" "tna5.bozztv.com"
154.57.7.9 - - [28/Apr/2024:13:23:22 -0400] "GET /aigaiotv1/index.m3u8 HTTP/1.1" 206 5908 "https://ssh101.com/securelive/index.php?id=aigaiotv1" "Lavf/58.45.100" "tna5.bozztv.com"
154.57.7.9 - - [28/Apr/2024:13:23:23 -0400] "GET /aigaiotv1/45091.ts HTTP/1.1" 206 2161440 "https://ssh101.com/securelive/index.php?id=aigaiotv1" "Lavf/58.45.100" "tna5.bozztv.com"
95.129.46.151 - - [28/Apr/2024:13:23:31 -0400] "GET /aigaiotv1/index.m3u8 HTTP/1.1" 206 5908 "https://ssh101.com/securelive/index.php?id=aigaiotv1" "Lavf/58.45.100" "tna5.bozztv.com"
95.129.46.151 - - [28/Apr/2024:13:23:32 -0400] "GET /aigaiotv1/45092.ts HTTP/1.1" 206 2078544 "https://ssh101.com/securelive/index.php?id=aigaiotv1" "Lavf/58.45.100" "tna5.bozztv.com"
154.57.7.9 - - [28/Apr/2024:13:23:39 -0400] "GET /aigaiotv1/index.m3u8 HTTP/1.1" 206 5908 "https://ssh101.com/securelive/index.php?id=aigaiotv1" "Lavf/58.45.100" "tna5.bozztv.com"
162.212.176.104 - - [28/Apr/2024:13:23:45 -0400] "GET /crossdomain.xml HTTP/1.1" 200 296 "-" "Mozilla/5.0 (compatible; PRTG Network Monitor (www.paessler.com); Windows)" "tna5.bozztv.com"
154.57.7.9 - - [28/Apr/2024:13:23:40 -0400] "GET /aigaiotv1/45093.ts HTTP/1.1" 206 2110688 "https://ssh101.com/securelive/index.php?id=aigaiotv1" "Lavf/58.45.100" "tna5.bozztv.com"
95.129.46.151 - - [28/Apr/2024:13:23:47 -0400] "GET /aigaiotv1/index.m3u8 HTTP/1.1" 206 5908 "https://ssh101.com/securelive/index.php?id=aigaiotv1" "Lavf/58.45.100" "tna5.bozztv.com"
95.129.46.151 - - [28/Apr/2024:13:23:48 -0400] "GET /aigaiotv1/45094.ts HTTP/1.1" 206 2082480 "https://ssh101.com/securelive/index.php?id=aigaiotv1" "Lavf/58.45.100" "tna5.bozztv.com"
154.57.7.9 - - [28/Apr/2024:13:23:57 -0400] "GET /aigaiotv1/index.m3u8 HTTP/1.1" 206 5908 "https://ssh101.com/securelive/index.php?id=aigaiotv1" "Lavf/58.45.100" "tna5.bozztv.com"
154.57.7.9 - - [28/Apr/2024:13:23:58 -0400] "GET /aigaiotv1/45094.ts HTTP/1.1" 206 2082480 "https://ssh101.com/securelive/index.php?id=aigaiotv1" "Lavf/58.45.100" "tna5.bozztv.com"
62.210.125.163 - - [28/Apr/2024:13:24:03 -0400] "GET /ALBANIANTVUSA/index.m3u8 HTTP/1.1" 404 222 "-" "AppleCoreMedia/1.0.0.9A405 (iPad; U; CPU OS 5_0_1 like Mac OS X; zh_cn)" "tna5.bozztv.com"
95.129.46.151 - - [28/Apr/2024:13:24:03 -0400] "GET /aigaiotv1/index.m3u8 HTTP/1.1" 206 5908 "https://ssh101.com/securelive/index.php?id=aigaiotv1" "Lavf/58.45.100" "tna5.bozztv.com"
95.129.46.151 - - [28/Apr/2024:13:24:04 -0400] "GET /aigaiotv1/45095.ts HTTP/1.1" 206 2071584 "https://ssh101.com/securelive/index.php?id=aigaiotv1" "Lavf/58.45.100" "tna5.bozztv.com"
154.57.7.9 - - [28/Apr/2024:13:24:13 -0400] "GET /aigaiotv1/index.m3u8 HTTP/1.1" 206 5908 "https://ssh101.com/securelive/index.php?id=aigaiotv1" "Lavf/58.45.100" "tna5.bozztv.com"
154.57.7.9 - - [28/Apr/2024:13:24:15 -0400] "GET /aigaiotv1/45096.ts HTTP/1.1" 206 2134192 "https://ssh101.com/securelive/index.php?id=aigaiotv1" "Lavf/58.45.100" "tna5.bozztv.com"
95.129.46.151 - - [28/Apr/2024:13:24:21 -0400] "GET /aigaiotv1/index.m3u8 HTTP/1.1" 206 5908 "https://ssh101.com/securelive/index.php?id=aigaiotv1" "Lavf/58.45.100" "tna5.bozztv.com"
95.129.46.151 - - [28/Apr/2024:13:24:22 -0400] "GET /aigaiotv1/45097.ts HTTP/1.1" 206 2461120 "https://ssh101.com/securelive/index.php?id=aigaiotv1" "Lavf/58.45.100" "tna5.bozztv.com"
154.57.7.9 - - [28/Apr/2024:13:24:30 -0400] "GET /aigaiotv1/index.m3u8 HTTP/1.1" 206 5908 "https://ssh101.com/securelive/index.php?id=aigaiotv1" "Lavf/58.45.100" "tna5.bozztv.com"
154.57.7.9 - - [28/Apr/2024:13:24:31 -0400] "GET /aigaiotv1/45098.ts HTTP/1.1" 206 1948448 "https://ssh101.com/securelive/index.php?id=aigaiotv1" "Lavf/58.45.100" "tna5.bozztv.com"
95.129.46.151 - - [28/Apr/2024:13:24:37 -0400] "GET /aigaiotv1/index.m3u8 HTTP/1.1" 206 5908 "https://ssh101.com/securelive/index.php?id=aigaiotv1" "Lavf/58.45.100" "tna5.bozztv.com"
95.129.46.151 - - [28/Apr/2024:13:24:38 -0400] "GET /aigaiotv1/45098.ts HTTP/1.1" 206 1948448 "https://ssh101.com/securelive/index.php?id=aigaiotv1" "Lavf/58.45.100" "tna5.bozztv.com"
162.212.176.104 - - [28/Apr/2024:13:24:45 -0400] "GET /crossdomain.xml HTTP/1.1" 200 296 "-" "Mozilla/5.0 (compatible; PRTG Network Monitor (www.paessler.com); Windows)" "tna5.bozztv.com"
154.57.7.9 - - [28/Apr/2024:13:24:46 -0400] "GET /aigaiotv1/index.m3u8 HTTP/1.1" 206 5908 "https://ssh101.com/securelive/index.php?id=aigaiotv1" "Lavf/58.45.100" "tna5.bozztv.com"
154.57.7.9 - - [28/Apr/2024:13:24:47 -0400] "GET /aigaiotv1/45099.ts HTTP/1.1" 206 2045072 "https://ssh101.com/securelive/index.php?id=aigaiotv1" "Lavf/58.45.100" "tna5.bozztv.com"
95.129.46.151 - - [28/Apr/2024:13:24:53 -0400] "GET /aigaiotv1/index.m3u8 HTTP/1.1" 206 5908 "https://ssh101.com/securelive/index.php?id=aigaiotv1" "Lavf/58.45.100" "tna5.bozztv.com"
95.129.46.151 - - [28/Apr/2024:13:24:55 -0400] "GET /aigaiotv1/45100.ts HTTP/1.1" 206 2149408 "https://ssh101.com/securelive/index.php?id=aigaiotv1" "Lavf/58.45.100" "tna5.bozztv.com"
62.210.125.163 - - [28/Apr/2024:13:25:03 -0400] "GET /ALBANIANTVUSA/index.m3u8 HTTP/1.1" 404 222 "-" "AppleCoreMedia/1.0.0.9A405 (iPad; U; CPU OS 5_0_1 like Mac OS X; zh_cn)" "tna5.bozztv.com"
154.57.7.9 - - [28/Apr/2024:13:25:03 -0400] "GET /aigaiotv1/index.m3u8 HTTP/1.1" 206 5908 "https://ssh101.com/securelive/index.php?id=aigaiotv1" "Lavf/58.45.100" "tna5.bozztv.com"
154.57.7.9 - - [28/Apr/2024:13:25:04 -0400] "GET /aigaiotv1/45101.ts HTTP/1.1" 206 2134000 "https://ssh101.com/securelive/index.php?id=aigaiotv1" "Lavf/58.45.100" "tna5.bozztv.com"
95.129.46.151 - - [28/Apr/2024:13:25:10 -0400] "GET /aigaiotv1/index.m3u8 HTTP/1.1" 206 5908 "https://ssh101.com/securelive/index.php?id=aigaiotv1" "Lavf/58.45.100" "tna5.bozztv.com"
92.206.218.108 - - [28/Apr/2024:13:25:15 -0400] "GET /AVCHD/index.m3u8 HTTP/1.1" 404 214 "-" "VLC/3.0.0-git LibVLC/3.0.0-git" "tna5.bozztv.com"
95.129.46.151 - - [28/Apr/2024:13:25:11 -0400] "GET /aigaiotv1/45102.ts HTTP/1.1" 206 2076096 "https://ssh101.com/securelive/index.php?id=aigaiotv1" "Lavf/58.45.100" "tna5.bozztv.com"
154.57.7.9 - - [28/Apr/2024:13:25:20 -0400] "GET /aigaiotv1/index.m3u8 HTTP/1.1" 206 5908 "https://ssh101.com/securelive/index.php?id=aigaiotv1" "Lavf/58.45.100" "tna5.bozztv.com"
154.57.7.9 - - [28/Apr/2024:13:25:21 -0400] "GET /aigaiotv1/45103.ts HTTP/1.1" 206 2038112 "https://ssh101.com/securelive/index.php?id=aigaiotv1" "Lavf/58.45.100" "tna5.bozztv.com"
95.129.46.151 - - [28/Apr/2024:13:25:26 -0400] "GET /aigaiotv1/index.m3u8 HTTP/1.1" 206 5908 "https://ssh101.com/securelive/index.php?id=aigaiotv1" "Lavf/58.45.100" "tna5.bozztv.com"
95.129.46.151 - - [28/Apr/2024:13:25:27 -0400] "GET /aigaiotv1/45103.ts HTTP/1.1" 206 2038112 "https://ssh101.com/securelive/index.php?id=aigaiotv1" "Lavf/58.45.100" "tna5.bozztv.com"
154.57.7.9 - - [28/Apr/2024:13:25:36 -0400] "GET /aigaiotv1/index.m3u8 HTTP/1.1" 206 5908 "https://ssh101.com/securelive/index.php?id=aigaiotv1" "Lavf/58.45.100" "tna5.bozztv.com"
154.57.7.9 - - [28/Apr/2024:13:25:38 -0400] "GET /aigaiotv1/45104.ts HTTP/1.1" 206 2099968 "https://ssh101.com/securelive/index.php?id=aigaiotv1" "Lavf/58.45.100" "tna5.bozztv.com"
95.129.46.151 - - [28/Apr/2024:13:25:44 -0400] "GET /aigaiotv1/index.m3u8 HTTP/1.1" 206 5908 "https://ssh101.com/securelive/index.php?id=aigaiotv1" "Lavf/58.45.100" "tna5.bozztv.com"
162.212.176.104 - - [28/Apr/2024:13:25:45 -0400] "GET /crossdomain.xml HTTP/1.1" 200 296 "-" "Mozilla/5.0 (compatible; PRTG Network Monitor (www.paessler.com); Windows)" "tna5.bozztv.com"
95.129.46.151 - - [28/Apr/2024:13:25:45 -0400] "GET /aigaiotv1/45105.ts HTTP/1.1" 206 2068768 "https://ssh101.com/securelive/index.php?id=aigaiotv1" "Lavf/58.45.100" "tna5.bozztv.com"
154.57.7.9 - - [28/Apr/2024:13:25:53 -0400] "GET /aigaiotv1/index.m3u8 HTTP/1.1" 206 5775 "https://ssh101.com/securelive/index.php?id=aigaiotv1" "Lavf/58.45.100" "tna5.bozztv.com"
154.57.7.9 - - [28/Apr/2024:13:25:54 -0400] "GET /aigaiotv1/45106.ts HTTP/1.1" 206 2108992 "https://ssh101.com/securelive/index.php?id=aigaiotv1" "Lavf/58.45.100" "tna5.bozztv.com"
95.129.46.151 - - [28/Apr/2024:13:26:00 -0400] "GET /aigaiotv1/index.m3u8 HTTP/1.1" 206 5908 "https://ssh101.com/securelive/index.php?id=aigaiotv1" "Lavf/58.45.100" "tna5.bozztv.com"
62.210.125.163 - - [28/Apr/2024:13:26:02 -0400] "GET /ALBANIANTVUSA/index.m3u8 HTTP/1.1" 404 222 "-" "AppleCoreMedia/1.0.0.9A405 (iPad; U; CPU OS 5_0_1 like Mac OS X; zh_cn)" "tna5.bozztv.com"
95.129.46.151 - - [28/Apr/2024:13:26:01 -0400] "GET /aigaiotv1/45107.ts HTTP/1.1" 206 2105984 "https://ssh101.com/securelive/index.php?id=aigaiotv1" "Lavf/58.45.100" "tna5.bozztv.com"
154.57.7.9 - - [28/Apr/2024:13:26:09 -0400] "GET /aigaiotv1/index.m3u8 HTTP/1.1" 206 5908 "https://ssh101.com/securelive/index.php?id=aigaiotv1" "Lavf/58.45.100" "tna5.bozztv.com"
154.57.7.9 - - [28/Apr/2024:13:26:10 -0400] "GET /aigaiotv1/45108.ts HTTP/1.1" 206 2097344 "https://ssh101.com/securelive/index.php?id=aigaiotv1" "Lavf/58.45.100" "tna5.bozztv.com"
95.129.46.151 - - [28/Apr/2024:13:26:18 -0400] "GET /aigaiotv1/index.m3u8 HTTP/1.1" 206 5908 "https://ssh101.com/securelive/index.php?id=aigaiotv1" "Lavf/58.45.100" "tna5.bozztv.com"
95.129.46.151 - - [28/Apr/2024:13:26:19 -0400] "GET /aigaiotv1/45108.ts HTTP/1.1" 206 2097344 "https://ssh101.com/securelive/index.php?id=aigaiotv1" "Lavf/58.45.100" "tna5.bozztv.com"
40.77.167.45 - - [28/Apr/2024:13:26:25 -0400] "GET /cadcgergth/index.m3u8 HTTP/1.1" 404 219 "-" "Mozilla/5.0 AppleWebKit/537.36 (KHTML, like Gecko; compatible; bingbot/2.0; +http://www.bing.com/bingbot.htm) Chrome/116.0.1938.76 Safari/537.36" "tna5.bozztv.com"
154.57.7.9 - - [28/Apr/2024:13:26:25 -0400] "GET /aigaiotv1/index.m3u8 HTTP/1.1" 206 5908 "https://ssh101.com/securelive/index.php?id=aigaiotv1" "Lavf/58.45.100" "tna5.bozztv.com"
154.57.7.9 - - [28/Apr/2024:13:26:27 -0400] "GET /aigaiotv1/45109.ts HTTP/1.1" 206 2108048 "https://ssh101.com/securelive/index.php?id=aigaiotv1" "Lavf/58.45.100" "tna5.bozztv.com"
95.129.46.151 - - [28/Apr/2024:13:26:34 -0400] "GET /aigaiotv1/index.m3u8 HTTP/1.1" 206 5908 "https://ssh101.com/securelive/index.php?id=aigaiotv1" "Lavf/58.45.100" "tna5.bozztv.com"
77.49.254.229 - - [28/Apr/2024:13:26:35 -0400] "GET /Cusco/index.m3u8 HTTP/1.1" 404 214 "https://ssh101.com/" "VLC/3.0.8 LibVLC/3.0.8" "tna5.bozztv.com"
95.129.46.151 - - [28/Apr/2024:13:26:35 -0400] "GET /aigaiotv1/45110.ts HTTP/1.1" 206 2152800 "https://ssh101.com/securelive/index.php?id=aigaiotv1" "Lavf/58.45.100" "tna5.bozztv.com"
154.57.7.9 - - [28/Apr/2024:13:26:42 -0400] "GET /aigaiotv1/index.m3u8 HTTP/1.1" 206 5908 "https://ssh101.com/securelive/index.php?id=aigaiotv1" "Lavf/58.45.100" "tna5.bozztv.com"
162.212.176.104 - - [28/Apr/2024:13:26:45 -0400] "GET /crossdomain.xml HTTP/1.1" 200 296 "-" "Mozilla/5.0 (compatible; PRTG Network Monitor (www.paessler.com); Windows)" "tna5.bozztv.com"
154.57.7.9 - - [28/Apr/2024:13:26:43 -0400] "GET /aigaiotv1/45111.ts HTTP/1.1" 206 2393632 "https://ssh101.com/securelive/index.php?id=aigaiotv1" "Lavf/58.45.100" "tna5.bozztv.com"
95.129.46.151 - - [28/Apr/2024:13:26:50 -0400] "GET /aigaiotv1/index.m3u8 HTTP/1.1" 206 5908 "https://ssh101.com/securelive/index.php?id=aigaiotv1" "Lavf/58.45.100" "tna5.bozztv.com"
95.129.46.151 - - [28/Apr/2024:13:26:51 -0400] "GET /aigaiotv1/45112.ts HTTP/1.1" 206 2023824 "https://ssh101.com/securelive/index.php?id=aigaiotv1" "Lavf/58.45.100" "tna5.bozztv.com"
154.57.7.9 - - [28/Apr/2024:13:26:58 -0400] "GET /aigaiotv1/index.m3u8 HTTP/1.1" 206 5908 "https://ssh101.com/securelive/index.php?id=aigaiotv1" "Lavf/58.45.100" "tna5.bozztv.com"
77.49.254.229 - - [28/Apr/2024:13:26:58 -0400] "GET /Cusco/index.m3u8 HTTP/1.1" 404 214 "https://ssh101.com/" "VLC/3.0.8 LibVLC/3.0.8" "tna5.bozztv.com"
77.49.254.229 - - [28/Apr/2024:13:26:58 -0400] "GET /Cusco/index.m3u8 HTTP/1.1" 404 214 "https://ssh101.com/" "VLC/3.0.8 LibVLC/3.0.8" "tna5.bozztv.com"
62.210.125.163 - - [28/Apr/2024:13:27:02 -0400] "GET /ALBANIANTVUSA/index.m3u8 HTTP/1.1" 404 222 "-" "AppleCoreMedia/1.0.0.9A405 (iPad; U; CPU OS 5_0_1 like Mac OS X; zh_cn)" "tna5.bozztv.com"
154.57.7.9 - - [28/Apr/2024:13:26:59 -0400] "GET /aigaiotv1/45112.ts HTTP/1.1" 206 2023824 "https://ssh101.com/securelive/index.php?id=aigaiotv1" "Lavf/58.45.100" "tna5.bozztv.com"
95.129.46.151 - - [28/Apr/2024:13:27:06 -0400] "GET /aigaiotv1/index.m3u8 HTTP/1.1" 206 5908 "https://ssh101.com/securelive/index.php?id=aigaiotv1" "Lavf/58.45.100" "tna5.bozztv.com"
77.49.254.229 - - [28/Apr/2024:13:27:07 -0400] "GET /Cusco/index.m3u8 HTTP/1.1" 404 214 "https://ssh101.com/" "VLC/3.0.8 LibVLC/3.0.8" "tna5.bozztv.com"
77.49.254.229 - - [28/Apr/2024:13:27:08 -0400] "GET /Cusco/index.m3u8 HTTP/1.1" 404 214 "https://ssh101.com/" "VLC/3.0.8 LibVLC/3.0.8" "tna5.bozztv.com"
95.129.46.151 - - [28/Apr/2024:13:27:07 -0400] "GET /aigaiotv1/45113.ts HTTP/1.1" 206 2056736 "https://ssh101.com/securelive/index.php?id=aigaiotv1" "Lavf/58.45.100" "tna5.bozztv.com"
154.57.7.9 - - [28/Apr/2024:13:27:15 -0400] "GET /aigaiotv1/index.m3u8 HTTP/1.1" 206 5908 "https://ssh101.com/securelive/index.php?id=aigaiotv1" "Lavf/58.45.100" "tna5.bozztv.com"
154.57.7.9 - - [28/Apr/2024:13:27:16 -0400] "GET /aigaiotv1/45114.ts HTTP/1.1" 206 2504352 "https://ssh101.com/securelive/index.php?id=aigaiotv1" "Lavf/58.45.100" "tna5.bozztv.com"
95.129.46.151 - - [28/Apr/2024:13:27:23 -0400] "GET /aigaiotv1/index.m3u8 HTTP/1.1" 206 5908 "https://ssh101.com/securelive/index.php?id=aigaiotv1" "Lavf/58.45.100" "tna5.bozztv.com"
95.129.46.151 - - [28/Apr/2024:13:27:24 -0400] "GET /aigaiotv1/45115.ts HTTP/1.1" 206 2194720 "https://ssh101.com/securelive/index.php?id=aigaiotv1" "Lavf/58.45.100" "tna5.bozztv.com"
154.57.7.9 - - [28/Apr/2024:13:27:31 -0400] "GET /aigaiotv1/index.m3u8 HTTP/1.1" 206 5908 "https://ssh101.com/securelive/index.php?id=aigaiotv1" "Lavf/58.45.100" "tna5.bozztv.com"
154.57.7.9 - - [28/Apr/2024:13:27:32 -0400] "GET /aigaiotv1/45115.ts HTTP/1.1" 206 2194720 "https://ssh101.com/securelive/index.php?id=aigaiotv1" "Lavf/58.45.100" "tna5.bozztv.com"
95.129.46.151 - - [28/Apr/2024:13:27:39 -0400] "GET /aigaiotv1/index.m3u8 HTTP/1.1" 206 5908 "https://ssh101.com/securelive/index.php?id=aigaiotv1" "Lavf/58.45.100" "tna5.bozztv.com"
95.129.46.151 - - [28/Apr/2024:13:27:40 -0400] "GET /aigaiotv1/45116.ts HTTP/1.1" 206 2415808 "https://ssh101.com/securelive/index.php?id=aigaiotv1" "Lavf/58.45.100" "tna5.bozztv.com"
162.212.176.104 - - [28/Apr/2024:13:27:45 -0400] "GET /crossdomain.xml HTTP/1.1" 200 296 "-" "Mozilla/5.0 (compatible; PRTG Network Monitor (www.paessler.com); Windows)" "tna5.bozztv.com"
154.57.7.9 - - [28/Apr/2024:13:27:47 -0400] "GET /aigaiotv1/index.m3u8 HTTP/1.1" 206 5908 "https://ssh101.com/securelive/index.php?id=aigaiotv1" "Lavf/58.45.100" "tna5.bozztv.com"
154.57.7.9 - - [28/Apr/2024:13:27:48 -0400] "GET /aigaiotv1/45117.ts HTTP/1.1" 206 1980592 "https://ssh101.com/securelive/index.php?id=aigaiotv1" "Lavf/58.45.100" "tna5.bozztv.com"
95.129.46.151 - - [28/Apr/2024:13:27:55 -0400] "GET /aigaiotv1/index.m3u8 HTTP/1.1" 206 5908 "https://ssh101.com/securelive/index.php?id=aigaiotv1" "Lavf/58.45.100" "tna5.bozztv.com"
95.129.46.151 - - [28/Apr/2024:13:27:56 -0400] "GET /aigaiotv1/45118.ts HTTP/1.1" 206 2140384 "https://ssh101.com/securelive/index.php?id=aigaiotv1" "Lavf/58.45.100" "tna5.bozztv.com"
62.210.125.163 - - [28/Apr/2024:13:28:03 -0400] "GET /ALBANIANTVUSA/index.m3u8 HTTP/1.1" 404 222 "-" "AppleCoreMedia/1.0.0.9A405 (iPad; U; CPU OS 5_0_1 like Mac OS X; zh_cn)" "tna5.bozztv.com"
154.57.7.9 - - [28/Apr/2024:13:28:03 -0400] "GET /aigaiotv1/index.m3u8 HTTP/1.1" 206 5908 "https://ssh101.com/securelive/index.php?id=aigaiotv1" "Lavf/58.45.100" "tna5.bozztv.com"
154.57.7.9 - - [28/Apr/2024:13:28:05 -0400] "GET /aigaiotv1/45119.ts HTTP/1.1" 206 2111440 "https://ssh101.com/securelive/index.php?id=aigaiotv1" "Lavf/58.45.100" "tna5.bozztv.com"
95.129.46.151 - - [28/Apr/2024:13:28:11 -0400] "GET /aigaiotv1/index.m3u8 HTTP/1.1" 206 5908 "https://ssh101.com/securelive/index.php?id=aigaiotv1" "Lavf/58.45.100" "tna5.bozztv.com"
95.129.46.151 - - [28/Apr/2024:13:28:12 -0400] "GET /aigaiotv1/45119.ts HTTP/1.1" 206 2111440 "https://ssh101.com/securelive/index.php?id=aigaiotv1" "Lavf/58.45.100" "tna5.bozztv.com"
46.182.110.134 - - [28/Apr/2024:13:28:18 -0400] "GET /TACusa/index.m3u8 HTTP/1.1" 404 215 "-" "Streamer 24.02" "tna5.bozztv.com"
154.57.7.9 - - [28/Apr/2024:13:28:21 -0400] "GET /aigaiotv1/index.m3u8 HTTP/1.1" 206 5908 "https://ssh101.com/securelive/index.php?id=aigaiotv1" "Lavf/58.45.100" "tna5.bozztv.com"
95.129.46.151 - - [28/Apr/2024:13:28:27 -0400] "GET /aigaiotv1/index.m3u8 HTTP/1.1" 206 5908 "https://ssh101.com/securelive/index.php?id=aigaiotv1" "Lavf/58.45.100" "tna5.bozztv.com"
154.57.7.9 - - [28/Apr/2024:13:28:22 -0400] "GET /aigaiotv1/45120.ts HTTP/1.1" 206 2208256 "https://ssh101.com/securelive/index.php?id=aigaiotv1" "Lavf/58.45.100" "tna5.bozztv.com"
95.129.46.151 - - [28/Apr/2024:13:28:28 -0400] "GET /aigaiotv1/45121.ts HTTP/1.1" 206 2033792 "https://ssh101.com/securelive/index.php?id=aigaiotv1" "Lavf/58.45.100" "tna5.bozztv.com"
154.57.7.9 - - [28/Apr/2024:13:28:38 -0400] "GET /aigaiotv1/index.m3u8 HTTP/1.1" 206 5908 "https://ssh101.com/securelive/index.php?id=aigaiotv1" "Lavf/58.45.100" "tna5.bozztv.com"
154.57.7.9 - - [28/Apr/2024:13:28:39 -0400] "GET /aigaiotv1/45122.ts HTTP/1.1" 206 2050528 "https://ssh101.com/securelive/index.php?id=aigaiotv1" "Lavf/58.45.100" "tna5.bozztv.com"
95.129.46.151 - - [28/Apr/2024:13:28:44 -0400] "GET /aigaiotv1/index.m3u8 HTTP/1.1" 206 5908 "https://ssh101.com/securelive/index.php?id=aigaiotv1" "Lavf/58.45.100" "tna5.bozztv.com"
162.212.176.104 - - [28/Apr/2024:13:28:45 -0400] "GET /crossdomain.xml HTTP/1.1" 200 296 "-" "Mozilla/5.0 (compatible; PRTG Network Monitor (www.paessler.com); Windows)" "tna5.bozztv.com"
95.129.46.151 - - [28/Apr/2024:13:28:45 -0400] "GET /aigaiotv1/45123.ts HTTP/1.1" 206 2139632 "https://ssh101.com/securelive/index.php?id=aigaiotv1" "Lavf/58.45.100" "tna5.bozztv.com"
154.57.7.9 - - [28/Apr/2024:13:28:55 -0400] "GET /aigaiotv1/index.m3u8 HTTP/1.1" 206 5908 "https://ssh101.com/securelive/index.php?id=aigaiotv1" "Lavf/58.45.100" "tna5.bozztv.com"
154.57.7.9 - - [28/Apr/2024:13:28:56 -0400] "GET /aigaiotv1/45124.ts HTTP/1.1" 206 2085680 "https://ssh101.com/securelive/index.php?id=aigaiotv1" "Lavf/58.45.100" "tna5.bozztv.com"
95.129.46.151 - - [28/Apr/2024:13:29:01 -0400] "GET /aigaiotv1/index.m3u8 HTTP/1.1" 206 5908 "https://ssh101.com/securelive/index.php?id=aigaiotv1" "Lavf/58.45.100" "tna5.bozztv.com"
62.210.125.163 - - [28/Apr/2024:13:29:03 -0400] "GET /ALBANIANTVUSA/index.m3u8 HTTP/1.1" 404 222 "-" "AppleCoreMedia/1.0.0.9A405 (iPad; U; CPU OS 5_0_1 like Mac OS X; zh_cn)" "tna5.bozztv.com"
95.129.46.151 - - [28/Apr/2024:13:29:03 -0400] "GET /aigaiotv1/45124.ts HTTP/1.1" 206 2085680 "https://ssh101.com/securelive/index.php?id=aigaiotv1" "Lavf/58.45.100" "tna5.bozztv.com"
154.57.7.9 - - [28/Apr/2024:13:29:11 -0400] "GET /aigaiotv1/index.m3u8 HTTP/1.1" 206 5908 "https://ssh101.com/securelive/index.php?id=aigaiotv1" "Lavf/58.45.100" "tna5.bozztv.com"
154.57.7.9 - - [28/Apr/2024:13:29:12 -0400] "GET /aigaiotv1/45125.ts HTTP/1.1" 206 2090192 "https://ssh101.com/securelive/index.php?id=aigaiotv1" "Lavf/58.45.100" "tna5.bozztv.com"
95.129.46.151 - - [28/Apr/2024:13:29:18 -0400] "GET /aigaiotv1/index.m3u8 HTTP/1.1" 206 5775 "https://ssh101.com/securelive/index.php?id=aigaiotv1" "Lavf/58.45.100" "tna5.bozztv.com"
95.129.46.151 - - [28/Apr/2024:13:29:19 -0400] "GET /aigaiotv1/45126.ts HTTP/1.1" 206 2156560 "https://ssh101.com/securelive/index.php?id=aigaiotv1" "Lavf/58.45.100" "tna5.bozztv.com"
154.57.7.9 - - [28/Apr/2024:13:29:27 -0400] "GET /aigaiotv1/index.m3u8 HTTP/1.1" 206 5908 "https://ssh101.com/securelive/index.php?id=aigaiotv1" "Lavf/58.45.100" "tna5.bozztv.com"
154.57.7.9 - - [28/Apr/2024:13:29:28 -0400] "GET /aigaiotv1/45127.ts HTTP/1.1" 206 2068944 "https://ssh101.com/securelive/index.php?id=aigaiotv1" "Lavf/58.45.100" "tna5.bozztv.com"
95.129.46.151 - - [28/Apr/2024:13:29:34 -0400] "GET /aigaiotv1/index.m3u8 HTTP/1.1" 206 5908 "https://ssh101.com/securelive/index.php?id=aigaiotv1" "Lavf/58.45.100" "tna5.bozztv.com"
95.129.46.151 - - [28/Apr/2024:13:29:35 -0400] "GET /aigaiotv1/45128.ts HTTP/1.1" 206 2070640 "https://ssh101.com/securelive/index.php?id=aigaiotv1" "Lavf/58.45.100" "tna5.bozztv.com"
154.57.7.9 - - [28/Apr/2024:13:29:44 -0400] "GET /aigaiotv1/index.m3u8 HTTP/1.1" 206 5908 "https://ssh101.com/securelive/index.php?id=aigaiotv1" "Lavf/58.45.100" "tna5.bozztv.com"
162.212.176.104 - - [28/Apr/2024:13:29:45 -0400] "GET /crossdomain.xml HTTP/1.1" 200 296 "-" "Mozilla/5.0 (compatible; PRTG Network Monitor (www.paessler.com); Windows)" "tna5.bozztv.com"
154.57.7.9 - - [28/Apr/2024:13:29:45 -0400] "GET /aigaiotv1/45129.ts HTTP/1.1" 206 2099968 "https://ssh101.com/securelive/index.php?id=aigaiotv1" "Lavf/58.45.100" "tna5.bozztv.com"
95.129.46.151 - - [28/Apr/2024:13:29:50 -0400] "GET /aigaiotv1/index.m3u8 HTTP/1.1" 206 5908 "https://ssh101.com/securelive/index.php?id=aigaiotv1" "Lavf/58.45.100" "tna5.bozztv.com"
95.129.46.151 - - [28/Apr/2024:13:29:52 -0400] "GET /aigaiotv1/45129.ts HTTP/1.1" 206 2099968 "https://ssh101.com/securelive/index.php?id=aigaiotv1" "Lavf/58.45.100" "tna5.bozztv.com"
154.57.7.9 - - [28/Apr/2024:13:30:00 -0400] "GET /aigaiotv1/index.m3u8 HTTP/1.1" 206 5908 "https://ssh101.com/securelive/index.php?id=aigaiotv1" "Lavf/58.45.100" "tna5.bozztv.com"
62.210.125.163 - - [28/Apr/2024:13:30:03 -0400] "GET /ALBANIANTVUSA/index.m3u8 HTTP/1.1" 404 222 "-" "AppleCoreMedia/1.0.0.9A405 (iPad; U; CPU OS 5_0_1 like Mac OS X; zh_cn)" "tna5.bozztv.com"
154.57.7.9 - - [28/Apr/2024:13:30:01 -0400] "GET /aigaiotv1/45130.ts HTTP/1.1" 206 2151296 "https://ssh101.com/securelive/index.php?id=aigaiotv1" "Lavf/58.45.100" "tna5.bozztv.com"
95.129.46.151 - - [28/Apr/2024:13:30:08 -0400] "GET /aigaiotv1/index.m3u8 HTTP/1.1" 206 5908 "https://ssh101.com/securelive/index.php?id=aigaiotv1" "Lavf/58.45.100" "tna5.bozztv.com"
95.129.46.151 - - [28/Apr/2024:13:30:09 -0400] "GET /aigaiotv1/45131.ts HTTP/1.1" 206 2074400 "https://ssh101.com/securelive/index.php?id=aigaiotv1" "Lavf/58.45.100" "tna5.bozztv.com"
154.57.7.9 - - [28/Apr/2024:13:30:16 -0400] "GET /aigaiotv1/index.m3u8 HTTP/1.1" 206 5908 "https://ssh101.com/securelive/index.php?id=aigaiotv1" "Lavf/58.45.100" "tna5.bozztv.com"
154.57.7.9 - - [28/Apr/2024:13:30:18 -0400] "GET /aigaiotv1/45132.ts HTTP/1.1" 206 2087184 "https://ssh101.com/securelive/index.php?id=aigaiotv1" "Lavf/58.45.100" "tna5.bozztv.com"
95.129.46.151 - - [28/Apr/2024:13:30:25 -0400] "GET /aigaiotv1/index.m3u8 HTTP/1.1" 206 5908 "https://ssh101.com/securelive/index.php?id=aigaiotv1" "Lavf/58.45.100" "tna5.bozztv.com"
95.129.46.151 - - [28/Apr/2024:13:30:26 -0400] "GET /aigaiotv1/45133.ts HTTP/1.1" 206 2090000 "https://ssh101.com/securelive/index.php?id=aigaiotv1" "Lavf/58.45.100" "tna5.bozztv.com"
154.57.7.9 - - [28/Apr/2024:13:30:33 -0400] "GET /aigaiotv1/index.m3u8 HTTP/1.1" 206 5908 "https://ssh101.com/securelive/index.php?id=aigaiotv1" "Lavf/58.45.100" "tna5.bozztv.com"
154.57.7.9 - - [28/Apr/2024:13:30:34 -0400] "GET /aigaiotv1/45134.ts HTTP/1.1" 206 2163520 "https://ssh101.com/securelive/index.php?id=aigaiotv1" "Lavf/58.45.100" "tna5.bozztv.com"
95.129.46.151 - - [28/Apr/2024:13:30:41 -0400] "GET /aigaiotv1/index.m3u8 HTTP/1.1" 206 5908 "https://ssh101.com/securelive/index.php?id=aigaiotv1" "Lavf/58.45.100" "tna5.bozztv.com"
162.212.176.104 - - [28/Apr/2024:13:30:45 -0400] "GET /crossdomain.xml HTTP/1.1" 200 296 "-" "Mozilla/5.0 (compatible; PRTG Network Monitor (www.paessler.com); Windows)" "tna5.bozztv.com"
77.49.254.229 - - [28/Apr/2024:13:30:45 -0400] "GET /Cusco/index.m3u8 HTTP/1.1" 404 214 "https://ssh101.com/" "VLC/3.0.8 LibVLC/3.0.8" "tna5.bozztv.com"
