154.57.7.9 - - [28/Apr/2024:05:59:28 -0400] "GET /aigaiotv1/42506.ts HTTP/1.1" 206 2077968 "https://ssh101.com/securelive/index.php?id=aigaiotv1" "Lavf/58.45.100" "tna5.bozztv.com"
95.129.46.151 - - [28/Apr/2024:05:59:43 -0400] "GET /aigaiotv1/index.m3u8 HTTP/1.1" 206 5908 "https://ssh101.com/securelive/index.php?id=aigaiotv1" "Lavf/58.45.100" "tna5.bozztv.com"
154.57.7.9 - - [28/Apr/2024:05:59:43 -0400] "GET /aigaiotv1/index.m3u8 HTTP/1.1" 206 5908 "https://ssh101.com/securelive/index.php?id=aigaiotv1" "Lavf/58.45.100" "tna5.bozztv.com"
162.212.176.104 - - [28/Apr/2024:05:59:45 -0400] "GET /crossdomain.xml HTTP/1.1" 200 296 "-" "Mozilla/5.0 (compatible; PRTG Network Monitor (www.paessler.com); Windows)" "tna5.bozztv.com"
95.129.46.151 - - [28/Apr/2024:05:59:44 -0400] "GET /aigaiotv1/42507.ts HTTP/1.1" 206 2107872 "https://ssh101.com/securelive/index.php?id=aigaiotv1" "Lavf/58.45.100" "tna5.bozztv.com"
154.57.7.9 - - [28/Apr/2024:05:59:45 -0400] "GET /aigaiotv1/42507.ts HTTP/1.1" 206 2107872 "https://ssh101.com/securelive/index.php?id=aigaiotv1" "Lavf/58.45.100" "tna5.bozztv.com"
95.129.46.151 - - [28/Apr/2024:05:59:59 -0400] "GET /aigaiotv1/index.m3u8 HTTP/1.1" 206 5908 "https://ssh101.com/securelive/index.php?id=aigaiotv1" "Lavf/58.45.100" "tna5.bozztv.com"
154.57.7.9 - - [28/Apr/2024:06:00:00 -0400] "GET /aigaiotv1/index.m3u8 HTTP/1.1" 206 5908 "https://ssh101.com/securelive/index.php?id=aigaiotv1" "Lavf/58.45.100" "tna5.bozztv.com"
62.210.125.163 - - [28/Apr/2024:06:00:03 -0400] "GET /ALBANIANTVUSA/index.m3u8 HTTP/1.1" 404 222 "-" "AppleCoreMedia/1.0.0.9A405 (iPad; U; CPU OS 5_0_1 like Mac OS X; zh_cn)" "tna5.bozztv.com"
95.129.46.151 - - [28/Apr/2024:06:00:00 -0400] "GET /aigaiotv1/42509.ts HTTP/1.1" 206 2082864 "https://ssh101.com/securelive/index.php?id=aigaiotv1" "Lavf/58.45.100" "tna5.bozztv.com"
154.57.7.9 - - [28/Apr/2024:06:00:01 -0400] "GET /aigaiotv1/42509.ts HTTP/1.1" 206 2082864 "https://ssh101.com/securelive/index.php?id=aigaiotv1" "Lavf/58.45.100" "tna5.bozztv.com"
95.129.46.151 - - [28/Apr/2024:06:00:15 -0400] "GET /aigaiotv1/index.m3u8 HTTP/1.1" 206 5908 "https://ssh101.com/securelive/index.php?id=aigaiotv1" "Lavf/58.45.100" "tna5.bozztv.com"
154.57.7.9 - - [28/Apr/2024:06:00:16 -0400] "GET /aigaiotv1/index.m3u8 HTTP/1.1" 206 5908 "https://ssh101.com/securelive/index.php?id=aigaiotv1" "Lavf/58.45.100" "tna5.bozztv.com"
95.129.46.151 - - [28/Apr/2024:06:00:16 -0400] "GET /aigaiotv1/42510.ts HTTP/1.1" 206 2086624 "https://ssh101.com/securelive/index.php?id=aigaiotv1" "Lavf/58.45.100" "tna5.bozztv.com"
154.57.7.9 - - [28/Apr/2024:06:00:17 -0400] "GET /aigaiotv1/42511.ts HTTP/1.1" 206 2105792 "https://ssh101.com/securelive/index.php?id=aigaiotv1" "Lavf/58.45.100" "tna5.bozztv.com"
95.129.46.151 - - [28/Apr/2024:06:00:31 -0400] "GET /aigaiotv1/index.m3u8 HTTP/1.1" 206 5908 "https://ssh101.com/securelive/index.php?id=aigaiotv1" "Lavf/58.45.100" "tna5.bozztv.com"
154.57.7.9 - - [28/Apr/2024:06:00:33 -0400] "GET /aigaiotv1/index.m3u8 HTTP/1.1" 206 5908 "https://ssh101.com/securelive/index.php?id=aigaiotv1" "Lavf/58.45.100" "tna5.bozztv.com"
95.129.46.151 - - [28/Apr/2024:06:00:32 -0400] "GET /aigaiotv1/42512.ts HTTP/1.1" 206 2087936 "https://ssh101.com/securelive/index.php?id=aigaiotv1" "Lavf/58.45.100" "tna5.bozztv.com"
154.57.7.9 - - [28/Apr/2024:06:00:34 -0400] "GET /aigaiotv1/42512.ts HTTP/1.1" 206 2087936 "https://ssh101.com/securelive/index.php?id=aigaiotv1" "Lavf/58.45.100" "tna5.bozztv.com"
162.212.176.104 - - [28/Apr/2024:06:00:45 -0400] "GET /crossdomain.xml HTTP/1.1" 200 296 "-" "Mozilla/5.0 (compatible; PRTG Network Monitor (www.paessler.com); Windows)" "tna5.bozztv.com"
95.129.46.151 - - [28/Apr/2024:06:00:47 -0400] "GET /aigaiotv1/index.m3u8 HTTP/1.1" 206 5908 "https://ssh101.com/securelive/index.php?id=aigaiotv1" "Lavf/58.45.100" "tna5.bozztv.com"
154.57.7.9 - - [28/Apr/2024:06:00:49 -0400] "GET /aigaiotv1/index.m3u8 HTTP/1.1" 206 5908 "https://ssh101.com/securelive/index.php?id=aigaiotv1" "Lavf/58.45.100" "tna5.bozztv.com"
95.129.46.151 - - [28/Apr/2024:06:00:48 -0400] "GET /aigaiotv1/42514.ts HTTP/1.1" 206 1996384 "https://ssh101.com/securelive/index.php?id=aigaiotv1" "Lavf/58.45.100" "tna5.bozztv.com"
154.57.7.9 - - [28/Apr/2024:06:00:50 -0400] "GET /aigaiotv1/42514.ts HTTP/1.1" 206 1996384 "https://ssh101.com/securelive/index.php?id=aigaiotv1" "Lavf/58.45.100" "tna5.bozztv.com"
62.210.125.163 - - [28/Apr/2024:06:01:03 -0400] "GET /ALBANIANTVUSA/index.m3u8 HTTP/1.1" 404 222 "-" "AppleCoreMedia/1.0.0.9A405 (iPad; U; CPU OS 5_0_1 like Mac OS X; zh_cn)" "tna5.bozztv.com"
95.129.46.151 - - [28/Apr/2024:06:01:04 -0400] "GET /aigaiotv1/index.m3u8 HTTP/1.1" 206 5908 "https://ssh101.com/securelive/index.php?id=aigaiotv1" "Lavf/58.45.100" "tna5.bozztv.com"
154.57.7.9 - - [28/Apr/2024:06:01:05 -0400] "GET /aigaiotv1/index.m3u8 HTTP/1.1" 206 5908 "https://ssh101.com/securelive/index.php?id=aigaiotv1" "Lavf/58.45.100" "tna5.bozztv.com"
95.129.46.151 - - [28/Apr/2024:06:01:05 -0400] "GET /aigaiotv1/42515.ts HTTP/1.1" 206 2070080 "https://ssh101.com/securelive/index.php?id=aigaiotv1" "Lavf/58.45.100" "tna5.bozztv.com"
154.57.7.9 - - [28/Apr/2024:06:01:06 -0400] "GET /aigaiotv1/42515.ts HTTP/1.1" 206 2070080 "https://ssh101.com/securelive/index.php?id=aigaiotv1" "Lavf/58.45.100" "tna5.bozztv.com"
95.129.46.151 - - [28/Apr/2024:06:01:20 -0400] "GET /aigaiotv1/index.m3u8 HTTP/1.1" 206 5908 "https://ssh101.com/securelive/index.php?id=aigaiotv1" "Lavf/58.45.100" "tna5.bozztv.com"
154.57.7.9 - - [28/Apr/2024:06:01:23 -0400] "GET /aigaiotv1/index.m3u8 HTTP/1.1" 206 5908 "https://ssh101.com/securelive/index.php?id=aigaiotv1" "Lavf/58.45.100" "tna5.bozztv.com"
95.129.46.151 - - [28/Apr/2024:06:01:21 -0400] "GET /aigaiotv1/42517.ts HTTP/1.1" 206 2118576 "https://ssh101.com/securelive/index.php?id=aigaiotv1" "Lavf/58.45.100" "tna5.bozztv.com"
154.57.7.9 - - [28/Apr/2024:06:01:24 -0400] "GET /aigaiotv1/42517.ts HTTP/1.1" 206 2118576 "https://ssh101.com/securelive/index.php?id=aigaiotv1" "Lavf/58.45.100" "tna5.bozztv.com"
94.7.16.195 - - [28/Apr/2024:06:01:29 -0400] "GET /aigaiotv1/index.m3u8 HTTP/1.1" 200 732 "-" "okhttp/4.9.2" "tna5.bozztv.com"
95.129.46.151 - - [28/Apr/2024:06:01:36 -0400] "GET /aigaiotv1/index.m3u8 HTTP/1.1" 206 5908 "https://ssh101.com/securelive/index.php?id=aigaiotv1" "Lavf/58.45.100" "tna5.bozztv.com"
154.57.7.9 - - [28/Apr/2024:06:01:39 -0400] "GET /aigaiotv1/index.m3u8 HTTP/1.1" 206 5908 "https://ssh101.com/securelive/index.php?id=aigaiotv1" "Lavf/58.45.100" "tna5.bozztv.com"
95.129.46.151 - - [28/Apr/2024:06:01:37 -0400] "GET /aigaiotv1/42518.ts HTTP/1.1" 206 2058416 "https://ssh101.com/securelive/index.php?id=aigaiotv1" "Lavf/58.45.100" "tna5.bozztv.com"
154.57.7.9 - - [28/Apr/2024:06:01:40 -0400] "GET /aigaiotv1/42519.ts HTTP/1.1" 206 2063504 "https://ssh101.com/securelive/index.php?id=aigaiotv1" "Lavf/58.45.100" "tna5.bozztv.com"
162.212.176.104 - - [28/Apr/2024:06:01:45 -0400] "GET /crossdomain.xml HTTP/1.1" 200 296 "-" "Mozilla/5.0 (compatible; PRTG Network Monitor (www.paessler.com); Windows)" "tna5.bozztv.com"
46.182.110.134 - - [28/Apr/2024:06:01:51 -0400] "GET /TACusa/index.m3u8 HTTP/1.1" 404 215 "-" "Streamer 24.02" "tna5.bozztv.com"
95.129.46.151 - - [28/Apr/2024:06:01:52 -0400] "GET /aigaiotv1/index.m3u8 HTTP/1.1" 206 5908 "https://ssh101.com/securelive/index.php?id=aigaiotv1" "Lavf/58.45.100" "tna5.bozztv.com"
83.97.73.245 - - [28/Apr/2024:06:01:54 -0400] "GET /actuator/gateway/routes HTTP/1.1" 302 232 "-" "Mozilla/5.0 (Windows NT 10.0; Win64; x64) AppleWebKit/537.36 (KHTML, like Gecko) Chrome/78.0.3904.108 Safari/537.36" "208.79.153.189:80"
154.57.7.9 - - [28/Apr/2024:06:01:55 -0400] "GET /aigaiotv1/index.m3u8 HTTP/1.1" 206 5908 "https://ssh101.com/securelive/index.php?id=aigaiotv1" "Lavf/58.45.100" "tna5.bozztv.com"
95.129.46.151 - - [28/Apr/2024:06:01:53 -0400] "GET /aigaiotv1/42520.ts HTTP/1.1" 206 2012736 "https://ssh101.com/securelive/index.php?id=aigaiotv1" "Lavf/58.45.100" "tna5.bozztv.com"
154.57.7.9 - - [28/Apr/2024:06:01:56 -0400] "GET /aigaiotv1/42520.ts HTTP/1.1" 206 2012736 "https://ssh101.com/securelive/index.php?id=aigaiotv1" "Lavf/58.45.100" "tna5.bozztv.com"
62.210.125.163 - - [28/Apr/2024:06:02:03 -0400] "GET /ALBANIANTVUSA/index.m3u8 HTTP/1.1" 404 222 "-" "AppleCoreMedia/1.0.0.9A405 (iPad; U; CPU OS 5_0_1 like Mac OS X; zh_cn)" "tna5.bozztv.com"
95.129.46.151 - - [28/Apr/2024:06:02:08 -0400] "GET /aigaiotv1/index.m3u8 HTTP/1.1" 206 5908 "https://ssh101.com/securelive/index.php?id=aigaiotv1" "Lavf/58.45.100" "tna5.bozztv.com"
154.57.7.9 - - [28/Apr/2024:06:02:11 -0400] "GET /aigaiotv1/index.m3u8 HTTP/1.1" 206 5908 "https://ssh101.com/securelive/index.php?id=aigaiotv1" "Lavf/58.45.100" "tna5.bozztv.com"
95.129.46.151 - - [28/Apr/2024:06:02:09 -0400] "GET /aigaiotv1/42522.ts HTTP/1.1" 206 2114640 "https://ssh101.com/securelive/index.php?id=aigaiotv1" "Lavf/58.45.100" "tna5.bozztv.com"
154.57.7.9 - - [28/Apr/2024:06:02:13 -0400] "GET /aigaiotv1/42522.ts HTTP/1.1" 206 2114640 "https://ssh101.com/securelive/index.php?id=aigaiotv1" "Lavf/58.45.100" "tna5.bozztv.com"
95.129.46.151 - - [28/Apr/2024:06:02:25 -0400] "GET /aigaiotv1/index.m3u8 HTTP/1.1" 206 5908 "https://ssh101.com/securelive/index.php?id=aigaiotv1" "Lavf/58.45.100" "tna5.bozztv.com"
154.57.7.9 - - [28/Apr/2024:06:02:28 -0400] "GET /aigaiotv1/index.m3u8 HTTP/1.1" 206 5908 "https://ssh101.com/securelive/index.php?id=aigaiotv1" "Lavf/58.45.100" "tna5.bozztv.com"
95.129.46.151 - - [28/Apr/2024:06:02:26 -0400] "GET /aigaiotv1/42523.ts HTTP/1.1" 206 2087376 "https://ssh101.com/securelive/index.php?id=aigaiotv1" "Lavf/58.45.100" "tna5.bozztv.com"
154.57.7.9 - - [28/Apr/2024:06:02:29 -0400] "GET /aigaiotv1/42524.ts HTTP/1.1" 206 2116320 "https://ssh101.com/securelive/index.php?id=aigaiotv1" "Lavf/58.45.100" "tna5.bozztv.com"
92.206.218.108 - - [28/Apr/2024:06:02:41 -0400] "GET /jesstv/index.m3u8 HTTP/1.1" 404 215 "-" "VLC/3.0.0-git LibVLC/3.0.0-git" "tna5.bozztv.com"
95.129.46.151 - - [28/Apr/2024:06:02:41 -0400] "GET /aigaiotv1/index.m3u8 HTTP/1.1" 206 5908 "https://ssh101.com/securelive/index.php?id=aigaiotv1" "Lavf/58.45.100" "tna5.bozztv.com"
154.57.7.9 - - [28/Apr/2024:06:02:44 -0400] "GET /aigaiotv1/index.m3u8 HTTP/1.1" 206 5908 "https://ssh101.com/securelive/index.php?id=aigaiotv1" "Lavf/58.45.100" "tna5.bozztv.com"
162.212.176.104 - - [28/Apr/2024:06:02:45 -0400] "GET /crossdomain.xml HTTP/1.1" 200 296 "-" "Mozilla/5.0 (compatible; PRTG Network Monitor (www.paessler.com); Windows)" "tna5.bozztv.com"
95.129.46.151 - - [28/Apr/2024:06:02:42 -0400] "GET /aigaiotv1/42525.ts HTTP/1.1" 206 2080976 "https://ssh101.com/securelive/index.php?id=aigaiotv1" "Lavf/58.45.100" "tna5.bozztv.com"
154.57.7.9 - - [28/Apr/2024:06:02:45 -0400] "GET /aigaiotv1/42525.ts HTTP/1.1" 206 2080976 "https://ssh101.com/securelive/index.php?id=aigaiotv1" "Lavf/58.45.100" "tna5.bozztv.com"
95.129.46.151 - - [28/Apr/2024:06:02:57 -0400] "GET /aigaiotv1/index.m3u8 HTTP/1.1" 206 5908 "https://ssh101.com/securelive/index.php?id=aigaiotv1" "Lavf/58.45.100" "tna5.bozztv.com"
154.57.7.9 - - [28/Apr/2024:06:03:00 -0400] "GET /aigaiotv1/index.m3u8 HTTP/1.1" 206 5908 "https://ssh101.com/securelive/index.php?id=aigaiotv1" "Lavf/58.45.100" "tna5.bozztv.com"
62.210.125.163 - - [28/Apr/2024:06:03:02 -0400] "GET /ALBANIANTVUSA/index.m3u8 HTTP/1.1" 404 222 "-" "AppleCoreMedia/1.0.0.9A405 (iPad; U; CPU OS 5_0_1 like Mac OS X; zh_cn)" "tna5.bozztv.com"
95.129.46.151 - - [28/Apr/2024:06:02:58 -0400] "GET /aigaiotv1/42527.ts HTTP/1.1" 206 2091328 "https://ssh101.com/securelive/index.php?id=aigaiotv1" "Lavf/58.45.100" "tna5.bozztv.com"
154.57.7.9 - - [28/Apr/2024:06:03:01 -0400] "GET /aigaiotv1/42527.ts HTTP/1.1" 206 2091328 "https://ssh101.com/securelive/index.php?id=aigaiotv1" "Lavf/58.45.100" "tna5.bozztv.com"
95.129.46.151 - - [28/Apr/2024:06:03:13 -0400] "GET /aigaiotv1/index.m3u8 HTTP/1.1" 206 5908 "https://ssh101.com/securelive/index.php?id=aigaiotv1" "Lavf/58.45.100" "tna5.bozztv.com"
154.57.7.9 - - [28/Apr/2024:06:03:16 -0400] "GET /aigaiotv1/index.m3u8 HTTP/1.1" 206 5908 "https://ssh101.com/securelive/index.php?id=aigaiotv1" "Lavf/58.45.100" "tna5.bozztv.com"
95.129.46.151 - - [28/Apr/2024:06:03:14 -0400] "GET /aigaiotv1/42528.ts HTTP/1.1" 206 2084368 "https://ssh101.com/securelive/index.php?id=aigaiotv1" "Lavf/58.45.100" "tna5.bozztv.com"
154.57.7.9 - - [28/Apr/2024:06:03:18 -0400] "GET /aigaiotv1/42529.ts HTTP/1.1" 206 2097520 "https://ssh101.com/securelive/index.php?id=aigaiotv1" "Lavf/58.45.100" "tna5.bozztv.com"
95.129.46.151 - - [28/Apr/2024:06:03:29 -0400] "GET /aigaiotv1/index.m3u8 HTTP/1.1" 206 5908 "https://ssh101.com/securelive/index.php?id=aigaiotv1" "Lavf/58.45.100" "tna5.bozztv.com"
154.57.7.9 - - [28/Apr/2024:06:03:34 -0400] "GET /aigaiotv1/index.m3u8 HTTP/1.1" 206 5908 "https://ssh101.com/securelive/index.php?id=aigaiotv1" "Lavf/58.45.100" "tna5.bozztv.com"
95.129.46.151 - - [28/Apr/2024:06:03:30 -0400] "GET /aigaiotv1/42530.ts HTTP/1.1" 206 2094512 "https://ssh101.com/securelive/index.php?id=aigaiotv1" "Lavf/58.45.100" "tna5.bozztv.com"
154.57.7.9 - - [28/Apr/2024:06:03:35 -0400] "GET /aigaiotv1/42530.ts HTTP/1.1" 206 2094512 "https://ssh101.com/securelive/index.php?id=aigaiotv1" "Lavf/58.45.100" "tna5.bozztv.com"
103.6.151.145 - - [28/Apr/2024:06:03:42 -0400] "GET /AVCHD/index.m3u8 HTTP/1.1" 404 214 "-" "MXPlayer/1.10 (Linux; Android)" "tna5.bozztv.com"
162.212.176.104 - - [28/Apr/2024:06:03:45 -0400] "GET /crossdomain.xml HTTP/1.1" 200 296 "-" "Mozilla/5.0 (compatible; PRTG Network Monitor (www.paessler.com); Windows)" "tna5.bozztv.com"
95.129.46.151 - - [28/Apr/2024:06:03:46 -0400] "GET /aigaiotv1/index.m3u8 HTTP/1.1" 206 5908 "https://ssh101.com/securelive/index.php?id=aigaiotv1" "Lavf/58.45.100" "tna5.bozztv.com"
154.57.7.9 - - [28/Apr/2024:06:03:50 -0400] "GET /aigaiotv1/index.m3u8 HTTP/1.1" 206 5908 "https://ssh101.com/securelive/index.php?id=aigaiotv1" "Lavf/58.45.100" "tna5.bozztv.com"
95.129.46.151 - - [28/Apr/2024:06:03:47 -0400] "GET /aigaiotv1/42531.ts HTTP/1.1" 206 2062560 "https://ssh101.com/securelive/index.php?id=aigaiotv1" "Lavf/58.45.100" "tna5.bozztv.com"
154.57.7.9 - - [28/Apr/2024:06:03:51 -0400] "GET /aigaiotv1/42532.ts HTTP/1.1" 206 2115392 "https://ssh101.com/securelive/index.php?id=aigaiotv1" "Lavf/58.45.100" "tna5.bozztv.com"
95.129.46.151 - - [28/Apr/2024:06:04:02 -0400] "GET /aigaiotv1/index.m3u8 HTTP/1.1" 206 5908 "https://ssh101.com/securelive/index.php?id=aigaiotv1" "Lavf/58.45.100" "tna5.bozztv.com"
62.210.125.163 - - [28/Apr/2024:06:04:03 -0400] "GET /ALBANIANTVUSA/index.m3u8 HTTP/1.1" 404 222 "-" "AppleCoreMedia/1.0.0.9A405 (iPad; U; CPU OS 5_0_1 like Mac OS X; zh_cn)" "tna5.bozztv.com"
154.57.7.9 - - [28/Apr/2024:06:04:06 -0400] "GET /aigaiotv1/index.m3u8 HTTP/1.1" 206 5908 "https://ssh101.com/securelive/index.php?id=aigaiotv1" "Lavf/58.45.100" "tna5.bozztv.com"
95.129.46.151 - - [28/Apr/2024:06:04:03 -0400] "GET /aigaiotv1/42533.ts HTTP/1.1" 206 2091328 "https://ssh101.com/securelive/index.php?id=aigaiotv1" "Lavf/58.45.100" "tna5.bozztv.com"
154.57.7.9 - - [28/Apr/2024:06:04:07 -0400] "GET /aigaiotv1/42533.ts HTTP/1.1" 206 2091328 "https://ssh101.com/securelive/index.php?id=aigaiotv1" "Lavf/58.45.100" "tna5.bozztv.com"
95.129.46.151 - - [28/Apr/2024:06:04:18 -0400] "GET /aigaiotv1/index.m3u8 HTTP/1.1" 206 5908 "https://ssh101.com/securelive/index.php?id=aigaiotv1" "Lavf/58.45.100" "tna5.bozztv.com"
154.57.7.9 - - [28/Apr/2024:06:04:22 -0400] "GET /aigaiotv1/index.m3u8 HTTP/1.1" 206 5908 "https://ssh101.com/securelive/index.php?id=aigaiotv1" "Lavf/58.45.100" "tna5.bozztv.com"
95.129.46.151 - - [28/Apr/2024:06:04:19 -0400] "GET /aigaiotv1/42535.ts HTTP/1.1" 206 1995440 "https://ssh101.com/securelive/index.php?id=aigaiotv1" "Lavf/58.45.100" "tna5.bozztv.com"
154.57.7.9 - - [28/Apr/2024:06:04:23 -0400] "GET /aigaiotv1/42535.ts HTTP/1.1" 206 1995440 "https://ssh101.com/securelive/index.php?id=aigaiotv1" "Lavf/58.45.100" "tna5.bozztv.com"
95.129.46.151 - - [28/Apr/2024:06:04:34 -0400] "GET /aigaiotv1/index.m3u8 HTTP/1.1" 206 5908 "https://ssh101.com/securelive/index.php?id=aigaiotv1" "Lavf/58.45.100" "tna5.bozztv.com"
154.57.7.9 - - [28/Apr/2024:06:04:39 -0400] "GET /aigaiotv1/index.m3u8 HTTP/1.1" 206 5908 "https://ssh101.com/securelive/index.php?id=aigaiotv1" "Lavf/58.45.100" "tna5.bozztv.com"
95.129.46.151 - - [28/Apr/2024:06:04:35 -0400] "GET /aigaiotv1/42536.ts HTTP/1.1" 206 1992624 "https://ssh101.com/securelive/index.php?id=aigaiotv1" "Lavf/58.45.100" "tna5.bozztv.com"
162.212.176.104 - - [28/Apr/2024:06:04:45 -0400] "GET /crossdomain.xml HTTP/1.1" 200 296 "-" "Mozilla/5.0 (compatible; PRTG Network Monitor (www.paessler.com); Windows)" "tna5.bozztv.com"
154.57.7.9 - - [28/Apr/2024:06:04:40 -0400] "GET /aigaiotv1/42537.ts HTTP/1.1" 206 2125536 "https://ssh101.com/securelive/index.php?id=aigaiotv1" "Lavf/58.45.100" "tna5.bozztv.com"
95.129.46.151 - - [28/Apr/2024:06:04:50 -0400] "GET /aigaiotv1/index.m3u8 HTTP/1.1" 206 5908 "https://ssh101.com/securelive/index.php?id=aigaiotv1" "Lavf/58.45.100" "tna5.bozztv.com"
154.57.7.9 - - [28/Apr/2024:06:04:55 -0400] "GET /aigaiotv1/index.m3u8 HTTP/1.1" 206 5908 "https://ssh101.com/securelive/index.php?id=aigaiotv1" "Lavf/58.45.100" "tna5.bozztv.com"
95.129.46.151 - - [28/Apr/2024:06:04:51 -0400] "GET /aigaiotv1/42538.ts HTTP/1.1" 206 2092256 "https://ssh101.com/securelive/index.php?id=aigaiotv1" "Lavf/58.45.100" "tna5.bozztv.com"
154.57.7.9 - - [28/Apr/2024:06:04:56 -0400] "GET /aigaiotv1/42538.ts HTTP/1.1" 206 2092256 "https://ssh101.com/securelive/index.php?id=aigaiotv1" "Lavf/58.45.100" "tna5.bozztv.com"
62.210.125.163 - - [28/Apr/2024:06:05:03 -0400] "GET /ALBANIANTVUSA/index.m3u8 HTTP/1.1" 404 222 "-" "AppleCoreMedia/1.0.0.9A405 (iPad; U; CPU OS 5_0_1 like Mac OS X; zh_cn)" "tna5.bozztv.com"
95.129.46.151 - - [28/Apr/2024:06:05:06 -0400] "GET /aigaiotv1/index.m3u8 HTTP/1.1" 206 5908 "https://ssh101.com/securelive/index.php?id=aigaiotv1" "Lavf/58.45.100" "tna5.bozztv.com"
154.57.7.9 - - [28/Apr/2024:06:05:11 -0400] "GET /aigaiotv1/index.m3u8 HTTP/1.1" 206 5908 "https://ssh101.com/securelive/index.php?id=aigaiotv1" "Lavf/58.45.100" "tna5.bozztv.com"
95.129.46.151 - - [28/Apr/2024:06:05:07 -0400] "GET /aigaiotv1/42539.ts HTTP/1.1" 206 2102416 "https://ssh101.com/securelive/index.php?id=aigaiotv1" "Lavf/58.45.100" "tna5.bozztv.com"
154.57.7.9 - - [28/Apr/2024:06:05:13 -0400] "GET /aigaiotv1/42540.ts HTTP/1.1" 206 2086816 "https://ssh101.com/securelive/index.php?id=aigaiotv1" "Lavf/58.45.100" "tna5.bozztv.com"
95.129.46.151 - - [28/Apr/2024:06:05:22 -0400] "GET /aigaiotv1/index.m3u8 HTTP/1.1" 206 5908 "https://ssh101.com/securelive/index.php?id=aigaiotv1" "Lavf/58.45.100" "tna5.bozztv.com"
95.129.46.151 - - [28/Apr/2024:06:05:24 -0400] "GET /aigaiotv1/42541.ts HTTP/1.1" 206 2105040 "https://ssh101.com/securelive/index.php?id=aigaiotv1" "Lavf/58.45.100" "tna5.bozztv.com"
154.57.7.9 - - [28/Apr/2024:06:05:28 -0400] "GET /aigaiotv1/index.m3u8 HTTP/1.1" 206 5908 "https://ssh101.com/securelive/index.php?id=aigaiotv1" "Lavf/58.45.100" "tna5.bozztv.com"
154.57.7.9 - - [28/Apr/2024:06:05:29 -0400] "GET /aigaiotv1/42542.ts HTTP/1.1" 206 2091888 "https://ssh101.com/securelive/index.php?id=aigaiotv1" "Lavf/58.45.100" "tna5.bozztv.com"
95.129.46.151 - - [28/Apr/2024:06:05:39 -0400] "GET /aigaiotv1/index.m3u8 HTTP/1.1" 206 5908 "https://ssh101.com/securelive/index.php?id=aigaiotv1" "Lavf/58.45.100" "tna5.bozztv.com"
95.129.46.151 - - [28/Apr/2024:06:05:40 -0400] "GET /aigaiotv1/42543.ts HTTP/1.1" 206 2107872 "https://ssh101.com/securelive/index.php?id=aigaiotv1" "Lavf/58.45.100" "tna5.bozztv.com"
154.57.7.9 - - [28/Apr/2024:06:05:44 -0400] "GET /aigaiotv1/index.m3u8 HTTP/1.1" 206 5908 "https://ssh101.com/securelive/index.php?id=aigaiotv1" "Lavf/58.45.100" "tna5.bozztv.com"
162.212.176.104 - - [28/Apr/2024:06:05:45 -0400] "GET /crossdomain.xml HTTP/1.1" 200 296 "-" "Mozilla/5.0 (compatible; PRTG Network Monitor (www.paessler.com); Windows)" "tna5.bozztv.com"
154.57.7.9 - - [28/Apr/2024:06:05:46 -0400] "GET /aigaiotv1/42543.ts HTTP/1.1" 206 2107872 "https://ssh101.com/securelive/index.php?id=aigaiotv1" "Lavf/58.45.100" "tna5.bozztv.com"
95.129.46.151 - - [28/Apr/2024:06:05:55 -0400] "GET /aigaiotv1/index.m3u8 HTTP/1.1" 206 5908 "https://ssh101.com/securelive/index.php?id=aigaiotv1" "Lavf/58.45.100" "tna5.bozztv.com"
95.129.46.151 - - [28/Apr/2024:06:05:56 -0400] "GET /aigaiotv1/42544.ts HTTP/1.1" 206 2070448 "https://ssh101.com/securelive/index.php?id=aigaiotv1" "Lavf/58.45.100" "tna5.bozztv.com"
154.57.7.9 - - [28/Apr/2024:06:06:01 -0400] "GET /aigaiotv1/index.m3u8 HTTP/1.1" 206 5908 "https://ssh101.com/securelive/index.php?id=aigaiotv1" "Lavf/58.45.100" "tna5.bozztv.com"
62.210.125.163 - - [28/Apr/2024:06:06:02 -0400] "GET /ALBANIANTVUSA/index.m3u8 HTTP/1.1" 404 222 "-" "AppleCoreMedia/1.0.0.9A405 (iPad; U; CPU OS 5_0_1 like Mac OS X; zh_cn)" "tna5.bozztv.com"
154.57.7.9 - - [28/Apr/2024:06:06:02 -0400] "GET /aigaiotv1/42545.ts HTTP/1.1" 206 2102416 "https://ssh101.com/securelive/index.php?id=aigaiotv1" "Lavf/58.45.100" "tna5.bozztv.com"
95.129.46.151 - - [28/Apr/2024:06:06:11 -0400] "GET /aigaiotv1/index.m3u8 HTTP/1.1" 206 5775 "https://ssh101.com/securelive/index.php?id=aigaiotv1" "Lavf/58.45.100" "tna5.bozztv.com"
95.129.46.151 - - [28/Apr/2024:06:06:12 -0400] "GET /aigaiotv1/42546.ts HTTP/1.1" 206 2084928 "https://ssh101.com/securelive/index.php?id=aigaiotv1" "Lavf/58.45.100" "tna5.bozztv.com"
154.57.7.9 - - [28/Apr/2024:06:06:17 -0400] "GET /aigaiotv1/index.m3u8 HTTP/1.1" 206 5908 "https://ssh101.com/securelive/index.php?id=aigaiotv1" "Lavf/58.45.100" "tna5.bozztv.com"
154.57.7.9 - - [28/Apr/2024:06:06:18 -0400] "GET /aigaiotv1/42547.ts HTTP/1.1" 206 2107120 "https://ssh101.com/securelive/index.php?id=aigaiotv1" "Lavf/58.45.100" "tna5.bozztv.com"
95.129.46.151 - - [28/Apr/2024:06:06:27 -0400] "GET /aigaiotv1/index.m3u8 HTTP/1.1" 206 5908 "https://ssh101.com/securelive/index.php?id=aigaiotv1" "Lavf/58.45.100" "tna5.bozztv.com"
95.129.46.151 - - [28/Apr/2024:06:06:28 -0400] "GET /aigaiotv1/42548.ts HTTP/1.1" 206 2060864 "https://ssh101.com/securelive/index.php?id=aigaiotv1" "Lavf/58.45.100" "tna5.bozztv.com"
154.57.7.9 - - [28/Apr/2024:06:06:34 -0400] "GET /aigaiotv1/index.m3u8 HTTP/1.1" 206 5908 "https://ssh101.com/securelive/index.php?id=aigaiotv1" "Lavf/58.45.100" "tna5.bozztv.com"
154.57.7.9 - - [28/Apr/2024:06:06:35 -0400] "GET /aigaiotv1/42548.ts HTTP/1.1" 206 2060864 "https://ssh101.com/securelive/index.php?id=aigaiotv1" "Lavf/58.45.100" "tna5.bozztv.com"
95.129.46.151 - - [28/Apr/2024:06:06:44 -0400] "GET /aigaiotv1/index.m3u8 HTTP/1.1" 206 5908 "https://ssh101.com/securelive/index.php?id=aigaiotv1" "Lavf/58.45.100" "tna5.bozztv.com"
162.212.176.104 - - [28/Apr/2024:06:06:45 -0400] "GET /crossdomain.xml HTTP/1.1" 200 296 "-" "Mozilla/5.0 (compatible; PRTG Network Monitor (www.paessler.com); Windows)" "tna5.bozztv.com"
95.129.46.151 - - [28/Apr/2024:06:06:45 -0400] "GET /aigaiotv1/42549.ts HTTP/1.1" 206 2014240 "https://ssh101.com/securelive/index.php?id=aigaiotv1" "Lavf/58.45.100" "tna5.bozztv.com"
154.57.7.9 - - [28/Apr/2024:06:06:50 -0400] "GET /aigaiotv1/index.m3u8 HTTP/1.1" 206 5908 "https://ssh101.com/securelive/index.php?id=aigaiotv1" "Lavf/58.45.100" "tna5.bozztv.com"
154.57.7.9 - - [28/Apr/2024:06:06:51 -0400] "GET /aigaiotv1/42550.ts HTTP/1.1" 206 2081728 "https://ssh101.com/securelive/index.php?id=aigaiotv1" "Lavf/58.45.100" "tna5.bozztv.com"
95.129.46.151 - - [28/Apr/2024:06:07:00 -0400] "GET /aigaiotv1/index.m3u8 HTTP/1.1" 206 5908 "https://ssh101.com/securelive/index.php?id=aigaiotv1" "Lavf/58.45.100" "tna5.bozztv.com"
95.129.46.151 - - [28/Apr/2024:06:07:01 -0400] "GET /aigaiotv1/42551.ts HTTP/1.1" 206 2087936 "https://ssh101.com/securelive/index.php?id=aigaiotv1" "Lavf/58.45.100" "tna5.bozztv.com"
62.210.125.163 - - [28/Apr/2024:06:07:06 -0400] "GET /ALBANIANTVUSA/index.m3u8 HTTP/1.1" 404 222 "-" "AppleCoreMedia/1.0.0.9A405 (iPad; U; CPU OS 5_0_1 like Mac OS X; zh_cn)" "tna5.bozztv.com"
154.57.7.9 - - [28/Apr/2024:06:07:06 -0400] "GET /aigaiotv1/index.m3u8 HTTP/1.1" 206 5908 "https://ssh101.com/securelive/index.php?id=aigaiotv1" "Lavf/58.45.100" "tna5.bozztv.com"
154.57.7.9 - - [28/Apr/2024:06:07:07 -0400] "GET /aigaiotv1/42552.ts HTTP/1.1" 206 2107120 "https://ssh101.com/securelive/index.php?id=aigaiotv1" "Lavf/58.45.100" "tna5.bozztv.com"
95.129.46.151 - - [28/Apr/2024:06:07:16 -0400] "GET /aigaiotv1/index.m3u8 HTTP/1.1" 206 5908 "https://ssh101.com/securelive/index.php?id=aigaiotv1" "Lavf/58.45.100" "tna5.bozztv.com"
95.129.46.151 - - [28/Apr/2024:06:07:17 -0400] "GET /aigaiotv1/42552.ts HTTP/1.1" 206 2107120 "https://ssh101.com/securelive/index.php?id=aigaiotv1" "Lavf/58.45.100" "tna5.bozztv.com"
154.57.7.9 - - [28/Apr/2024:06:07:23 -0400] "GET /aigaiotv1/index.m3u8 HTTP/1.1" 206 5908 "https://ssh101.com/securelive/index.php?id=aigaiotv1" "Lavf/58.45.100" "tna5.bozztv.com"
154.57.7.9 - - [28/Apr/2024:06:07:24 -0400] "GET /aigaiotv1/42553.ts HTTP/1.1" 206 2053152 "https://ssh101.com/securelive/index.php?id=aigaiotv1" "Lavf/58.45.100" "tna5.bozztv.com"
95.129.46.151 - - [28/Apr/2024:06:07:32 -0400] "GET /aigaiotv1/index.m3u8 HTTP/1.1" 206 5908 "https://ssh101.com/securelive/index.php?id=aigaiotv1" "Lavf/58.45.100" "tna5.bozztv.com"
95.129.46.151 - - [28/Apr/2024:06:07:33 -0400] "GET /aigaiotv1/42554.ts HTTP/1.1" 206 2032288 "https://ssh101.com/securelive/index.php?id=aigaiotv1" "Lavf/58.45.100" "tna5.bozztv.com"
154.57.7.9 - - [28/Apr/2024:06:07:39 -0400] "GET /aigaiotv1/index.m3u8 HTTP/1.1" 206 5908 "https://ssh101.com/securelive/index.php?id=aigaiotv1" "Lavf/58.45.100" "tna5.bozztv.com"
154.57.7.9 - - [28/Apr/2024:06:07:40 -0400] "GET /aigaiotv1/42555.ts HTTP/1.1" 206 2011232 "https://ssh101.com/securelive/index.php?id=aigaiotv1" "Lavf/58.45.100" "tna5.bozztv.com"
162.212.176.104 - - [28/Apr/2024:06:07:45 -0400] "GET /crossdomain.xml HTTP/1.1" 200 296 "-" "Mozilla/5.0 (compatible; PRTG Network Monitor (www.paessler.com); Windows)" "tna5.bozztv.com"
95.129.46.151 - - [28/Apr/2024:06:07:48 -0400] "GET /aigaiotv1/index.m3u8 HTTP/1.1" 206 5908 "https://ssh101.com/securelive/index.php?id=aigaiotv1" "Lavf/58.45.100" "tna5.bozztv.com"
46.182.110.134 - - [28/Apr/2024:06:07:51 -0400] "GET /TACusa/index.m3u8 HTTP/1.1" 404 215 "-" "Streamer 24.02" "tna5.bozztv.com"
95.129.46.151 - - [28/Apr/2024:06:07:49 -0400] "GET /aigaiotv1/42556.ts HTTP/1.1" 206 2105616 "https://ssh101.com/securelive/index.php?id=aigaiotv1" "Lavf/58.45.100" "tna5.bozztv.com"
154.57.7.9 - - [28/Apr/2024:06:07:55 -0400] "GET /aigaiotv1/index.m3u8 HTTP/1.1" 206 5908 "https://ssh101.com/securelive/index.php?id=aigaiotv1" "Lavf/58.45.100" "tna5.bozztv.com"
154.57.7.9 - - [28/Apr/2024:06:07:56 -0400] "GET /aigaiotv1/42556.ts HTTP/1.1" 206 2105616 "https://ssh101.com/securelive/index.php?id=aigaiotv1" "Lavf/58.45.100" "tna5.bozztv.com"
62.210.125.163 - - [28/Apr/2024:06:08:03 -0400] "GET /ALBANIANTVUSA/index.m3u8 HTTP/1.1" 404 222 "-" "AppleCoreMedia/1.0.0.9A405 (iPad; U; CPU OS 5_0_1 like Mac OS X; zh_cn)" "tna5.bozztv.com"
95.129.46.151 - - [28/Apr/2024:06:08:04 -0400] "GET /aigaiotv1/index.m3u8 HTTP/1.1" 206 5908 "https://ssh101.com/securelive/index.php?id=aigaiotv1" "Lavf/58.45.100" "tna5.bozztv.com"
95.129.46.151 - - [28/Apr/2024:06:08:05 -0400] "GET /aigaiotv1/42557.ts HTTP/1.1" 206 2098272 "https://ssh101.com/securelive/index.php?id=aigaiotv1" "Lavf/58.45.100" "tna5.bozztv.com"
154.57.7.9 - - [28/Apr/2024:06:08:11 -0400] "GET /aigaiotv1/index.m3u8 HTTP/1.1" 206 5908 "https://ssh101.com/securelive/index.php?id=aigaiotv1" "Lavf/58.45.100" "tna5.bozztv.com"
154.57.7.9 - - [28/Apr/2024:06:08:13 -0400] "GET /aigaiotv1/42558.ts HTTP/1.1" 206 2094512 "https://ssh101.com/securelive/index.php?id=aigaiotv1" "Lavf/58.45.100" "tna5.bozztv.com"
95.129.46.151 - - [28/Apr/2024:06:08:20 -0400] "GET /aigaiotv1/index.m3u8 HTTP/1.1" 206 5908 "https://ssh101.com/securelive/index.php?id=aigaiotv1" "Lavf/58.45.100" "tna5.bozztv.com"
95.129.46.151 - - [28/Apr/2024:06:08:21 -0400] "GET /aigaiotv1/42559.ts HTTP/1.1" 206 2090000 "https://ssh101.com/securelive/index.php?id=aigaiotv1" "Lavf/58.45.100" "tna5.bozztv.com"
154.57.7.9 - - [28/Apr/2024:06:08:28 -0400] "GET /aigaiotv1/index.m3u8 HTTP/1.1" 206 5908 "https://ssh101.com/securelive/index.php?id=aigaiotv1" "Lavf/58.45.100" "tna5.bozztv.com"
154.57.7.9 - - [28/Apr/2024:06:08:29 -0400] "GET /aigaiotv1/42560.ts HTTP/1.1" 206 2087936 "https://ssh101.com/securelive/index.php?id=aigaiotv1" "Lavf/58.45.100" "tna5.bozztv.com"
95.129.46.151 - - [28/Apr/2024:06:08:36 -0400] "GET /aigaiotv1/index.m3u8 HTTP/1.1" 206 5908 "https://ssh101.com/securelive/index.php?id=aigaiotv1" "Lavf/58.45.100" "tna5.bozztv.com"
95.129.46.151 - - [28/Apr/2024:06:08:37 -0400] "GET /aigaiotv1/42560.ts HTTP/1.1" 206 2087936 "https://ssh101.com/securelive/index.php?id=aigaiotv1" "Lavf/58.45.100" "tna5.bozztv.com"
154.57.7.9 - - [28/Apr/2024:06:08:44 -0400] "GET /aigaiotv1/index.m3u8 HTTP/1.1" 206 5908 "https://ssh101.com/securelive/index.php?id=aigaiotv1" "Lavf/58.45.100" "tna5.bozztv.com"
162.212.176.104 - - [28/Apr/2024:06:08:45 -0400] "GET /crossdomain.xml HTTP/1.1" 200 296 "-" "Mozilla/5.0 (compatible; PRTG Network Monitor (www.paessler.com); Windows)" "tna5.bozztv.com"
154.57.7.9 - - [28/Apr/2024:06:08:45 -0400] "GET /aigaiotv1/42561.ts HTTP/1.1" 206 2088320 "https://ssh101.com/securelive/index.php?id=aigaiotv1" "Lavf/58.45.100" "tna5.bozztv.com"
95.129.46.151 - - [28/Apr/2024:06:08:53 -0400] "GET /aigaiotv1/index.m3u8 HTTP/1.1" 206 5908 "https://ssh101.com/securelive/index.php?id=aigaiotv1" "Lavf/58.45.100" "tna5.bozztv.com"
95.129.46.151 - - [28/Apr/2024:06:08:54 -0400] "GET /aigaiotv1/42562.ts HTTP/1.1" 206 2099024 "https://ssh101.com/securelive/index.php?id=aigaiotv1" "Lavf/58.45.100" "tna5.bozztv.com"
154.57.7.9 - - [28/Apr/2024:06:09:00 -0400] "GET /aigaiotv1/index.m3u8 HTTP/1.1" 206 5908 "https://ssh101.com/securelive/index.php?id=aigaiotv1" "Lavf/58.45.100" "tna5.bozztv.com"
62.210.125.163 - - [28/Apr/2024:06:09:03 -0400] "GET /ALBANIANTVUSA/index.m3u8 HTTP/1.1" 404 222 "-" "AppleCoreMedia/1.0.0.9A405 (iPad; U; CPU OS 5_0_1 like Mac OS X; zh_cn)" "tna5.bozztv.com"
154.57.7.9 - - [28/Apr/2024:06:09:01 -0400] "GET /aigaiotv1/42563.ts HTTP/1.1" 206 2077968 "https://ssh101.com/securelive/index.php?id=aigaiotv1" "Lavf/58.45.100" "tna5.bozztv.com"
95.129.46.151 - - [28/Apr/2024:06:09:09 -0400] "GET /aigaiotv1/index.m3u8 HTTP/1.1" 206 5908 "https://ssh101.com/securelive/index.php?id=aigaiotv1" "Lavf/58.45.100" "tna5.bozztv.com"
95.129.46.151 - - [28/Apr/2024:06:09:10 -0400] "GET /aigaiotv1/42564.ts HTTP/1.1" 206 2104672 "https://ssh101.com/securelive/index.php?id=aigaiotv1" "Lavf/58.45.100" "tna5.bozztv.com"
154.57.7.9 - - [28/Apr/2024:06:09:16 -0400] "GET /aigaiotv1/index.m3u8 HTTP/1.1" 206 5908 "https://ssh101.com/securelive/index.php?id=aigaiotv1" "Lavf/58.45.100" "tna5.bozztv.com"
154.57.7.9 - - [28/Apr/2024:06:09:18 -0400] "GET /aigaiotv1/42565.ts HTTP/1.1" 206 2083232 "https://ssh101.com/securelive/index.php?id=aigaiotv1" "Lavf/58.45.100" "tna5.bozztv.com"
95.129.46.151 - - [28/Apr/2024:06:09:25 -0400] "GET /aigaiotv1/index.m3u8 HTTP/1.1" 206 5908 "https://ssh101.com/securelive/index.php?id=aigaiotv1" "Lavf/58.45.100" "tna5.bozztv.com"
95.129.46.151 - - [28/Apr/2024:06:09:26 -0400] "GET /aigaiotv1/42565.ts HTTP/1.1" 206 2083232 "https://ssh101.com/securelive/index.php?id=aigaiotv1" "Lavf/58.45.100" "tna5.bozztv.com"
154.57.7.9 - - [28/Apr/2024:06:09:33 -0400] "GET /aigaiotv1/index.m3u8 HTTP/1.1" 206 5775 "https://ssh101.com/securelive/index.php?id=aigaiotv1" "Lavf/58.45.100" "tna5.bozztv.com"
154.57.7.9 - - [28/Apr/2024:06:09:34 -0400] "GET /aigaiotv1/42566.ts HTTP/1.1" 206 2066880 "https://ssh101.com/securelive/index.php?id=aigaiotv1" "Lavf/58.45.100" "tna5.bozztv.com"
95.129.46.151 - - [28/Apr/2024:06:09:41 -0400] "GET /aigaiotv1/index.m3u8 HTTP/1.1" 206 5908 "https://ssh101.com/securelive/index.php?id=aigaiotv1" "Lavf/58.45.100" "tna5.bozztv.com"
162.212.176.104 - - [28/Apr/2024:06:09:45 -0400] "GET /crossdomain.xml HTTP/1.1" 200 296 "-" "Mozilla/5.0 (compatible; PRTG Network Monitor (www.paessler.com); Windows)" "tna5.bozztv.com"
95.129.46.151 - - [28/Apr/2024:06:09:42 -0400] "GET /aigaiotv1/42567.ts HTTP/1.1" 206 2131184 "https://ssh101.com/securelive/index.php?id=aigaiotv1" "Lavf/58.45.100" "tna5.bozztv.com"
154.57.7.9 - - [28/Apr/2024:06:09:49 -0400] "GET /aigaiotv1/index.m3u8 HTTP/1.1" 206 5908 "https://ssh101.com/securelive/index.php?id=aigaiotv1" "Lavf/58.45.100" "tna5.bozztv.com"
154.57.7.9 - - [28/Apr/2024:06:09:50 -0400] "GET /aigaiotv1/42568.ts HTTP/1.1" 206 2052592 "https://ssh101.com/securelive/index.php?id=aigaiotv1" "Lavf/58.45.100" "tna5.bozztv.com"
95.129.46.151 - - [28/Apr/2024:06:09:58 -0400] "GET /aigaiotv1/index.m3u8 HTTP/1.1" 206 5908 "https://ssh101.com/securelive/index.php?id=aigaiotv1" "Lavf/58.45.100" "tna5.bozztv.com"
95.129.46.151 - - [28/Apr/2024:06:09:59 -0400] "GET /aigaiotv1/42569.ts HTTP/1.1" 206 2014048 "https://ssh101.com/securelive/index.php?id=aigaiotv1" "Lavf/58.45.100" "tna5.bozztv.com"
62.210.125.163 - - [28/Apr/2024:06:10:03 -0400] "GET /ALBANIANTVUSA/index.m3u8 HTTP/1.1" 404 222 "-" "AppleCoreMedia/1.0.0.9A405 (iPad; U; CPU OS 5_0_1 like Mac OS X; zh_cn)" "tna5.bozztv.com"
154.57.7.9 - - [28/Apr/2024:06:10:05 -0400] "GET /aigaiotv1/index.m3u8 HTTP/1.1" 206 5908 "https://ssh101.com/securelive/index.php?id=aigaiotv1" "Lavf/58.45.100" "tna5.bozztv.com"
154.57.7.9 - - [28/Apr/2024:06:10:06 -0400] "GET /aigaiotv1/42569.ts HTTP/1.1" 206 2014048 "https://ssh101.com/securelive/index.php?id=aigaiotv1" "Lavf/58.45.100" "tna5.bozztv.com"
95.129.46.151 - - [28/Apr/2024:06:10:14 -0400] "GET /aigaiotv1/index.m3u8 HTTP/1.1" 206 5908 "https://ssh101.com/securelive/index.php?id=aigaiotv1" "Lavf/58.45.100" "tna5.bozztv.com"
95.129.46.151 - - [28/Apr/2024:06:10:15 -0400] "GET /aigaiotv1/42570.ts HTTP/1.1" 206 1954080 "https://ssh101.com/securelive/index.php?id=aigaiotv1" "Lavf/58.45.100" "tna5.bozztv.com"
154.57.7.9 - - [28/Apr/2024:06:10:21 -0400] "GET /aigaiotv1/index.m3u8 HTTP/1.1" 206 5908 "https://ssh101.com/securelive/index.php?id=aigaiotv1" "Lavf/58.45.100" "tna5.bozztv.com"
154.57.7.9 - - [28/Apr/2024:06:10:23 -0400] "GET /aigaiotv1/42571.ts HTTP/1.1" 206 2108048 "https://ssh101.com/securelive/index.php?id=aigaiotv1" "Lavf/58.45.100" "tna5.bozztv.com"
95.129.46.151 - - [28/Apr/2024:06:10:30 -0400] "GET /aigaiotv1/index.m3u8 HTTP/1.1" 206 5908 "https://ssh101.com/securelive/index.php?id=aigaiotv1" "Lavf/58.45.100" "tna5.bozztv.com"
95.129.46.151 - - [28/Apr/2024:06:10:31 -0400] "GET /aigaiotv1/42572.ts HTTP/1.1" 206 2092080 "https://ssh101.com/securelive/index.php?id=aigaiotv1" "Lavf/58.45.100" "tna5.bozztv.com"
154.57.7.9 - - [28/Apr/2024:06:10:38 -0400] "GET /aigaiotv1/index.m3u8 HTTP/1.1" 206 5908 "https://ssh101.com/securelive/index.php?id=aigaiotv1" "Lavf/58.45.100" "tna5.bozztv.com"
154.57.7.9 - - [28/Apr/2024:06:10:39 -0400] "GET /aigaiotv1/42573.ts HTTP/1.1" 206 2092448 "https://ssh101.com/securelive/index.php?id=aigaiotv1" "Lavf/58.45.100" "tna5.bozztv.com"
162.212.176.104 - - [28/Apr/2024:06:10:45 -0400] "GET /crossdomain.xml HTTP/1.1" 200 296 "-" "Mozilla/5.0 (compatible; PRTG Network Monitor (www.paessler.com); Windows)" "tna5.bozztv.com"
95.129.46.151 - - [28/Apr/2024:06:10:46 -0400] "GET /aigaiotv1/index.m3u8 HTTP/1.1" 206 5908 "https://ssh101.com/securelive/index.php?id=aigaiotv1" "Lavf/58.45.100" "tna5.bozztv.com"
95.129.46.151 - - [28/Apr/2024:06:10:47 -0400] "GET /aigaiotv1/42573.ts HTTP/1.1" 206 2092448 "https://ssh101.com/securelive/index.php?id=aigaiotv1" "Lavf/58.45.100" "tna5.bozztv.com"
154.57.7.9 - - [28/Apr/2024:06:10:54 -0400] "GET /aigaiotv1/index.m3u8 HTTP/1.1" 206 5908 "https://ssh101.com/securelive/index.php?id=aigaiotv1" "Lavf/58.45.100" "tna5.bozztv.com"
154.57.7.9 - - [28/Apr/2024:06:10:55 -0400] "GET /aigaiotv1/42574.ts HTTP/1.1" 206 2112752 "https://ssh101.com/securelive/index.php?id=aigaiotv1" "Lavf/58.45.100" "tna5.bozztv.com"
95.129.46.151 - - [28/Apr/2024:06:11:02 -0400] "GET /aigaiotv1/index.m3u8 HTTP/1.1" 206 5908 "https://ssh101.com/securelive/index.php?id=aigaiotv1" "Lavf/58.45.100" "tna5.bozztv.com"
62.210.125.163 - - [28/Apr/2024:06:11:03 -0400] "GET /ALBANIANTVUSA/index.m3u8 HTTP/1.1" 404 222 "-" "AppleCoreMedia/1.0.0.9A405 (iPad; U; CPU OS 5_0_1 like Mac OS X; zh_cn)" "tna5.bozztv.com"
138.185.187.191 - - [28/Apr/2024:06:11:03 -0400] "GET /jesstv/index.m3u8 HTTP/1.1" 404 215 "-" "Mozilla/5.0 (X11; Linux x86_64) AppleWebKit/537.36 (KHTML, like Gecko) Chrome/73.0.3683.103 Safari/537.36" "tna5.bozztv.com"
138.185.187.191 - - [28/Apr/2024:06:11:03 -0400] "GET /Conectatvmexico/index.m3u8 HTTP/1.1" 404 224 "-" "Mozilla/5.0 (X11; Linux x86_64) AppleWebKit/537.36 (KHTML, like Gecko) Chrome/73.0.3683.103 Safari/537.36" "tna5.bozztv.com"
138.185.187.191 - - [28/Apr/2024:06:11:03 -0400] "GET /Cusco/index.m3u8 HTTP/1.1" 404 214 "-" "Mozilla/5.0 (X11; Linux x86_64) AppleWebKit/537.36 (KHTML, like Gecko) Chrome/73.0.3683.103 Safari/537.36" "tna5.bozztv.com"
95.129.46.151 - - [28/Apr/2024:06:11:03 -0400] "GET /aigaiotv1/42575.ts HTTP/1.1" 206 2076656 "https://ssh101.com/securelive/index.php?id=aigaiotv1" "Lavf/58.45.100" "tna5.bozztv.com"
154.57.7.9 - - [28/Apr/2024:06:11:10 -0400] "GET /aigaiotv1/index.m3u8 HTTP/1.1" 206 5908 "https://ssh101.com/securelive/index.php?id=aigaiotv1" "Lavf/58.45.100" "tna5.bozztv.com"
154.57.7.9 - - [28/Apr/2024:06:11:12 -0400] "GET /aigaiotv1/42576.ts HTTP/1.1" 206 2103360 "https://ssh101.com/securelive/index.php?id=aigaiotv1" "Lavf/58.45.100" "tna5.bozztv.com"
95.129.46.151 - - [28/Apr/2024:06:11:18 -0400] "GET /aigaiotv1/index.m3u8 HTTP/1.1" 206 5908 "https://ssh101.com/securelive/index.php?id=aigaiotv1" "Lavf/58.45.100" "tna5.bozztv.com"
138.185.187.191 - - [28/Apr/2024:06:11:19 -0400] "GET /Cusco/index.m3u8 HTTP/1.1" 404 214 "-" "Mozilla/5.0 (X11; Linux x86_64) AppleWebKit/537.36 (KHTML, like Gecko) Chrome/73.0.3683.103 Safari/537.36" "tna5.bozztv.com"
138.185.187.191 - - [28/Apr/2024:06:11:19 -0400] "GET /jesstv/index.m3u8 HTTP/1.1" 404 215 "-" "Mozilla/5.0 (X11; Linux x86_64) AppleWebKit/537.36 (KHTML, like Gecko) Chrome/73.0.3683.103 Safari/537.36" "tna5.bozztv.com"
138.185.187.191 - - [28/Apr/2024:06:11:19 -0400] "GET /Conectatvmexico/index.m3u8 HTTP/1.1" 404 224 "-" "Mozilla/5.0 (X11; Linux x86_64) AppleWebKit/537.36 (KHTML, like Gecko) Chrome/73.0.3683.103 Safari/537.36" "tna5.bozztv.com"
95.129.46.151 - - [28/Apr/2024:06:11:19 -0400] "GET /aigaiotv1/42577.ts HTTP/1.1" 206 2110688 "https://ssh101.com/securelive/index.php?id=aigaiotv1" "Lavf/58.45.100" "tna5.bozztv.com"
154.57.7.9 - - [28/Apr/2024:06:11:27 -0400] "GET /aigaiotv1/index.m3u8 HTTP/1.1" 206 5908 "https://ssh101.com/securelive/index.php?id=aigaiotv1" "Lavf/58.45.100" "tna5.bozztv.com"
154.57.7.9 - - [28/Apr/2024:06:11:28 -0400] "GET /aigaiotv1/42578.ts HTTP/1.1" 206 2076288 "https://ssh101.com/securelive/index.php?id=aigaiotv1" "Lavf/58.45.100" "tna5.bozztv.com"
95.129.46.151 - - [28/Apr/2024:06:11:35 -0400] "GET /aigaiotv1/index.m3u8 HTTP/1.1" 206 5908 "https://ssh101.com/securelive/index.php?id=aigaiotv1" "Lavf/58.45.100" "tna5.bozztv.com"
95.129.46.151 - - [28/Apr/2024:06:11:36 -0400] "GET /aigaiotv1/42578.ts HTTP/1.1" 206 2076288 "https://ssh101.com/securelive/index.php?id=aigaiotv1" "Lavf/58.45.100" "tna5.bozztv.com"
154.57.7.9 - - [28/Apr/2024:06:11:43 -0400] "GET /aigaiotv1/index.m3u8 HTTP/1.1" 206 5908 "https://ssh101.com/securelive/index.php?id=aigaiotv1" "Lavf/58.45.100" "tna5.bozztv.com"
162.212.176.104 - - [28/Apr/2024:06:11:45 -0400] "GET /crossdomain.xml HTTP/1.1" 200 296 "-" "Mozilla/5.0 (compatible; PRTG Network Monitor (www.paessler.com); Windows)" "tna5.bozztv.com"
154.57.7.9 - - [28/Apr/2024:06:11:44 -0400] "GET /aigaiotv1/42579.ts HTTP/1.1" 206 2085120 "https://ssh101.com/securelive/index.php?id=aigaiotv1" "Lavf/58.45.100" "tna5.bozztv.com"
95.129.46.151 - - [28/Apr/2024:06:11:51 -0400] "GET /aigaiotv1/index.m3u8 HTTP/1.1" 206 5908 "https://ssh101.com/securelive/index.php?id=aigaiotv1" "Lavf/58.45.100" "tna5.bozztv.com"
95.129.46.151 - - [28/Apr/2024:06:11:52 -0400] "GET /aigaiotv1/42580.ts HTTP/1.1" 206 2102608 "https://ssh101.com/securelive/index.php?id=aigaiotv1" "Lavf/58.45.100" "tna5.bozztv.com"
154.57.7.9 - - [28/Apr/2024:06:11:59 -0400] "GET /aigaiotv1/index.m3u8 HTTP/1.1" 206 5908 "https://ssh101.com/securelive/index.php?id=aigaiotv1" "Lavf/58.45.100" "tna5.bozztv.com"
62.210.125.163 - - [28/Apr/2024:06:12:04 -0400] "GET /ALBANIANTVUSA/index.m3u8 HTTP/1.1" 404 222 "-" "AppleCoreMedia/1.0.0.9A405 (iPad; U; CPU OS 5_0_1 like Mac OS X; zh_cn)" "tna5.bozztv.com"
154.57.7.9 - - [28/Apr/2024:06:12:00 -0400] "GET /aigaiotv1/42581.ts HTTP/1.1" 206 2090192 "https://ssh101.com/securelive/index.php?id=aigaiotv1" "Lavf/58.45.100" "tna5.bozztv.com"
95.129.46.151 - - [28/Apr/2024:06:12:07 -0400] "GET /aigaiotv1/index.m3u8 HTTP/1.1" 206 5908 "https://ssh101.com/securelive/index.php?id=aigaiotv1" "Lavf/58.45.100" "tna5.bozztv.com"
95.129.46.151 - - [28/Apr/2024:06:12:08 -0400] "GET /aigaiotv1/42582.ts HTTP/1.1" 206 2098848 "https://ssh101.com/securelive/index.php?id=aigaiotv1" "Lavf/58.45.100" "tna5.bozztv.com"
154.57.7.9 - - [28/Apr/2024:06:12:15 -0400] "GET /aigaiotv1/index.m3u8 HTTP/1.1" 206 5908 "https://ssh101.com/securelive/index.php?id=aigaiotv1" "Lavf/58.45.100" "tna5.bozztv.com"
154.57.7.9 - - [28/Apr/2024:06:12:17 -0400] "GET /aigaiotv1/42582.ts HTTP/1.1" 206 2098848 "https://ssh101.com/securelive/index.php?id=aigaiotv1" "Lavf/58.45.100" "tna5.bozztv.com"
95.129.46.151 - - [28/Apr/2024:06:12:23 -0400] "GET /aigaiotv1/index.m3u8 HTTP/1.1" 206 5908 "https://ssh101.com/securelive/index.php?id=aigaiotv1" "Lavf/58.45.100" "tna5.bozztv.com"
95.129.46.151 - - [28/Apr/2024:06:12:24 -0400] "GET /aigaiotv1/42583.ts HTTP/1.1" 206 2003152 "https://ssh101.com/securelive/index.php?id=aigaiotv1" "Lavf/58.45.100" "tna5.bozztv.com"
154.57.7.9 - - [28/Apr/2024:06:12:32 -0400] "GET /aigaiotv1/index.m3u8 HTTP/1.1" 206 5908 "https://ssh101.com/securelive/index.php?id=aigaiotv1" "Lavf/58.45.100" "tna5.bozztv.com"
154.57.7.9 - - [28/Apr/2024:06:12:33 -0400] "GET /aigaiotv1/42584.ts HTTP/1.1" 206 2070832 "https://ssh101.com/securelive/index.php?id=aigaiotv1" "Lavf/58.45.100" "tna5.bozztv.com"
95.129.46.151 - - [28/Apr/2024:06:12:39 -0400] "GET /aigaiotv1/index.m3u8 HTTP/1.1" 206 5908 "https://ssh101.com/securelive/index.php?id=aigaiotv1" "Lavf/58.45.100" "tna5.bozztv.com"
162.212.176.104 - - [28/Apr/2024:06:12:45 -0400] "GET /crossdomain.xml HTTP/1.1" 200 296 "-" "Mozilla/5.0 (compatible; PRTG Network Monitor (www.paessler.com); Windows)" "tna5.bozztv.com"
95.129.46.151 - - [28/Apr/2024:06:12:40 -0400] "GET /aigaiotv1/42585.ts HTTP/1.1" 206 2083984 "https://ssh101.com/securelive/index.php?id=aigaiotv1" "Lavf/58.45.100" "tna5.bozztv.com"
154.57.7.9 - - [28/Apr/2024:06:12:48 -0400] "GET /aigaiotv1/index.m3u8 HTTP/1.1" 206 5775 "https://ssh101.com/securelive/index.php?id=aigaiotv1" "Lavf/58.45.100" "tna5.bozztv.com"
154.57.7.9 - - [28/Apr/2024:06:12:49 -0400] "GET /aigaiotv1/42586.ts HTTP/1.1" 206 2120832 "https://ssh101.com/securelive/index.php?id=aigaiotv1" "Lavf/58.45.100" "tna5.bozztv.com"
95.129.46.151 - - [28/Apr/2024:06:12:55 -0400] "GET /aigaiotv1/index.m3u8 HTTP/1.1" 206 5775 "https://ssh101.com/securelive/index.php?id=aigaiotv1" "Lavf/58.45.100" "tna5.bozztv.com"
95.129.46.151 - - [28/Apr/2024:06:12:56 -0400] "GET /aigaiotv1/42586.ts HTTP/1.1" 206 2120832 "https://ssh101.com/securelive/index.php?id=aigaiotv1" "Lavf/58.45.100" "tna5.bozztv.com"
62.210.125.163 - - [28/Apr/2024:06:13:03 -0400] "GET /ALBANIANTVUSA/index.m3u8 HTTP/1.1" 404 222 "-" "AppleCoreMedia/1.0.0.9A405 (iPad; U; CPU OS 5_0_1 like Mac OS X; zh_cn)" "tna5.bozztv.com"
154.57.7.9 - - [28/Apr/2024:06:13:04 -0400] "GET /aigaiotv1/index.m3u8 HTTP/1.1" 206 5908 "https://ssh101.com/securelive/index.php?id=aigaiotv1" "Lavf/58.45.100" "tna5.bozztv.com"
154.57.7.9 - - [28/Apr/2024:06:13:05 -0400] "GET /aigaiotv1/42587.ts HTTP/1.1" 206 2055792 "https://ssh101.com/securelive/index.php?id=aigaiotv1" "Lavf/58.45.100" "tna5.bozztv.com"
95.129.46.151 - - [28/Apr/2024:06:13:11 -0400] "GET /aigaiotv1/index.m3u8 HTTP/1.1" 206 5908 "https://ssh101.com/securelive/index.php?id=aigaiotv1" "Lavf/58.45.100" "tna5.bozztv.com"
102.50.247.178 - - [28/Apr/2024:06:13:12 -0400] "GET /Cusco/index.m3u8 HTTP/1.1" 404 214 "-" "Mozilla/5.0" "tna5.bozztv.com"
95.129.46.151 - - [28/Apr/2024:06:13:12 -0400] "GET /aigaiotv1/42588.ts HTTP/1.1" 206 2057296 "https://ssh101.com/securelive/index.php?id=aigaiotv1" "Lavf/58.45.100" "tna5.bozztv.com"
154.57.7.9 - - [28/Apr/2024:06:13:20 -0400] "GET /aigaiotv1/index.m3u8 HTTP/1.1" 206 5908 "https://ssh101.com/securelive/index.php?id=aigaiotv1" "Lavf/58.45.100" "tna5.bozztv.com"
154.57.7.9 - - [28/Apr/2024:06:13:21 -0400] "GET /aigaiotv1/42589.ts HTTP/1.1" 206 2006720 "https://ssh101.com/securelive/index.php?id=aigaiotv1" "Lavf/58.45.100" "tna5.bozztv.com"
95.129.46.151 - - [28/Apr/2024:06:13:27 -0400] "GET /aigaiotv1/index.m3u8 HTTP/1.1" 206 5908 "https://ssh101.com/securelive/index.php?id=aigaiotv1" "Lavf/58.45.100" "tna5.bozztv.com"
95.129.46.151 - - [28/Apr/2024:06:13:28 -0400] "GET /aigaiotv1/42590.ts HTTP/1.1" 206 2065376 "https://ssh101.com/securelive/index.php?id=aigaiotv1" "Lavf/58.45.100" "tna5.bozztv.com"
154.57.7.9 - - [28/Apr/2024:06:13:37 -0400] "GET /aigaiotv1/index.m3u8 HTTP/1.1" 206 5908 "https://ssh101.com/securelive/index.php?id=aigaiotv1" "Lavf/58.45.100" "tna5.bozztv.com"
154.57.7.9 - - [28/Apr/2024:06:13:38 -0400] "GET /aigaiotv1/42590.ts HTTP/1.1" 206 2065376 "https://ssh101.com/securelive/index.php?id=aigaiotv1" "Lavf/58.45.100" "tna5.bozztv.com"
95.129.46.151 - - [28/Apr/2024:06:13:43 -0400] "GET /aigaiotv1/index.m3u8 HTTP/1.1" 206 5908 "https://ssh101.com/securelive/index.php?id=aigaiotv1" "Lavf/58.45.100" "tna5.bozztv.com"
162.212.176.104 - - [28/Apr/2024:06:13:45 -0400] "GET /crossdomain.xml HTTP/1.1" 200 296 "-" "Mozilla/5.0 (compatible; PRTG Network Monitor (www.paessler.com); Windows)" "tna5.bozztv.com"
185.16.38.111 - - [28/Apr/2024:06:13:47 -0400] "GET / HTTP/1.1" 302 209 "-" "-" "208.79.153.189:80"
95.129.46.151 - - [28/Apr/2024:06:13:44 -0400] "GET /aigaiotv1/42591.ts HTTP/1.1" 206 2102976 "https://ssh101.com/securelive/index.php?id=aigaiotv1" "Lavf/58.45.100" "tna5.bozztv.com"
46.182.110.134 - - [28/Apr/2024:06:13:52 -0400] "GET /TACusa/index.m3u8 HTTP/1.1" 404 215 "-" "Streamer 24.02" "tna5.bozztv.com"
154.57.7.9 - - [28/Apr/2024:06:13:53 -0400] "GET /aigaiotv1/index.m3u8 HTTP/1.1" 206 5908 "https://ssh101.com/securelive/index.php?id=aigaiotv1" "Lavf/58.45.100" "tna5.bozztv.com"
154.57.7.9 - - [28/Apr/2024:06:13:54 -0400] "GET /aigaiotv1/42592.ts HTTP/1.1" 206 2082304 "https://ssh101.com/securelive/index.php?id=aigaiotv1" "Lavf/58.45.100" "tna5.bozztv.com"
95.129.46.151 - - [28/Apr/2024:06:14:00 -0400] "GET /aigaiotv1/index.m3u8 HTTP/1.1" 206 5908 "https://ssh101.com/securelive/index.php?id=aigaiotv1" "Lavf/58.45.100" "tna5.bozztv.com"
62.210.125.163 - - [28/Apr/2024:06:14:03 -0400] "GET /ALBANIANTVUSA/index.m3u8 HTTP/1.1" 404 222 "-" "AppleCoreMedia/1.0.0.9A405 (iPad; U; CPU OS 5_0_1 like Mac OS X; zh_cn)" "tna5.bozztv.com"
95.129.46.151 - - [28/Apr/2024:06:14:01 -0400] "GET /aigaiotv1/42593.ts HTTP/1.1" 206 1821728 "https://ssh101.com/securelive/index.php?id=aigaiotv1" "Lavf/58.45.100" "tna5.bozztv.com"
154.57.7.9 - - [28/Apr/2024:06:14:09 -0400] "GET /aigaiotv1/index.m3u8 HTTP/1.1" 206 5908 "https://ssh101.com/securelive/index.php?id=aigaiotv1" "Lavf/58.45.100" "tna5.bozztv.com"
154.57.7.9 - - [28/Apr/2024:06:14:10 -0400] "GET /aigaiotv1/42594.ts HTTP/1.1" 206 2219920 "https://ssh101.com/securelive/index.php?id=aigaiotv1" "Lavf/58.45.100" "tna5.bozztv.com"
95.129.46.151 - - [28/Apr/2024:06:14:16 -0400] "GET /aigaiotv1/index.m3u8 HTTP/1.1" 206 5908 "https://ssh101.com/securelive/index.php?id=aigaiotv1" "Lavf/58.45.100" "tna5.bozztv.com"
95.129.46.151 - - [28/Apr/2024:06:14:17 -0400] "GET /aigaiotv1/42594.ts HTTP/1.1" 206 2219920 "https://ssh101.com/securelive/index.php?id=aigaiotv1" "Lavf/58.45.100" "tna5.bozztv.com"
154.57.7.9 - - [28/Apr/2024:06:14:25 -0400] "GET /aigaiotv1/index.m3u8 HTTP/1.1" 206 5908 "https://ssh101.com/securelive/index.php?id=aigaiotv1" "Lavf/58.45.100" "tna5.bozztv.com"
154.57.7.9 - - [28/Apr/2024:06:14:26 -0400] "GET /aigaiotv1/42595.ts HTTP/1.1" 206 1979088 "https://ssh101.com/securelive/index.php?id=aigaiotv1" "Lavf/58.45.100" "tna5.bozztv.com"
95.129.46.151 - - [28/Apr/2024:06:14:32 -0400] "GET /aigaiotv1/index.m3u8 HTTP/1.1" 206 5908 "https://ssh101.com/securelive/index.php?id=aigaiotv1" "Lavf/58.45.100" "tna5.bozztv.com"
95.129.46.151 - - [28/Apr/2024:06:14:33 -0400] "GET /aigaiotv1/42596.ts HTTP/1.1" 206 2257328 "https://ssh101.com/securelive/index.php?id=aigaiotv1" "Lavf/58.45.100" "tna5.bozztv.com"
154.57.7.9 - - [28/Apr/2024:06:14:42 -0400] "GET /aigaiotv1/index.m3u8 HTTP/1.1" 206 5908 "https://ssh101.com/securelive/index.php?id=aigaiotv1" "Lavf/58.45.100" "tna5.bozztv.com"
162.212.176.104 - - [28/Apr/2024:06:14:45 -0400] "GET /crossdomain.xml HTTP/1.1" 200 296 "-" "Mozilla/5.0 (compatible; PRTG Network Monitor (www.paessler.com); Windows)" "tna5.bozztv.com"
154.57.7.9 - - [28/Apr/2024:06:14:43 -0400] "GET /aigaiotv1/42597.ts HTTP/1.1" 206 2077600 "https://ssh101.com/securelive/index.php?id=aigaiotv1" "Lavf/58.45.100" "tna5.bozztv.com"
95.129.46.151 - - [28/Apr/2024:06:14:48 -0400] "GET /aigaiotv1/index.m3u8 HTTP/1.1" 206 5908 "https://ssh101.com/securelive/index.php?id=aigaiotv1" "Lavf/58.45.100" "tna5.bozztv.com"
95.129.46.151 - - [28/Apr/2024:06:14:49 -0400] "GET /aigaiotv1/42597.ts HTTP/1.1" 206 2077600 "https://ssh101.com/securelive/index.php?id=aigaiotv1" "Lavf/58.45.100" "tna5.bozztv.com"
