154.57.7.9 - - [28/Apr/2024:11:08:51 -0400] "GET /aigaiotv1/44326.ts HTTP/1.1" 206 2664720 "https://ssh101.com/securelive/index.php?id=aigaiotv1" "Lavf/58.45.100" "tna5.bozztv.com"
62.210.125.163 - - [28/Apr/2024:11:09:03 -0400] "GET /ALBANIANTVUSA/index.m3u8 HTTP/1.1" 404 222 "-" "AppleCoreMedia/1.0.0.9A405 (iPad; U; CPU OS 5_0_1 like Mac OS X; zh_cn)" "tna5.bozztv.com"
95.129.46.151 - - [28/Apr/2024:11:09:04 -0400] "GET /aigaiotv1/index.m3u8 HTTP/1.1" 206 5908 "https://ssh101.com/securelive/index.php?id=aigaiotv1" "Lavf/58.45.100" "tna5.bozztv.com"
154.57.7.9 - - [28/Apr/2024:11:09:08 -0400] "GET /aigaiotv1/index.m3u8 HTTP/1.1" 206 5908 "https://ssh101.com/securelive/index.php?id=aigaiotv1" "Lavf/58.45.100" "tna5.bozztv.com"
95.129.46.151 - - [28/Apr/2024:11:09:05 -0400] "GET /aigaiotv1/44327.ts HTTP/1.1" 206 2215584 "https://ssh101.com/securelive/index.php?id=aigaiotv1" "Lavf/58.45.100" "tna5.bozztv.com"
154.57.7.9 - - [28/Apr/2024:11:09:09 -0400] "GET /aigaiotv1/44328.ts HTTP/1.1" 206 1961040 "https://ssh101.com/securelive/index.php?id=aigaiotv1" "Lavf/58.45.100" "tna5.bozztv.com"
95.129.46.151 - - [28/Apr/2024:11:09:21 -0400] "GET /aigaiotv1/index.m3u8 HTTP/1.1" 206 5908 "https://ssh101.com/securelive/index.php?id=aigaiotv1" "Lavf/58.45.100" "tna5.bozztv.com"
154.57.7.9 - - [28/Apr/2024:11:09:25 -0400] "GET /aigaiotv1/index.m3u8 HTTP/1.1" 206 5908 "https://ssh101.com/securelive/index.php?id=aigaiotv1" "Lavf/58.45.100" "tna5.bozztv.com"
95.129.46.151 - - [28/Apr/2024:11:09:22 -0400] "GET /aigaiotv1/44329.ts HTTP/1.1" 206 2242480 "https://ssh101.com/securelive/index.php?id=aigaiotv1" "Lavf/58.45.100" "tna5.bozztv.com"
154.57.7.9 - - [28/Apr/2024:11:09:26 -0400] "GET /aigaiotv1/44329.ts HTTP/1.1" 206 2242480 "https://ssh101.com/securelive/index.php?id=aigaiotv1" "Lavf/58.45.100" "tna5.bozztv.com"
95.129.46.151 - - [28/Apr/2024:11:09:37 -0400] "GET /aigaiotv1/index.m3u8 HTTP/1.1" 206 5908 "https://ssh101.com/securelive/index.php?id=aigaiotv1" "Lavf/58.45.100" "tna5.bozztv.com"
154.57.7.9 - - [28/Apr/2024:11:09:42 -0400] "GET /aigaiotv1/index.m3u8 HTTP/1.1" 206 5908 "https://ssh101.com/securelive/index.php?id=aigaiotv1" "Lavf/58.45.100" "tna5.bozztv.com"
95.129.46.151 - - [28/Apr/2024:11:09:38 -0400] "GET /aigaiotv1/44331.ts HTTP/1.1" 206 2137760 "https://ssh101.com/securelive/index.php?id=aigaiotv1" "Lavf/58.45.100" "tna5.bozztv.com"
162.212.176.104 - - [28/Apr/2024:11:09:45 -0400] "GET /crossdomain.xml HTTP/1.1" 200 296 "-" "Mozilla/5.0 (compatible; PRTG Network Monitor (www.paessler.com); Windows)" "tna5.bozztv.com"
154.57.7.9 - - [28/Apr/2024:11:09:43 -0400] "GET /aigaiotv1/44331.ts HTTP/1.1" 206 2137760 "https://ssh101.com/securelive/index.php?id=aigaiotv1" "Lavf/58.45.100" "tna5.bozztv.com"
95.129.46.151 - - [28/Apr/2024:11:09:54 -0400] "GET /aigaiotv1/index.m3u8 HTTP/1.1" 206 5908 "https://ssh101.com/securelive/index.php?id=aigaiotv1" "Lavf/58.45.100" "tna5.bozztv.com"
154.57.7.9 - - [28/Apr/2024:11:10:00 -0400] "GET /aigaiotv1/index.m3u8 HTTP/1.1" 206 5908 "https://ssh101.com/securelive/index.php?id=aigaiotv1" "Lavf/58.45.100" "tna5.bozztv.com"
95.129.46.151 - - [28/Apr/2024:11:09:55 -0400] "GET /aigaiotv1/44332.ts HTTP/1.1" 206 2309968 "https://ssh101.com/securelive/index.php?id=aigaiotv1" "Lavf/58.45.100" "tna5.bozztv.com"
62.210.125.163 - - [28/Apr/2024:11:10:02 -0400] "GET /ALBANIANTVUSA/index.m3u8 HTTP/1.1" 404 222 "-" "AppleCoreMedia/1.0.0.9A405 (iPad; U; CPU OS 5_0_1 like Mac OS X; zh_cn)" "tna5.bozztv.com"
154.57.7.9 - - [28/Apr/2024:11:10:01 -0400] "GET /aigaiotv1/44333.ts HTTP/1.1" 206 2074592 "https://ssh101.com/securelive/index.php?id=aigaiotv1" "Lavf/58.45.100" "tna5.bozztv.com"
95.129.46.151 - - [28/Apr/2024:11:10:12 -0400] "GET /aigaiotv1/index.m3u8 HTTP/1.1" 206 5908 "https://ssh101.com/securelive/index.php?id=aigaiotv1" "Lavf/58.45.100" "tna5.bozztv.com"
154.57.7.9 - - [28/Apr/2024:11:10:16 -0400] "GET /aigaiotv1/index.m3u8 HTTP/1.1" 206 5908 "https://ssh101.com/securelive/index.php?id=aigaiotv1" "Lavf/58.45.100" "tna5.bozztv.com"
95.129.46.151 - - [28/Apr/2024:11:10:13 -0400] "GET /aigaiotv1/44334.ts HTTP/1.1" 206 2145472 "https://ssh101.com/securelive/index.php?id=aigaiotv1" "Lavf/58.45.100" "tna5.bozztv.com"
154.57.7.9 - - [28/Apr/2024:11:10:17 -0400] "GET /aigaiotv1/44335.ts HTTP/1.1" 206 2150544 "https://ssh101.com/securelive/index.php?id=aigaiotv1" "Lavf/58.45.100" "tna5.bozztv.com"
185.224.128.43 - - [28/Apr/2024:11:10:22 -0400] "GET / HTTP/1.1" 302 209 "-" "Mozilla/5.0 (Windows NT 10.0; Win64; x64) AppleWebKit/537.36 (KHTML, like Gecko) Chrome/90.0.4430.85 Safari/537.36 Edg/90.0.818.46" "208.79.153.189"
95.129.46.151 - - [28/Apr/2024:11:10:28 -0400] "GET /aigaiotv1/index.m3u8 HTTP/1.1" 206 5908 "https://ssh101.com/securelive/index.php?id=aigaiotv1" "Lavf/58.45.100" "tna5.bozztv.com"
154.57.7.9 - - [28/Apr/2024:11:10:32 -0400] "GET /aigaiotv1/index.m3u8 HTTP/1.1" 206 5908 "https://ssh101.com/securelive/index.php?id=aigaiotv1" "Lavf/58.45.100" "tna5.bozztv.com"
95.129.46.151 - - [28/Apr/2024:11:10:29 -0400] "GET /aigaiotv1/44336.ts HTTP/1.1" 206 2150352 "https://ssh101.com/securelive/index.php?id=aigaiotv1" "Lavf/58.45.100" "tna5.bozztv.com"
154.57.7.9 - - [28/Apr/2024:11:10:33 -0400] "GET /aigaiotv1/44336.ts HTTP/1.1" 206 2150352 "https://ssh101.com/securelive/index.php?id=aigaiotv1" "Lavf/58.45.100" "tna5.bozztv.com"
162.212.176.104 - - [28/Apr/2024:11:10:45 -0400] "GET /crossdomain.xml HTTP/1.1" 200 296 "-" "Mozilla/5.0 (compatible; PRTG Network Monitor (www.paessler.com); Windows)" "tna5.bozztv.com"
95.129.46.151 - - [28/Apr/2024:11:10:46 -0400] "GET /aigaiotv1/index.m3u8 HTTP/1.1" 206 5908 "https://ssh101.com/securelive/index.php?id=aigaiotv1" "Lavf/58.45.100" "tna5.bozztv.com"
154.57.7.9 - - [28/Apr/2024:11:10:49 -0400] "GET /aigaiotv1/index.m3u8 HTTP/1.1" 206 5908 "https://ssh101.com/securelive/index.php?id=aigaiotv1" "Lavf/58.45.100" "tna5.bozztv.com"
95.129.46.151 - - [28/Apr/2024:11:10:47 -0400] "GET /aigaiotv1/44337.ts HTTP/1.1" 206 2032096 "https://ssh101.com/securelive/index.php?id=aigaiotv1" "Lavf/58.45.100" "tna5.bozztv.com"
154.57.7.9 - - [28/Apr/2024:11:10:50 -0400] "GET /aigaiotv1/44338.ts HTTP/1.1" 206 2077968 "https://ssh101.com/securelive/index.php?id=aigaiotv1" "Lavf/58.45.100" "tna5.bozztv.com"
95.129.46.151 - - [28/Apr/2024:11:11:02 -0400] "GET /aigaiotv1/index.m3u8 HTTP/1.1" 206 5908 "https://ssh101.com/securelive/index.php?id=aigaiotv1" "Lavf/58.45.100" "tna5.bozztv.com"
62.210.125.163 - - [28/Apr/2024:11:11:04 -0400] "GET /ALBANIANTVUSA/index.m3u8 HTTP/1.1" 404 222 "-" "AppleCoreMedia/1.0.0.9A405 (iPad; U; CPU OS 5_0_1 like Mac OS X; zh_cn)" "tna5.bozztv.com"
154.57.7.9 - - [28/Apr/2024:11:11:05 -0400] "GET /aigaiotv1/index.m3u8 HTTP/1.1" 206 5908 "https://ssh101.com/securelive/index.php?id=aigaiotv1" "Lavf/58.45.100" "tna5.bozztv.com"
95.129.46.151 - - [28/Apr/2024:11:11:03 -0400] "GET /aigaiotv1/44339.ts HTTP/1.1" 206 2241344 "https://ssh101.com/securelive/index.php?id=aigaiotv1" "Lavf/58.45.100" "tna5.bozztv.com"
154.57.7.9 - - [28/Apr/2024:11:11:06 -0400] "GET /aigaiotv1/44339.ts HTTP/1.1" 206 2241344 "https://ssh101.com/securelive/index.php?id=aigaiotv1" "Lavf/58.45.100" "tna5.bozztv.com"
183.17.230.73 - - [28/Apr/2024:11:11:14 -0400] "GET /jesstv/index.m3u8 HTTP/1.1" 404 215 "-" "Mozilla/5.0 (Windows NT 10.0; Win64; x64" "tna5.bozztv.com"
95.129.46.151 - - [28/Apr/2024:11:11:18 -0400] "GET /aigaiotv1/index.m3u8 HTTP/1.1" 206 5908 "https://ssh101.com/securelive/index.php?id=aigaiotv1" "Lavf/58.45.100" "tna5.bozztv.com"
154.57.7.9 - - [28/Apr/2024:11:11:21 -0400] "GET /aigaiotv1/index.m3u8 HTTP/1.1" 206 5908 "https://ssh101.com/securelive/index.php?id=aigaiotv1" "Lavf/58.45.100" "tna5.bozztv.com"
95.129.46.151 - - [28/Apr/2024:11:11:19 -0400] "GET /aigaiotv1/44340.ts HTTP/1.1" 206 2091136 "https://ssh101.com/securelive/index.php?id=aigaiotv1" "Lavf/58.45.100" "tna5.bozztv.com"
154.57.7.9 - - [28/Apr/2024:11:11:23 -0400] "GET /aigaiotv1/44341.ts HTTP/1.1" 206 2377456 "https://ssh101.com/securelive/index.php?id=aigaiotv1" "Lavf/58.45.100" "tna5.bozztv.com"
95.129.46.151 - - [28/Apr/2024:11:11:35 -0400] "GET /aigaiotv1/index.m3u8 HTTP/1.1" 206 5908 "https://ssh101.com/securelive/index.php?id=aigaiotv1" "Lavf/58.45.100" "tna5.bozztv.com"
154.57.7.9 - - [28/Apr/2024:11:11:38 -0400] "GET /aigaiotv1/index.m3u8 HTTP/1.1" 206 5908 "https://ssh101.com/securelive/index.php?id=aigaiotv1" "Lavf/58.45.100" "tna5.bozztv.com"
95.129.46.151 - - [28/Apr/2024:11:11:36 -0400] "GET /aigaiotv1/44342.ts HTTP/1.1" 206 1809136 "https://ssh101.com/securelive/index.php?id=aigaiotv1" "Lavf/58.45.100" "tna5.bozztv.com"
162.212.176.104 - - [28/Apr/2024:11:11:45 -0400] "GET /crossdomain.xml HTTP/1.1" 200 296 "-" "Mozilla/5.0 (compatible; PRTG Network Monitor (www.paessler.com); Windows)" "tna5.bozztv.com"
154.57.7.9 - - [28/Apr/2024:11:11:39 -0400] "GET /aigaiotv1/44342.ts HTTP/1.1" 206 1809136 "https://ssh101.com/securelive/index.php?id=aigaiotv1" "Lavf/58.45.100" "tna5.bozztv.com"
95.129.46.151 - - [28/Apr/2024:11:11:53 -0400] "GET /aigaiotv1/index.m3u8 HTTP/1.1" 206 5908 "https://ssh101.com/securelive/index.php?id=aigaiotv1" "Lavf/58.45.100" "tna5.bozztv.com"
154.57.7.9 - - [28/Apr/2024:11:11:56 -0400] "GET /aigaiotv1/index.m3u8 HTTP/1.1" 206 5908 "https://ssh101.com/securelive/index.php?id=aigaiotv1" "Lavf/58.45.100" "tna5.bozztv.com"
95.129.46.151 - - [28/Apr/2024:11:11:54 -0400] "GET /aigaiotv1/44344.ts HTTP/1.1" 206 2170656 "https://ssh101.com/securelive/index.php?id=aigaiotv1" "Lavf/58.45.100" "tna5.bozztv.com"
154.57.7.9 - - [28/Apr/2024:11:11:57 -0400] "GET /aigaiotv1/44344.ts HTTP/1.1" 206 2170656 "https://ssh101.com/securelive/index.php?id=aigaiotv1" "Lavf/58.45.100" "tna5.bozztv.com"
62.210.125.163 - - [28/Apr/2024:11:12:03 -0400] "GET /ALBANIANTVUSA/index.m3u8 HTTP/1.1" 404 222 "-" "AppleCoreMedia/1.0.0.9A405 (iPad; U; CPU OS 5_0_1 like Mac OS X; zh_cn)" "tna5.bozztv.com"
95.129.46.151 - - [28/Apr/2024:11:12:09 -0400] "GET /aigaiotv1/index.m3u8 HTTP/1.1" 206 5908 "https://ssh101.com/securelive/index.php?id=aigaiotv1" "Lavf/58.45.100" "tna5.bozztv.com"
154.57.7.9 - - [28/Apr/2024:11:12:12 -0400] "GET /aigaiotv1/index.m3u8 HTTP/1.1" 206 5908 "https://ssh101.com/securelive/index.php?id=aigaiotv1" "Lavf/58.45.100" "tna5.bozztv.com"
95.129.46.151 - - [28/Apr/2024:11:12:10 -0400] "GET /aigaiotv1/44345.ts HTTP/1.1" 206 1759120 "https://ssh101.com/securelive/index.php?id=aigaiotv1" "Lavf/58.45.100" "tna5.bozztv.com"
154.57.7.9 - - [28/Apr/2024:11:12:13 -0400] "GET /aigaiotv1/44345.ts HTTP/1.1" 206 1759120 "https://ssh101.com/securelive/index.php?id=aigaiotv1" "Lavf/58.45.100" "tna5.bozztv.com"
95.129.46.151 - - [28/Apr/2024:11:12:26 -0400] "GET /aigaiotv1/index.m3u8 HTTP/1.1" 206 5908 "https://ssh101.com/securelive/index.php?id=aigaiotv1" "Lavf/58.45.100" "tna5.bozztv.com"
154.57.7.9 - - [28/Apr/2024:11:12:29 -0400] "GET /aigaiotv1/index.m3u8 HTTP/1.1" 206 5908 "https://ssh101.com/securelive/index.php?id=aigaiotv1" "Lavf/58.45.100" "tna5.bozztv.com"
95.129.46.151 - - [28/Apr/2024:11:12:27 -0400] "GET /aigaiotv1/44347.ts HTTP/1.1" 206 1989616 "https://ssh101.com/securelive/index.php?id=aigaiotv1" "Lavf/58.45.100" "tna5.bozztv.com"
154.57.7.9 - - [28/Apr/2024:11:12:31 -0400] "GET /aigaiotv1/44347.ts HTTP/1.1" 206 1989616 "https://ssh101.com/securelive/index.php?id=aigaiotv1" "Lavf/58.45.100" "tna5.bozztv.com"
162.212.176.104 - - [28/Apr/2024:11:12:45 -0400] "GET /crossdomain.xml HTTP/1.1" 200 296 "-" "Mozilla/5.0 (compatible; PRTG Network Monitor (www.paessler.com); Windows)" "tna5.bozztv.com"
95.129.46.151 - - [28/Apr/2024:11:12:45 -0400] "GET /aigaiotv1/index.m3u8 HTTP/1.1" 206 5908 "https://ssh101.com/securelive/index.php?id=aigaiotv1" "Lavf/58.45.100" "tna5.bozztv.com"
154.57.7.9 - - [28/Apr/2024:11:12:46 -0400] "GET /aigaiotv1/index.m3u8 HTTP/1.1" 206 5908 "https://ssh101.com/securelive/index.php?id=aigaiotv1" "Lavf/58.45.100" "tna5.bozztv.com"
95.129.46.151 - - [28/Apr/2024:11:12:46 -0400] "GET /aigaiotv1/44348.ts HTTP/1.1" 206 2578048 "https://ssh101.com/securelive/index.php?id=aigaiotv1" "Lavf/58.45.100" "tna5.bozztv.com"
154.57.7.9 - - [28/Apr/2024:11:12:47 -0400] "GET /aigaiotv1/44348.ts HTTP/1.1" 206 2578048 "https://ssh101.com/securelive/index.php?id=aigaiotv1" "Lavf/58.45.100" "tna5.bozztv.com"
95.129.46.151 - - [28/Apr/2024:11:13:02 -0400] "GET /aigaiotv1/index.m3u8 HTTP/1.1" 206 5908 "https://ssh101.com/securelive/index.php?id=aigaiotv1" "Lavf/58.45.100" "tna5.bozztv.com"
62.210.125.163 - - [28/Apr/2024:11:13:02 -0400] "GET /ALBANIANTVUSA/index.m3u8 HTTP/1.1" 404 222 "-" "AppleCoreMedia/1.0.0.9A405 (iPad; U; CPU OS 5_0_1 like Mac OS X; zh_cn)" "tna5.bozztv.com"
154.57.7.9 - - [28/Apr/2024:11:13:03 -0400] "GET /aigaiotv1/index.m3u8 HTTP/1.1" 206 5908 "https://ssh101.com/securelive/index.php?id=aigaiotv1" "Lavf/58.45.100" "tna5.bozztv.com"
95.129.46.151 - - [28/Apr/2024:11:13:03 -0400] "GET /aigaiotv1/44350.ts HTTP/1.1" 206 2150912 "https://ssh101.com/securelive/index.php?id=aigaiotv1" "Lavf/58.45.100" "tna5.bozztv.com"
154.57.7.9 - - [28/Apr/2024:11:13:04 -0400] "GET /aigaiotv1/44350.ts HTTP/1.1" 206 2150912 "https://ssh101.com/securelive/index.php?id=aigaiotv1" "Lavf/58.45.100" "tna5.bozztv.com"
46.182.110.134 - - [28/Apr/2024:11:13:13 -0400] "GET /TACusa/index.m3u8 HTTP/1.1" 404 215 "-" "Streamer 24.02" "tna5.bozztv.com"
95.129.46.151 - - [28/Apr/2024:11:13:19 -0400] "GET /aigaiotv1/index.m3u8 HTTP/1.1" 206 5908 "https://ssh101.com/securelive/index.php?id=aigaiotv1" "Lavf/58.45.100" "tna5.bozztv.com"
154.57.7.9 - - [28/Apr/2024:11:13:20 -0400] "GET /aigaiotv1/index.m3u8 HTTP/1.1" 206 5908 "https://ssh101.com/securelive/index.php?id=aigaiotv1" "Lavf/58.45.100" "tna5.bozztv.com"
154.57.7.9 - - [28/Apr/2024:11:13:21 -0400] "GET /aigaiotv1/44352.ts HTTP/1.1" 206 2121024 "https://ssh101.com/securelive/index.php?id=aigaiotv1" "Lavf/58.45.100" "tna5.bozztv.com"
95.129.46.151 - - [28/Apr/2024:11:13:20 -0400] "GET /aigaiotv1/44352.ts HTTP/1.1" 206 2121024 "https://ssh101.com/securelive/index.php?id=aigaiotv1" "Lavf/58.45.100" "tna5.bozztv.com"
154.57.7.9 - - [28/Apr/2024:11:13:37 -0400] "GET /aigaiotv1/index.m3u8 HTTP/1.1" 206 5908 "https://ssh101.com/securelive/index.php?id=aigaiotv1" "Lavf/58.45.100" "tna5.bozztv.com"
95.129.46.151 - - [28/Apr/2024:11:13:37 -0400] "GET /aigaiotv1/index.m3u8 HTTP/1.1" 206 5908 "https://ssh101.com/securelive/index.php?id=aigaiotv1" "Lavf/58.45.100" "tna5.bozztv.com"
154.57.7.9 - - [28/Apr/2024:11:13:38 -0400] "GET /aigaiotv1/44353.ts HTTP/1.1" 206 2106176 "https://ssh101.com/securelive/index.php?id=aigaiotv1" "Lavf/58.45.100" "tna5.bozztv.com"
95.129.46.151 - - [28/Apr/2024:11:13:38 -0400] "GET /aigaiotv1/44353.ts HTTP/1.1" 206 2106176 "https://ssh101.com/securelive/index.php?id=aigaiotv1" "Lavf/58.45.100" "tna5.bozztv.com"
162.212.176.104 - - [28/Apr/2024:11:13:45 -0400] "GET /crossdomain.xml HTTP/1.1" 200 296 "-" "Mozilla/5.0 (compatible; PRTG Network Monitor (www.paessler.com); Windows)" "tna5.bozztv.com"
154.57.7.9 - - [28/Apr/2024:11:13:54 -0400] "GET /aigaiotv1/index.m3u8 HTTP/1.1" 206 5908 "https://ssh101.com/securelive/index.php?id=aigaiotv1" "Lavf/58.45.100" "tna5.bozztv.com"
95.129.46.151 - - [28/Apr/2024:11:13:55 -0400] "GET /aigaiotv1/index.m3u8 HTTP/1.1" 206 5908 "https://ssh101.com/securelive/index.php?id=aigaiotv1" "Lavf/58.45.100" "tna5.bozztv.com"
154.57.7.9 - - [28/Apr/2024:11:13:55 -0400] "GET /aigaiotv1/44355.ts HTTP/1.1" 206 2068768 "https://ssh101.com/securelive/index.php?id=aigaiotv1" "Lavf/58.45.100" "tna5.bozztv.com"
95.129.46.151 - - [28/Apr/2024:11:13:56 -0400] "GET /aigaiotv1/44355.ts HTTP/1.1" 206 2068768 "https://ssh101.com/securelive/index.php?id=aigaiotv1" "Lavf/58.45.100" "tna5.bozztv.com"
62.210.125.163 - - [28/Apr/2024:11:14:03 -0400] "GET /ALBANIANTVUSA/index.m3u8 HTTP/1.1" 404 222 "-" "AppleCoreMedia/1.0.0.9A405 (iPad; U; CPU OS 5_0_1 like Mac OS X; zh_cn)" "tna5.bozztv.com"
36.99.136.129 - - [28/Apr/2024:11:14:11 -0400] "GET / HTTP/1.1" 403 202 "-" "Mozilla/5.0 (Macintosh; Intel Mac OS X 10_15_7) AppleWebKit/537.36 (KHTML, like Gecko) Chrome/96.0.4664.110 Safari/537.36" "tna5.bozztv.com"
154.57.7.9 - - [28/Apr/2024:11:14:11 -0400] "GET /aigaiotv1/index.m3u8 HTTP/1.1" 206 5908 "https://ssh101.com/securelive/index.php?id=aigaiotv1" "Lavf/58.45.100" "tna5.bozztv.com"
95.129.46.151 - - [28/Apr/2024:11:14:12 -0400] "GET /aigaiotv1/index.m3u8 HTTP/1.1" 206 5908 "https://ssh101.com/securelive/index.php?id=aigaiotv1" "Lavf/58.45.100" "tna5.bozztv.com"
36.99.136.129 - - [28/Apr/2024:11:14:15 -0400] "GET / HTTP/1.1" 200 6372 "-" "Mozilla/5.0 (Macintosh; Intel Mac OS X 10_15_7) AppleWebKit/537.36 (KHTML, like Gecko) Chrome/96.0.4664.110 Safari/537.36" "dev.ssh101.com"
36.99.136.129 - - [28/Apr/2024:11:14:15 -0400] "GET / HTTP/1.1" 403 202 "-" "Mozilla/5.0 (Macintosh; Intel Mac OS X 10_15_7) AppleWebKit/537.36 (KHTML, like Gecko) Chrome/96.0.4664.110 Safari/537.36" "hls.ssh101.com"
36.99.136.128 - - [28/Apr/2024:11:14:16 -0400] "GET / HTTP/1.1" 200 6372 "-" "Mozilla/5.0 (Macintosh; Intel Mac OS X 11_0_0) AppleWebKit/537.36 (KHTML, like Gecko) Chrome/87.0.4280.88 Safari/537.36" "dev.ssh101.com"
36.99.136.129 - - [28/Apr/2024:11:14:17 -0400] "GET /js/jquery.cookie.js HTTP/1.1" 200 1428 "https://dev.ssh101.com/" "Mozilla/5.0 (Macintosh; Intel Mac OS X 11_0_0) AppleWebKit/537.36 (KHTML, like Gecko) Chrome/87.0.4280.88 Safari/537.36" "dev.ssh101.com"
36.99.136.128 - - [28/Apr/2024:11:14:17 -0400] "GET /js/skel-panels.min.js HTTP/1.1" 200 4264 "https://dev.ssh101.com/" "Mozilla/5.0 (Macintosh; Intel Mac OS X 11_0_0) AppleWebKit/537.36 (KHTML, like Gecko) Chrome/87.0.4280.88 Safari/537.36" "dev.ssh101.com"
36.99.136.129 - - [28/Apr/2024:11:14:17 -0400] "GET /js/skel.min.js HTTP/1.1" 200 6542 "https://dev.ssh101.com/" "Mozilla/5.0 (Macintosh; Intel Mac OS X 11_0_0) AppleWebKit/537.36 (KHTML, like Gecko) Chrome/87.0.4280.88 Safari/537.36" "dev.ssh101.com"
36.99.136.128 - - [28/Apr/2024:11:14:17 -0400] "GET /js/jquery-confirm.min.js HTTP/1.1" 200 7242 "https://dev.ssh101.com/" "Mozilla/5.0 (Macintosh; Intel Mac OS X 11_0_0) AppleWebKit/537.36 (KHTML, like Gecko) Chrome/87.0.4280.88 Safari/537.36" "dev.ssh101.com"
36.99.136.129 - - [28/Apr/2024:11:14:18 -0400] "GET /uploadify/jquery.uploadify-3.1.min.js HTTP/1.1" 200 12694 "https://dev.ssh101.com/" "Mozilla/5.0 (Macintosh; Intel Mac OS X 11_0_0) AppleWebKit/537.36 (KHTML, like Gecko) Chrome/87.0.4280.88 Safari/537.36" "dev.ssh101.com"
36.99.136.129 - - [28/Apr/2024:11:14:18 -0400] "GET /js/init.js HTTP/1.1" 200 3047 "https://dev.ssh101.com/" "Mozilla/5.0 (Macintosh; Intel Mac OS X 11_0_0) AppleWebKit/537.36 (KHTML, like Gecko) Chrome/87.0.4280.88 Safari/537.36" "dev.ssh101.com"
154.57.7.9 - - [28/Apr/2024:11:14:12 -0400] "GET /aigaiotv1/44357.ts HTTP/1.1" 206 2222544 "https://ssh101.com/securelive/index.php?id=aigaiotv1" "Lavf/58.45.100" "tna5.bozztv.com"
95.129.46.151 - - [28/Apr/2024:11:14:13 -0400] "GET /aigaiotv1/44357.ts HTTP/1.1" 206 2222544 "https://ssh101.com/securelive/index.php?id=aigaiotv1" "Lavf/58.45.100" "tna5.bozztv.com"
123.160.221.130 - - [28/Apr/2024:11:14:22 -0400] "GET /js/jquery.min.js HTTP/1.1" 200 32802 "https://dev.ssh101.com/" "Mozilla/5.0 (Macintosh; Intel Mac OS X 11_0_0) AppleWebKit/537.36 (KHTML, like Gecko) Chrome/87.0.4280.88 Safari/537.36" "dev.ssh101.com"
36.99.136.129 - - [28/Apr/2024:11:14:25 -0400] "GET /ajax/getnginxlivechannel.php HTTP/1.1" 200 2697 "https://dev.ssh101.com/" "Mozilla/5.0 (Macintosh; Intel Mac OS X 11_0_0) AppleWebKit/537.36 (KHTML, like Gecko) Chrome/87.0.4280.88 Safari/537.36" "dev.ssh101.com"
154.57.7.9 - - [28/Apr/2024:11:14:29 -0400] "GET /aigaiotv1/index.m3u8 HTTP/1.1" 206 5908 "https://ssh101.com/securelive/index.php?id=aigaiotv1" "Lavf/58.45.100" "tna5.bozztv.com"
95.129.46.151 - - [28/Apr/2024:11:14:32 -0400] "GET /aigaiotv1/index.m3u8 HTTP/1.1" 206 5908 "https://ssh101.com/securelive/index.php?id=aigaiotv1" "Lavf/58.45.100" "tna5.bozztv.com"
36.99.136.128 - - [28/Apr/2024:11:14:32 -0400] "GET /favicon.ico HTTP/1.1" 200 318 "-" "Mozilla/5.0 (Macintosh; Intel Mac OS X 10_15_7) AppleWebKit/537.36 (KHTML, like Gecko) Chrome/96.0.4664.110 Safari/537.36" "dev.ssh101.com"
154.57.7.9 - - [28/Apr/2024:11:14:30 -0400] "GET /aigaiotv1/44359.ts HTTP/1.1" 206 2017248 "https://ssh101.com/securelive/index.php?id=aigaiotv1" "Lavf/58.45.100" "tna5.bozztv.com"
208.79.153.189 - - [28/Apr/2024:11:14:36 -0400] "OPTIONS * HTTP/1.0" 200 - "-" "Apache/2.4.6 (CentOS) OpenSSL/1.0.2k-fips PHP/5.4.16 (internal dummy connection)" "-"
208.79.153.189 - - [28/Apr/2024:11:14:39 -0400] "OPTIONS * HTTP/1.0" 200 - "-" "Apache/2.4.6 (CentOS) OpenSSL/1.0.2k-fips PHP/5.4.16 (internal dummy connection)" "-"
95.129.46.151 - - [28/Apr/2024:11:14:33 -0400] "GET /aigaiotv1/44359.ts HTTP/1.1" 206 2017248 "https://ssh101.com/securelive/index.php?id=aigaiotv1" "Lavf/58.45.100" "tna5.bozztv.com"
208.79.153.189 - - [28/Apr/2024:11:14:42 -0400] "OPTIONS * HTTP/1.0" 200 - "-" "Apache/2.4.6 (CentOS) OpenSSL/1.0.2k-fips PHP/5.4.16 (internal dummy connection)" "-"
162.212.176.104 - - [28/Apr/2024:11:14:45 -0400] "GET /crossdomain.xml HTTP/1.1" 200 296 "-" "Mozilla/5.0 (compatible; PRTG Network Monitor (www.paessler.com); Windows)" "tna5.bozztv.com"
154.57.7.9 - - [28/Apr/2024:11:14:45 -0400] "GET /aigaiotv1/index.m3u8 HTTP/1.1" 206 5908 "https://ssh101.com/securelive/index.php?id=aigaiotv1" "Lavf/58.45.100" "tna5.bozztv.com"
95.129.46.151 - - [28/Apr/2024:11:14:50 -0400] "GET /aigaiotv1/index.m3u8 HTTP/1.1" 206 5908 "https://ssh101.com/securelive/index.php?id=aigaiotv1" "Lavf/58.45.100" "tna5.bozztv.com"
154.57.7.9 - - [28/Apr/2024:11:14:46 -0400] "GET /aigaiotv1/44360.ts HTTP/1.1" 206 2098656 "https://ssh101.com/securelive/index.php?id=aigaiotv1" "Lavf/58.45.100" "tna5.bozztv.com"
95.129.46.151 - - [28/Apr/2024:11:14:52 -0400] "GET /aigaiotv1/44361.ts HTTP/1.1" 206 2172160 "https://ssh101.com/securelive/index.php?id=aigaiotv1" "Lavf/58.45.100" "tna5.bozztv.com"
154.57.7.9 - - [28/Apr/2024:11:15:02 -0400] "GET /aigaiotv1/index.m3u8 HTTP/1.1" 206 5908 "https://ssh101.com/securelive/index.php?id=aigaiotv1" "Lavf/58.45.100" "tna5.bozztv.com"
62.210.125.163 - - [28/Apr/2024:11:15:04 -0400] "GET /ALBANIANTVUSA/index.m3u8 HTTP/1.1" 404 222 "-" "AppleCoreMedia/1.0.0.9A405 (iPad; U; CPU OS 5_0_1 like Mac OS X; zh_cn)" "tna5.bozztv.com"
95.129.46.151 - - [28/Apr/2024:11:15:10 -0400] "GET /aigaiotv1/index.m3u8 HTTP/1.1" 206 5908 "https://ssh101.com/securelive/index.php?id=aigaiotv1" "Lavf/58.45.100" "tna5.bozztv.com"
154.57.7.9 - - [28/Apr/2024:11:15:03 -0400] "GET /aigaiotv1/44362.ts HTTP/1.1" 206 2206752 "https://ssh101.com/securelive/index.php?id=aigaiotv1" "Lavf/58.45.100" "tna5.bozztv.com"
95.129.46.151 - - [28/Apr/2024:11:15:11 -0400] "GET /aigaiotv1/44362.ts HTTP/1.1" 206 2206752 "https://ssh101.com/securelive/index.php?id=aigaiotv1" "Lavf/58.45.100" "tna5.bozztv.com"
154.57.7.9 - - [28/Apr/2024:11:15:20 -0400] "GET /aigaiotv1/index.m3u8 HTTP/1.1" 206 5908 "https://ssh101.com/securelive/index.php?id=aigaiotv1" "Lavf/58.45.100" "tna5.bozztv.com"
95.129.46.151 - - [28/Apr/2024:11:15:26 -0400] "GET /aigaiotv1/index.m3u8 HTTP/1.1" 206 5908 "https://ssh101.com/securelive/index.php?id=aigaiotv1" "Lavf/58.45.100" "tna5.bozztv.com"
154.57.7.9 - - [28/Apr/2024:11:15:22 -0400] "GET /aigaiotv1/44363.ts HTTP/1.1" 206 1984352 "https://ssh101.com/securelive/index.php?id=aigaiotv1" "Lavf/58.45.100" "tna5.bozztv.com"
95.129.46.151 - - [28/Apr/2024:11:15:27 -0400] "GET /aigaiotv1/44364.ts HTTP/1.1" 206 2126288 "https://ssh101.com/securelive/index.php?id=aigaiotv1" "Lavf/58.45.100" "tna5.bozztv.com"
154.57.7.9 - - [28/Apr/2024:11:15:38 -0400] "GET /aigaiotv1/index.m3u8 HTTP/1.1" 206 5908 "https://ssh101.com/securelive/index.php?id=aigaiotv1" "Lavf/58.45.100" "tna5.bozztv.com"
95.129.46.151 - - [28/Apr/2024:11:15:43 -0400] "GET /aigaiotv1/index.m3u8 HTTP/1.1" 206 5775 "https://ssh101.com/securelive/index.php?id=aigaiotv1" "Lavf/58.45.100" "tna5.bozztv.com"
154.57.7.9 - - [28/Apr/2024:11:15:39 -0400] "GET /aigaiotv1/44365.ts HTTP/1.1" 206 2425584 "https://ssh101.com/securelive/index.php?id=aigaiotv1" "Lavf/58.45.100" "tna5.bozztv.com"
162.212.176.104 - - [28/Apr/2024:11:15:45 -0400] "GET /crossdomain.xml HTTP/1.1" 200 296 "-" "Mozilla/5.0 (compatible; PRTG Network Monitor (www.paessler.com); Windows)" "tna5.bozztv.com"
95.129.46.151 - - [28/Apr/2024:11:15:44 -0400] "GET /aigaiotv1/44366.ts HTTP/1.1" 206 2240976 "https://ssh101.com/securelive/index.php?id=aigaiotv1" "Lavf/58.45.100" "tna5.bozztv.com"
154.57.7.9 - - [28/Apr/2024:11:15:55 -0400] "GET /aigaiotv1/index.m3u8 HTTP/1.1" 206 5908 "https://ssh101.com/securelive/index.php?id=aigaiotv1" "Lavf/58.45.100" "tna5.bozztv.com"
154.57.7.9 - - [28/Apr/2024:11:15:56 -0400] "GET /aigaiotv1/44367.ts HTTP/1.1" 206 1933024 "https://ssh101.com/securelive/index.php?id=aigaiotv1" "Lavf/58.45.100" "tna5.bozztv.com"
95.129.46.151 - - [28/Apr/2024:11:16:03 -0400] "GET /aigaiotv1/index.m3u8 HTTP/1.1" 206 5908 "https://ssh101.com/securelive/index.php?id=aigaiotv1" "Lavf/58.45.100" "tna5.bozztv.com"
62.210.125.163 - - [28/Apr/2024:11:16:03 -0400] "GET /ALBANIANTVUSA/index.m3u8 HTTP/1.1" 404 222 "-" "AppleCoreMedia/1.0.0.9A405 (iPad; U; CPU OS 5_0_1 like Mac OS X; zh_cn)" "tna5.bozztv.com"
95.129.46.151 - - [28/Apr/2024:11:16:04 -0400] "GET /aigaiotv1/44368.ts HTTP/1.1" 206 2156752 "https://ssh101.com/securelive/index.php?id=aigaiotv1" "Lavf/58.45.100" "tna5.bozztv.com"
154.57.7.9 - - [28/Apr/2024:11:16:12 -0400] "GET /aigaiotv1/index.m3u8 HTTP/1.1" 206 5908 "https://ssh101.com/securelive/index.php?id=aigaiotv1" "Lavf/58.45.100" "tna5.bozztv.com"
154.57.7.9 - - [28/Apr/2024:11:16:14 -0400] "GET /aigaiotv1/44369.ts HTTP/1.1" 206 2377648 "https://ssh101.com/securelive/index.php?id=aigaiotv1" "Lavf/58.45.100" "tna5.bozztv.com"
95.129.46.151 - - [28/Apr/2024:11:16:21 -0400] "GET /aigaiotv1/index.m3u8 HTTP/1.1" 206 5908 "https://ssh101.com/securelive/index.php?id=aigaiotv1" "Lavf/58.45.100" "tna5.bozztv.com"
95.129.46.151 - - [28/Apr/2024:11:16:22 -0400] "GET /aigaiotv1/44369.ts HTTP/1.1" 206 2377648 "https://ssh101.com/securelive/index.php?id=aigaiotv1" "Lavf/58.45.100" "tna5.bozztv.com"
154.57.7.9 - - [28/Apr/2024:11:16:31 -0400] "GET /aigaiotv1/index.m3u8 HTTP/1.1" 206 5908 "https://ssh101.com/securelive/index.php?id=aigaiotv1" "Lavf/58.45.100" "tna5.bozztv.com"
154.57.7.9 - - [28/Apr/2024:11:16:32 -0400] "GET /aigaiotv1/44370.ts HTTP/1.1" 206 2153744 "https://ssh101.com/securelive/index.php?id=aigaiotv1" "Lavf/58.45.100" "tna5.bozztv.com"
95.129.46.151 - - [28/Apr/2024:11:16:40 -0400] "GET /aigaiotv1/index.m3u8 HTTP/1.1" 206 5908 "https://ssh101.com/securelive/index.php?id=aigaiotv1" "Lavf/58.45.100" "tna5.bozztv.com"
162.212.176.104 - - [28/Apr/2024:11:16:45 -0400] "GET /crossdomain.xml HTTP/1.1" 200 296 "-" "Mozilla/5.0 (compatible; PRTG Network Monitor (www.paessler.com); Windows)" "tna5.bozztv.com"
95.129.46.151 - - [28/Apr/2024:11:16:41 -0400] "GET /aigaiotv1/44371.ts HTTP/1.1" 206 2142464 "https://ssh101.com/securelive/index.php?id=aigaiotv1" "Lavf/58.45.100" "tna5.bozztv.com"
154.57.7.9 - - [28/Apr/2024:11:16:49 -0400] "GET /aigaiotv1/index.m3u8 HTTP/1.1" 206 5908 "https://ssh101.com/securelive/index.php?id=aigaiotv1" "Lavf/58.45.100" "tna5.bozztv.com"
196.206.11.68 - - [28/Apr/2024:11:16:54 -0400] "GET /aigaiotv1/index.m3u8 HTTP/1.1" 200 828 "-" "Mozilla/5.0 (Linux; Android 6.0; Nexus 5 Build/MRA58N) AppleWebKit/537.36 (KHTML, like Gecko) Chrome/121.0.0.0 Mobile Safari/537.36" "tna5.bozztv.com"
154.57.7.9 - - [28/Apr/2024:11:16:50 -0400] "GET /aigaiotv1/44372.ts HTTP/1.1" 206 1914608 "https://ssh101.com/securelive/index.php?id=aigaiotv1" "Lavf/58.45.100" "tna5.bozztv.com"
95.129.46.151 - - [28/Apr/2024:11:16:57 -0400] "GET /aigaiotv1/index.m3u8 HTTP/1.1" 206 5908 "https://ssh101.com/securelive/index.php?id=aigaiotv1" "Lavf/58.45.100" "tna5.bozztv.com"
62.210.125.163 - - [28/Apr/2024:11:17:03 -0400] "GET /ALBANIANTVUSA/index.m3u8 HTTP/1.1" 404 222 "-" "AppleCoreMedia/1.0.0.9A405 (iPad; U; CPU OS 5_0_1 like Mac OS X; zh_cn)" "tna5.bozztv.com"
95.129.46.151 - - [28/Apr/2024:11:16:58 -0400] "GET /aigaiotv1/44373.ts HTTP/1.1" 206 2138128 "https://ssh101.com/securelive/index.php?id=aigaiotv1" "Lavf/58.45.100" "tna5.bozztv.com"
154.57.7.9 - - [28/Apr/2024:11:17:07 -0400] "GET /aigaiotv1/index.m3u8 HTTP/1.1" 206 5908 "https://ssh101.com/securelive/index.php?id=aigaiotv1" "Lavf/58.45.100" "tna5.bozztv.com"
95.129.46.151 - - [28/Apr/2024:11:17:14 -0400] "GET /aigaiotv1/index.m3u8 HTTP/1.1" 206 5908 "https://ssh101.com/securelive/index.php?id=aigaiotv1" "Lavf/58.45.100" "tna5.bozztv.com"
154.57.7.9 - - [28/Apr/2024:11:17:08 -0400] "GET /aigaiotv1/44374.ts HTTP/1.1" 206 2180432 "https://ssh101.com/securelive/index.php?id=aigaiotv1" "Lavf/58.45.100" "tna5.bozztv.com"
95.129.46.151 - - [28/Apr/2024:11:17:15 -0400] "GET /aigaiotv1/44374.ts HTTP/1.1" 206 2180432 "https://ssh101.com/securelive/index.php?id=aigaiotv1" "Lavf/58.45.100" "tna5.bozztv.com"
154.57.7.9 - - [28/Apr/2024:11:17:27 -0400] "GET /aigaiotv1/index.m3u8 HTTP/1.1" 206 5908 "https://ssh101.com/securelive/index.php?id=aigaiotv1" "Lavf/58.45.100" "tna5.bozztv.com"
95.129.46.151 - - [28/Apr/2024:11:17:32 -0400] "GET /aigaiotv1/index.m3u8 HTTP/1.1" 206 5908 "https://ssh101.com/securelive/index.php?id=aigaiotv1" "Lavf/58.45.100" "tna5.bozztv.com"
154.57.7.9 - - [28/Apr/2024:11:17:28 -0400] "GET /aigaiotv1/44376.ts HTTP/1.1" 206 1932832 "https://ssh101.com/securelive/index.php?id=aigaiotv1" "Lavf/58.45.100" "tna5.bozztv.com"
95.129.46.151 - - [28/Apr/2024:11:17:33 -0400] "GET /aigaiotv1/44376.ts HTTP/1.1" 206 1932832 "https://ssh101.com/securelive/index.php?id=aigaiotv1" "Lavf/58.45.100" "tna5.bozztv.com"
162.212.176.104 - - [28/Apr/2024:11:17:45 -0400] "GET /crossdomain.xml HTTP/1.1" 200 296 "-" "Mozilla/5.0 (compatible; PRTG Network Monitor (www.paessler.com); Windows)" "tna5.bozztv.com"
154.57.7.9 - - [28/Apr/2024:11:17:45 -0400] "GET /aigaiotv1/index.m3u8 HTTP/1.1" 206 5908 "https://ssh101.com/securelive/index.php?id=aigaiotv1" "Lavf/58.45.100" "tna5.bozztv.com"
95.129.46.151 - - [28/Apr/2024:11:17:49 -0400] "GET /aigaiotv1/index.m3u8 HTTP/1.1" 206 5908 "https://ssh101.com/securelive/index.php?id=aigaiotv1" "Lavf/58.45.100" "tna5.bozztv.com"
154.57.7.9 - - [28/Apr/2024:11:17:46 -0400] "GET /aigaiotv1/44378.ts HTTP/1.1" 206 2197536 "https://ssh101.com/securelive/index.php?id=aigaiotv1" "Lavf/58.45.100" "tna5.bozztv.com"
95.129.46.151 - - [28/Apr/2024:11:17:50 -0400] "GET /aigaiotv1/44378.ts HTTP/1.1" 206 2197536 "https://ssh101.com/securelive/index.php?id=aigaiotv1" "Lavf/58.45.100" "tna5.bozztv.com"
154.57.7.9 - - [28/Apr/2024:11:18:03 -0400] "GET /aigaiotv1/index.m3u8 HTTP/1.1" 206 5908 "https://ssh101.com/securelive/index.php?id=aigaiotv1" "Lavf/58.45.100" "tna5.bozztv.com"
62.210.125.163 - - [28/Apr/2024:11:18:03 -0400] "GET /ALBANIANTVUSA/index.m3u8 HTTP/1.1" 404 222 "-" "AppleCoreMedia/1.0.0.9A405 (iPad; U; CPU OS 5_0_1 like Mac OS X; zh_cn)" "tna5.bozztv.com"
103.56.61.144 - - [28/Apr/2024:11:18:04 -0400] "\x16\x03\x01" 400 226 "-" "-" "-"
103.56.61.144 - - [28/Apr/2024:11:18:04 -0400] "GET / HTTP/1.1" 200 3343 "-" "Mozilla/5.0 (X11; Linux x86_64) AppleWebKit/537.36 (KHTML, like Gecko) Chrome/86.0.4 240.111 Safari/537.36" "208.79.153.190:443"
103.56.61.144 - - [28/Apr/2024:11:18:06 -0400] "\x16\x03\x01" 400 226 "-" "-" "-"
95.129.46.151 - - [28/Apr/2024:11:18:08 -0400] "GET /aigaiotv1/index.m3u8 HTTP/1.1" 206 5908 "https://ssh101.com/securelive/index.php?id=aigaiotv1" "Lavf/58.45.100" "tna5.bozztv.com"
154.57.7.9 - - [28/Apr/2024:11:18:04 -0400] "GET /aigaiotv1/44379.ts HTTP/1.1" 206 1887344 "https://ssh101.com/securelive/index.php?id=aigaiotv1" "Lavf/58.45.100" "tna5.bozztv.com"
95.129.46.151 - - [28/Apr/2024:11:18:09 -0400] "GET /aigaiotv1/44380.ts HTTP/1.1" 206 2079856 "https://ssh101.com/securelive/index.php?id=aigaiotv1" "Lavf/58.45.100" "tna5.bozztv.com"
154.57.7.9 - - [28/Apr/2024:11:18:19 -0400] "GET /aigaiotv1/index.m3u8 HTTP/1.1" 206 5908 "https://ssh101.com/securelive/index.php?id=aigaiotv1" "Lavf/58.45.100" "tna5.bozztv.com"
95.129.46.151 - - [28/Apr/2024:11:18:25 -0400] "GET /aigaiotv1/index.m3u8 HTTP/1.1" 206 5908 "https://ssh101.com/securelive/index.php?id=aigaiotv1" "Lavf/58.45.100" "tna5.bozztv.com"
103.56.61.144 - - [28/Apr/2024:11:18:28 -0400] "\x16\x03\x01" 400 226 "-" "-" "-"
154.57.7.9 - - [28/Apr/2024:11:18:21 -0400] "GET /aigaiotv1/44381.ts HTTP/1.1" 206 2107872 "https://ssh101.com/securelive/index.php?id=aigaiotv1" "Lavf/58.45.100" "tna5.bozztv.com"
95.129.46.151 - - [28/Apr/2024:11:18:26 -0400] "GET /aigaiotv1/44381.ts HTTP/1.1" 206 2107872 "https://ssh101.com/securelive/index.php?id=aigaiotv1" "Lavf/58.45.100" "tna5.bozztv.com"
103.56.61.144 - - [28/Apr/2024:11:18:34 -0400] "\x16\x03\x01" 400 226 "-" "-" "-"
154.57.7.9 - - [28/Apr/2024:11:18:39 -0400] "GET /aigaiotv1/index.m3u8 HTTP/1.1" 206 5908 "https://ssh101.com/securelive/index.php?id=aigaiotv1" "Lavf/58.45.100" "tna5.bozztv.com"
95.129.46.151 - - [28/Apr/2024:11:18:42 -0400] "GET /aigaiotv1/index.m3u8 HTTP/1.1" 206 5908 "https://ssh101.com/securelive/index.php?id=aigaiotv1" "Lavf/58.45.100" "tna5.bozztv.com"
162.212.176.104 - - [28/Apr/2024:11:18:45 -0400] "GET /crossdomain.xml HTTP/1.1" 200 296 "-" "Mozilla/5.0 (compatible; PRTG Network Monitor (www.paessler.com); Windows)" "tna5.bozztv.com"
154.57.7.9 - - [28/Apr/2024:11:18:40 -0400] "GET /aigaiotv1/44383.ts HTTP/1.1" 206 2165776 "https://ssh101.com/securelive/index.php?id=aigaiotv1" "Lavf/58.45.100" "tna5.bozztv.com"
103.56.61.144 - - [28/Apr/2024:11:18:46 -0400] "\x16\x03\x01" 400 226 "-" "-" "-"
103.56.61.144 - - [28/Apr/2024:11:18:48 -0400] "\x16\x03\x01" 400 226 "-" "-" "-"
95.129.46.151 - - [28/Apr/2024:11:18:43 -0400] "GET /aigaiotv1/44383.ts HTTP/1.1" 206 2165776 "https://ssh101.com/securelive/index.php?id=aigaiotv1" "Lavf/58.45.100" "tna5.bozztv.com"
103.56.61.144 - - [28/Apr/2024:11:18:49 -0400] "\x16\x03\x01" 400 226 "-" "-" "-"
154.57.7.9 - - [28/Apr/2024:11:18:57 -0400] "GET /aigaiotv1/index.m3u8 HTTP/1.1" 206 5908 "https://ssh101.com/securelive/index.php?id=aigaiotv1" "Lavf/58.45.100" "tna5.bozztv.com"
95.129.46.151 - - [28/Apr/2024:11:18:59 -0400] "GET /aigaiotv1/index.m3u8 HTTP/1.1" 206 5908 "https://ssh101.com/securelive/index.php?id=aigaiotv1" "Lavf/58.45.100" "tna5.bozztv.com"
154.57.7.9 - - [28/Apr/2024:11:18:58 -0400] "GET /aigaiotv1/44385.ts HTTP/1.1" 206 2093008 "https://ssh101.com/securelive/index.php?id=aigaiotv1" "Lavf/58.45.100" "tna5.bozztv.com"
62.210.125.163 - - [28/Apr/2024:11:19:03 -0400] "GET /ALBANIANTVUSA/index.m3u8 HTTP/1.1" 404 222 "-" "AppleCoreMedia/1.0.0.9A405 (iPad; U; CPU OS 5_0_1 like Mac OS X; zh_cn)" "tna5.bozztv.com"
95.129.46.151 - - [28/Apr/2024:11:19:00 -0400] "GET /aigaiotv1/44385.ts HTTP/1.1" 206 2093008 "https://ssh101.com/securelive/index.php?id=aigaiotv1" "Lavf/58.45.100" "tna5.bozztv.com"
154.57.7.9 - - [28/Apr/2024:11:19:13 -0400] "GET /aigaiotv1/index.m3u8 HTTP/1.1" 206 5775 "https://ssh101.com/securelive/index.php?id=aigaiotv1" "Lavf/58.45.100" "tna5.bozztv.com"
46.182.110.134 - - [28/Apr/2024:11:19:13 -0400] "GET /TACusa/index.m3u8 HTTP/1.1" 404 215 "-" "Streamer 24.02" "tna5.bozztv.com"
95.129.46.151 - - [28/Apr/2024:11:19:17 -0400] "GET /aigaiotv1/index.m3u8 HTTP/1.1" 206 5908 "https://ssh101.com/securelive/index.php?id=aigaiotv1" "Lavf/58.45.100" "tna5.bozztv.com"
154.57.7.9 - - [28/Apr/2024:11:19:14 -0400] "GET /aigaiotv1/44386.ts HTTP/1.1" 206 2195472 "https://ssh101.com/securelive/index.php?id=aigaiotv1" "Lavf/58.45.100" "tna5.bozztv.com"
95.129.46.151 - - [28/Apr/2024:11:19:18 -0400] "GET /aigaiotv1/44387.ts HTTP/1.1" 206 1876064 "https://ssh101.com/securelive/index.php?id=aigaiotv1" "Lavf/58.45.100" "tna5.bozztv.com"
154.57.7.9 - - [28/Apr/2024:11:19:30 -0400] "GET /aigaiotv1/index.m3u8 HTTP/1.1" 206 5908 "https://ssh101.com/securelive/index.php?id=aigaiotv1" "Lavf/58.45.100" "tna5.bozztv.com"
95.129.46.151 - - [28/Apr/2024:11:19:36 -0400] "GET /aigaiotv1/index.m3u8 HTTP/1.1" 206 5908 "https://ssh101.com/securelive/index.php?id=aigaiotv1" "Lavf/58.45.100" "tna5.bozztv.com"
154.57.7.9 - - [28/Apr/2024:11:19:31 -0400] "GET /aigaiotv1/44388.ts HTTP/1.1" 206 2060304 "https://ssh101.com/securelive/index.php?id=aigaiotv1" "Lavf/58.45.100" "tna5.bozztv.com"
95.129.46.151 - - [28/Apr/2024:11:19:37 -0400] "GET /aigaiotv1/44389.ts HTTP/1.1" 206 2127040 "https://ssh101.com/securelive/index.php?id=aigaiotv1" "Lavf/58.45.100" "tna5.bozztv.com"
162.212.176.104 - - [28/Apr/2024:11:19:45 -0400] "GET /crossdomain.xml HTTP/1.1" 200 296 "-" "Mozilla/5.0 (compatible; PRTG Network Monitor (www.paessler.com); Windows)" "tna5.bozztv.com"
154.57.7.9 - - [28/Apr/2024:11:19:48 -0400] "GET /aigaiotv1/index.m3u8 HTTP/1.1" 206 5908 "https://ssh101.com/securelive/index.php?id=aigaiotv1" "Lavf/58.45.100" "tna5.bozztv.com"
154.57.7.9 - - [28/Apr/2024:11:19:49 -0400] "GET /aigaiotv1/44390.ts HTTP/1.1" 206 2075904 "https://ssh101.com/securelive/index.php?id=aigaiotv1" "Lavf/58.45.100" "tna5.bozztv.com"
95.129.46.151 - - [28/Apr/2024:11:19:55 -0400] "GET /aigaiotv1/index.m3u8 HTTP/1.1" 206 5908 "https://ssh101.com/securelive/index.php?id=aigaiotv1" "Lavf/58.45.100" "tna5.bozztv.com"
95.129.46.151 - - [28/Apr/2024:11:19:56 -0400] "GET /aigaiotv1/44390.ts HTTP/1.1" 206 2075904 "https://ssh101.com/securelive/index.php?id=aigaiotv1" "Lavf/58.45.100" "tna5.bozztv.com"
62.210.125.163 - - [28/Apr/2024:11:20:03 -0400] "GET /ALBANIANTVUSA/index.m3u8 HTTP/1.1" 404 222 "-" "AppleCoreMedia/1.0.0.9A405 (iPad; U; CPU OS 5_0_1 like Mac OS X; zh_cn)" "tna5.bozztv.com"
154.57.7.9 - - [28/Apr/2024:11:20:05 -0400] "GET /aigaiotv1/index.m3u8 HTTP/1.1" 206 5908 "https://ssh101.com/securelive/index.php?id=aigaiotv1" "Lavf/58.45.100" "tna5.bozztv.com"
154.57.7.9 - - [28/Apr/2024:11:20:06 -0400] "GET /aigaiotv1/44391.ts HTTP/1.1" 206 2058608 "https://ssh101.com/securelive/index.php?id=aigaiotv1" "Lavf/58.45.100" "tna5.bozztv.com"
95.129.46.151 - - [28/Apr/2024:11:20:12 -0400] "GET /aigaiotv1/index.m3u8 HTTP/1.1" 206 5908 "https://ssh101.com/securelive/index.php?id=aigaiotv1" "Lavf/58.45.100" "tna5.bozztv.com"
95.129.46.151 - - [28/Apr/2024:11:20:13 -0400] "GET /aigaiotv1/44392.ts HTTP/1.1" 206 2226864 "https://ssh101.com/securelive/index.php?id=aigaiotv1" "Lavf/58.45.100" "tna5.bozztv.com"
154.57.7.9 - - [28/Apr/2024:11:20:22 -0400] "GET /aigaiotv1/index.m3u8 HTTP/1.1" 206 5908 "https://ssh101.com/securelive/index.php?id=aigaiotv1" "Lavf/58.45.100" "tna5.bozztv.com"
154.57.7.9 - - [28/Apr/2024:11:20:23 -0400] "GET /aigaiotv1/44393.ts HTTP/1.1" 206 2016128 "https://ssh101.com/securelive/index.php?id=aigaiotv1" "Lavf/58.45.100" "tna5.bozztv.com"
95.129.46.151 - - [28/Apr/2024:11:20:30 -0400] "GET /aigaiotv1/index.m3u8 HTTP/1.1" 206 5908 "https://ssh101.com/securelive/index.php?id=aigaiotv1" "Lavf/58.45.100" "tna5.bozztv.com"
95.129.46.151 - - [28/Apr/2024:11:20:31 -0400] "GET /aigaiotv1/44394.ts HTTP/1.1" 206 2167456 "https://ssh101.com/securelive/index.php?id=aigaiotv1" "Lavf/58.45.100" "tna5.bozztv.com"
154.57.7.9 - - [28/Apr/2024:11:20:39 -0400] "GET /aigaiotv1/index.m3u8 HTTP/1.1" 206 5908 "https://ssh101.com/securelive/index.php?id=aigaiotv1" "Lavf/58.45.100" "tna5.bozztv.com"
162.212.176.104 - - [28/Apr/2024:11:20:45 -0400] "GET /crossdomain.xml HTTP/1.1" 200 296 "-" "Mozilla/5.0 (compatible; PRTG Network Monitor (www.paessler.com); Windows)" "tna5.bozztv.com"
154.57.7.9 - - [28/Apr/2024:11:20:40 -0400] "GET /aigaiotv1/44395.ts HTTP/1.1" 206 2101856 "https://ssh101.com/securelive/index.php?id=aigaiotv1" "Lavf/58.45.100" "tna5.bozztv.com"
95.129.46.151 - - [28/Apr/2024:11:20:47 -0400] "GET /aigaiotv1/index.m3u8 HTTP/1.1" 206 5908 "https://ssh101.com/securelive/index.php?id=aigaiotv1" "Lavf/58.45.100" "tna5.bozztv.com"
95.129.46.151 - - [28/Apr/2024:11:20:48 -0400] "GET /aigaiotv1/44396.ts HTTP/1.1" 206 2062928 "https://ssh101.com/securelive/index.php?id=aigaiotv1" "Lavf/58.45.100" "tna5.bozztv.com"
154.57.7.9 - - [28/Apr/2024:11:20:57 -0400] "GET /aigaiotv1/index.m3u8 HTTP/1.1" 206 5908 "https://ssh101.com/securelive/index.php?id=aigaiotv1" "Lavf/58.45.100" "tna5.bozztv.com"
62.210.125.163 - - [28/Apr/2024:11:21:03 -0400] "GET /ALBANIANTVUSA/index.m3u8 HTTP/1.1" 404 222 "-" "AppleCoreMedia/1.0.0.9A405 (iPad; U; CPU OS 5_0_1 like Mac OS X; zh_cn)" "tna5.bozztv.com"
154.57.7.9 - - [28/Apr/2024:11:20:58 -0400] "GET /aigaiotv1/44397.ts HTTP/1.1" 206 1999952 "https://ssh101.com/securelive/index.php?id=aigaiotv1" "Lavf/58.45.100" "tna5.bozztv.com"
95.129.46.151 - - [28/Apr/2024:11:21:06 -0400] "GET /aigaiotv1/index.m3u8 HTTP/1.1" 206 5908 "https://ssh101.com/securelive/index.php?id=aigaiotv1" "Lavf/58.45.100" "tna5.bozztv.com"
95.129.46.151 - - [28/Apr/2024:11:21:07 -0400] "GET /aigaiotv1/44397.ts HTTP/1.1" 206 1999952 "https://ssh101.com/securelive/index.php?id=aigaiotv1" "Lavf/58.45.100" "tna5.bozztv.com"
154.57.7.9 - - [28/Apr/2024:11:21:15 -0400] "GET /aigaiotv1/index.m3u8 HTTP/1.1" 206 5908 "https://ssh101.com/securelive/index.php?id=aigaiotv1" "Lavf/58.45.100" "tna5.bozztv.com"
154.57.7.9 - - [28/Apr/2024:11:21:16 -0400] "GET /aigaiotv1/44398.ts HTTP/1.1" 206 2118208 "https://ssh101.com/securelive/index.php?id=aigaiotv1" "Lavf/58.45.100" "tna5.bozztv.com"
95.129.46.151 - - [28/Apr/2024:11:21:22 -0400] "GET /aigaiotv1/index.m3u8 HTTP/1.1" 206 5908 "https://ssh101.com/securelive/index.php?id=aigaiotv1" "Lavf/58.45.100" "tna5.bozztv.com"
95.129.46.151 - - [28/Apr/2024:11:21:23 -0400] "GET /aigaiotv1/44399.ts HTTP/1.1" 206 2436304 "https://ssh101.com/securelive/index.php?id=aigaiotv1" "Lavf/58.45.100" "tna5.bozztv.com"
154.57.7.9 - - [28/Apr/2024:11:21:33 -0400] "GET /aigaiotv1/index.m3u8 HTTP/1.1" 206 5908 "https://ssh101.com/securelive/index.php?id=aigaiotv1" "Lavf/58.45.100" "tna5.bozztv.com"
154.57.7.9 - - [28/Apr/2024:11:21:34 -0400] "GET /aigaiotv1/44400.ts HTTP/1.1" 206 1948448 "https://ssh101.com/securelive/index.php?id=aigaiotv1" "Lavf/58.45.100" "tna5.bozztv.com"
95.129.46.151 - - [28/Apr/2024:11:21:40 -0400] "GET /aigaiotv1/index.m3u8 HTTP/1.1" 206 5908 "https://ssh101.com/securelive/index.php?id=aigaiotv1" "Lavf/58.45.100" "tna5.bozztv.com"
162.212.176.104 - - [28/Apr/2024:11:21:45 -0400] "GET /crossdomain.xml HTTP/1.1" 200 296 "-" "Mozilla/5.0 (compatible; PRTG Network Monitor (www.paessler.com); Windows)" "tna5.bozztv.com"
95.129.46.151 - - [28/Apr/2024:11:21:41 -0400] "GET /aigaiotv1/44401.ts HTTP/1.1" 206 2047712 "https://ssh101.com/securelive/index.php?id=aigaiotv1" "Lavf/58.45.100" "tna5.bozztv.com"
154.57.7.9 - - [28/Apr/2024:11:21:50 -0400] "GET /aigaiotv1/index.m3u8 HTTP/1.1" 206 5908 "https://ssh101.com/securelive/index.php?id=aigaiotv1" "Lavf/58.45.100" "tna5.bozztv.com"
154.57.7.9 - - [28/Apr/2024:11:21:51 -0400] "GET /aigaiotv1/44402.ts HTTP/1.1" 206 2064432 "https://ssh101.com/securelive/index.php?id=aigaiotv1" "Lavf/58.45.100" "tna5.bozztv.com"
95.129.46.151 - - [28/Apr/2024:11:21:59 -0400] "GET /aigaiotv1/index.m3u8 HTTP/1.1" 206 5908 "https://ssh101.com/securelive/index.php?id=aigaiotv1" "Lavf/58.45.100" "tna5.bozztv.com"
62.210.125.163 - - [28/Apr/2024:11:22:03 -0400] "GET /ALBANIANTVUSA/index.m3u8 HTTP/1.1" 404 222 "-" "AppleCoreMedia/1.0.0.9A405 (iPad; U; CPU OS 5_0_1 like Mac OS X; zh_cn)" "tna5.bozztv.com"
95.129.46.151 - - [28/Apr/2024:11:22:01 -0400] "GET /aigaiotv1/44403.ts HTTP/1.1" 206 2042448 "https://ssh101.com/securelive/index.php?id=aigaiotv1" "Lavf/58.45.100" "tna5.bozztv.com"
154.57.7.9 - - [28/Apr/2024:11:22:08 -0400] "GET /aigaiotv1/index.m3u8 HTTP/1.1" 206 5908 "https://ssh101.com/securelive/index.php?id=aigaiotv1" "Lavf/58.45.100" "tna5.bozztv.com"
154.57.7.9 - - [28/Apr/2024:11:22:09 -0400] "GET /aigaiotv1/44404.ts HTTP/1.1" 206 2102224 "https://ssh101.com/securelive/index.php?id=aigaiotv1" "Lavf/58.45.100" "tna5.bozztv.com"
95.129.46.151 - - [28/Apr/2024:11:22:17 -0400] "GET /aigaiotv1/index.m3u8 HTTP/1.1" 206 5908 "https://ssh101.com/securelive/index.php?id=aigaiotv1" "Lavf/58.45.100" "tna5.bozztv.com"
95.129.46.151 - - [28/Apr/2024:11:22:18 -0400] "GET /aigaiotv1/44404.ts HTTP/1.1" 206 2102224 "https://ssh101.com/securelive/index.php?id=aigaiotv1" "Lavf/58.45.100" "tna5.bozztv.com"
154.57.7.9 - - [28/Apr/2024:11:22:25 -0400] "GET /aigaiotv1/index.m3u8 HTTP/1.1" 206 5908 "https://ssh101.com/securelive/index.php?id=aigaiotv1" "Lavf/58.45.100" "tna5.bozztv.com"
154.57.7.9 - - [28/Apr/2024:11:22:26 -0400] "GET /aigaiotv1/44405.ts HTTP/1.1" 206 2129104 "https://ssh101.com/securelive/index.php?id=aigaiotv1" "Lavf/58.45.100" "tna5.bozztv.com"
95.129.46.151 - - [28/Apr/2024:11:22:35 -0400] "GET /aigaiotv1/index.m3u8 HTTP/1.1" 206 5775 "https://ssh101.com/securelive/index.php?id=aigaiotv1" "Lavf/58.45.100" "tna5.bozztv.com"
95.129.46.151 - - [28/Apr/2024:11:22:36 -0400] "GET /aigaiotv1/44406.ts HTTP/1.1" 206 2159760 "https://ssh101.com/securelive/index.php?id=aigaiotv1" "Lavf/58.45.100" "tna5.bozztv.com"
162.212.176.104 - - [28/Apr/2024:11:22:45 -0400] "GET /crossdomain.xml HTTP/1.1" 200 296 "-" "Mozilla/5.0 (compatible; PRTG Network Monitor (www.paessler.com); Windows)" "tna5.bozztv.com"
154.57.7.9 - - [28/Apr/2024:11:22:46 -0400] "GET /aigaiotv1/index.m3u8 HTTP/1.1" 206 5908 "https://ssh101.com/securelive/index.php?id=aigaiotv1" "Lavf/58.45.100" "tna5.bozztv.com"
95.129.46.151 - - [28/Apr/2024:11:22:51 -0400] "GET /aigaiotv1/index.m3u8 HTTP/1.1" 206 5908 "https://ssh101.com/securelive/index.php?id=aigaiotv1" "Lavf/58.45.100" "tna5.bozztv.com"
154.57.7.9 - - [28/Apr/2024:11:22:47 -0400] "GET /aigaiotv1/44407.ts HTTP/1.1" 206 2430656 "https://ssh101.com/securelive/index.php?id=aigaiotv1" "Lavf/58.45.100" "tna5.bozztv.com"
95.129.46.151 - - [28/Apr/2024:11:22:52 -0400] "GET /aigaiotv1/44408.ts HTTP/1.1" 206 2078544 "https://ssh101.com/securelive/index.php?id=aigaiotv1" "Lavf/58.45.100" "tna5.bozztv.com"
137.255.30.56 - - [28/Apr/2024:11:23:01 -0400] "GET /jesstv/index.m3u8 HTTP/1.1" 404 215 "https://ssh101.com/" "Mozilla/5.0 (Linux; Android 6.0; Nexus 5 Build/MRA58N) AppleWebKit/537.36 (KHTML, like Gecko) Chrome/121.0.0.0 Mobile Safari/537.36" "tna5.bozztv.com"
62.210.125.163 - - [28/Apr/2024:11:23:02 -0400] "GET /ALBANIANTVUSA/index.m3u8 HTTP/1.1" 404 222 "-" "AppleCoreMedia/1.0.0.9A405 (iPad; U; CPU OS 5_0_1 like Mac OS X; zh_cn)" "tna5.bozztv.com"
137.255.30.56 - - [28/Apr/2024:11:23:03 -0400] "GET /jesstv/index.m3u8 HTTP/1.1" 404 215 "https://ssh101.com/" "Mozilla/5.0 (Linux; Android 6.0; Nexus 5 Build/MRA58N) AppleWebKit/537.36 (KHTML, like Gecko) Chrome/121.0.0.0 Mobile Safari/537.36" "tna5.bozztv.com"
154.57.7.9 - - [28/Apr/2024:11:23:03 -0400] "GET /aigaiotv1/index.m3u8 HTTP/1.1" 206 5908 "https://ssh101.com/securelive/index.php?id=aigaiotv1" "Lavf/58.45.100" "tna5.bozztv.com"
137.255.30.56 - - [28/Apr/2024:11:23:05 -0400] "GET /jesstv/index.m3u8 HTTP/1.1" 404 215 "https://ssh101.com/" "Mozilla/5.0 (Linux; Android 6.0; Nexus 5 Build/MRA58N) AppleWebKit/537.36 (KHTML, like Gecko) Chrome/121.0.0.0 Mobile Safari/537.36" "tna5.bozztv.com"
95.129.46.151 - - [28/Apr/2024:11:23:09 -0400] "GET /aigaiotv1/index.m3u8 HTTP/1.1" 206 5908 "https://ssh101.com/securelive/index.php?id=aigaiotv1" "Lavf/58.45.100" "tna5.bozztv.com"
154.57.7.9 - - [28/Apr/2024:11:23:04 -0400] "GET /aigaiotv1/44409.ts HTTP/1.1" 206 2143776 "https://ssh101.com/securelive/index.php?id=aigaiotv1" "Lavf/58.45.100" "tna5.bozztv.com"
95.129.46.151 - - [28/Apr/2024:11:23:10 -0400] "GET /aigaiotv1/44409.ts HTTP/1.1" 206 2143776 "https://ssh101.com/securelive/index.php?id=aigaiotv1" "Lavf/58.45.100" "tna5.bozztv.com"
154.57.7.9 - - [28/Apr/2024:11:23:20 -0400] "GET /aigaiotv1/index.m3u8 HTTP/1.1" 206 5908 "https://ssh101.com/securelive/index.php?id=aigaiotv1" "Lavf/58.45.100" "tna5.bozztv.com"
154.57.7.9 - - [28/Apr/2024:11:23:21 -0400] "GET /aigaiotv1/44410.ts HTTP/1.1" 206 2396256 "https://ssh101.com/securelive/index.php?id=aigaiotv1" "Lavf/58.45.100" "tna5.bozztv.com"
95.129.46.151 - - [28/Apr/2024:11:23:27 -0400] "GET /aigaiotv1/index.m3u8 HTTP/1.1" 206 5908 "https://ssh101.com/securelive/index.php?id=aigaiotv1" "Lavf/58.45.100" "tna5.bozztv.com"
95.129.46.151 - - [28/Apr/2024:11:23:28 -0400] "GET /aigaiotv1/44411.ts HTTP/1.1" 206 2008224 "https://ssh101.com/securelive/index.php?id=aigaiotv1" "Lavf/58.45.100" "tna5.bozztv.com"
154.57.7.9 - - [28/Apr/2024:11:23:36 -0400] "GET /aigaiotv1/index.m3u8 HTTP/1.1" 206 5908 "https://ssh101.com/securelive/index.php?id=aigaiotv1" "Lavf/58.45.100" "tna5.bozztv.com"
154.57.7.9 - - [28/Apr/2024:11:23:37 -0400] "GET /aigaiotv1/44412.ts HTTP/1.1" 206 2079472 "https://ssh101.com/securelive/index.php?id=aigaiotv1" "Lavf/58.45.100" "tna5.bozztv.com"
162.212.176.104 - - [28/Apr/2024:11:23:45 -0400] "GET /crossdomain.xml HTTP/1.1" 200 296 "-" "Mozilla/5.0 (compatible; PRTG Network Monitor (www.paessler.com); Windows)" "tna5.bozztv.com"
95.129.46.151 - - [28/Apr/2024:11:23:45 -0400] "GET /aigaiotv1/index.m3u8 HTTP/1.1" 206 5908 "https://ssh101.com/securelive/index.php?id=aigaiotv1" "Lavf/58.45.100" "tna5.bozztv.com"
95.129.46.151 - - [28/Apr/2024:11:23:46 -0400] "GET /aigaiotv1/44413.ts HTTP/1.1" 206 2159760 "https://ssh101.com/securelive/index.php?id=aigaiotv1" "Lavf/58.45.100" "tna5.bozztv.com"
154.57.7.9 - - [28/Apr/2024:11:23:55 -0400] "GET /aigaiotv1/index.m3u8 HTTP/1.1" 206 5908 "https://ssh101.com/securelive/index.php?id=aigaiotv1" "Lavf/58.45.100" "tna5.bozztv.com"
154.57.7.9 - - [28/Apr/2024:11:23:56 -0400] "GET /aigaiotv1/44414.ts HTTP/1.1" 206 2339488 "https://ssh101.com/securelive/index.php?id=aigaiotv1" "Lavf/58.45.100" "tna5.bozztv.com"
95.129.46.151 - - [28/Apr/2024:11:24:02 -0400] "GET /aigaiotv1/index.m3u8 HTTP/1.1" 206 5908 "https://ssh101.com/securelive/index.php?id=aigaiotv1" "Lavf/58.45.100" "tna5.bozztv.com"
62.210.125.163 - - [28/Apr/2024:11:24:02 -0400] "GET /ALBANIANTVUSA/index.m3u8 HTTP/1.1" 404 222 "-" "AppleCoreMedia/1.0.0.9A405 (iPad; U; CPU OS 5_0_1 like Mac OS X; zh_cn)" "tna5.bozztv.com"
