95.129.46.151 - - [28/Apr/2024:04:09:55 -0400] "GET /aigaiotv1/index.m3u8 HTTP/1.1" 206 5908 "https://ssh101.com/securelive/index.php?id=aigaiotv1" "Lavf/58.45.100" "tna5.bozztv.com"
154.57.7.9 - - [28/Apr/2024:04:09:55 -0400] "GET /aigaiotv1/41851.ts HTTP/1.1" 206 2140960 "https://ssh101.com/securelive/index.php?id=aigaiotv1" "Lavf/58.45.100" "tna5.bozztv.com"
95.129.46.151 - - [28/Apr/2024:04:09:56 -0400] "GET /aigaiotv1/41851.ts HTTP/1.1" 206 2140960 "https://ssh101.com/securelive/index.php?id=aigaiotv1" "Lavf/58.45.100" "tna5.bozztv.com"
62.210.125.163 - - [28/Apr/2024:04:10:02 -0400] "GET /ALBANIANTVUSA/index.m3u8 HTTP/1.1" 404 222 "-" "AppleCoreMedia/1.0.0.9A405 (iPad; U; CPU OS 5_0_1 like Mac OS X; zh_cn)" "tna5.bozztv.com"
154.57.7.9 - - [28/Apr/2024:04:10:10 -0400] "GET /aigaiotv1/index.m3u8 HTTP/1.1" 206 5908 "https://ssh101.com/securelive/index.php?id=aigaiotv1" "Lavf/58.45.100" "tna5.bozztv.com"
95.129.46.151 - - [28/Apr/2024:04:10:11 -0400] "GET /aigaiotv1/index.m3u8 HTTP/1.1" 206 5908 "https://ssh101.com/securelive/index.php?id=aigaiotv1" "Lavf/58.45.100" "tna5.bozztv.com"
154.57.7.9 - - [28/Apr/2024:04:10:11 -0400] "GET /aigaiotv1/41852.ts HTTP/1.1" 206 2099600 "https://ssh101.com/securelive/index.php?id=aigaiotv1" "Lavf/58.45.100" "tna5.bozztv.com"
95.129.46.151 - - [28/Apr/2024:04:10:12 -0400] "GET /aigaiotv1/41852.ts HTTP/1.1" 206 2099600 "https://ssh101.com/securelive/index.php?id=aigaiotv1" "Lavf/58.45.100" "tna5.bozztv.com"
154.57.7.9 - - [28/Apr/2024:04:10:26 -0400] "GET /aigaiotv1/index.m3u8 HTTP/1.1" 206 5908 "https://ssh101.com/securelive/index.php?id=aigaiotv1" "Lavf/58.45.100" "tna5.bozztv.com"
95.129.46.151 - - [28/Apr/2024:04:10:27 -0400] "GET /aigaiotv1/index.m3u8 HTTP/1.1" 206 5908 "https://ssh101.com/securelive/index.php?id=aigaiotv1" "Lavf/58.45.100" "tna5.bozztv.com"
154.57.7.9 - - [28/Apr/2024:04:10:27 -0400] "GET /aigaiotv1/41854.ts HTTP/1.1" 206 2008032 "https://ssh101.com/securelive/index.php?id=aigaiotv1" "Lavf/58.45.100" "tna5.bozztv.com"
95.129.46.151 - - [28/Apr/2024:04:10:28 -0400] "GET /aigaiotv1/41854.ts HTTP/1.1" 206 2008032 "https://ssh101.com/securelive/index.php?id=aigaiotv1" "Lavf/58.45.100" "tna5.bozztv.com"
154.57.7.9 - - [28/Apr/2024:04:10:42 -0400] "GET /aigaiotv1/index.m3u8 HTTP/1.1" 206 5908 "https://ssh101.com/securelive/index.php?id=aigaiotv1" "Lavf/58.45.100" "tna5.bozztv.com"
95.129.46.151 - - [28/Apr/2024:04:10:43 -0400] "GET /aigaiotv1/index.m3u8 HTTP/1.1" 206 5908 "https://ssh101.com/securelive/index.php?id=aigaiotv1" "Lavf/58.45.100" "tna5.bozztv.com"
162.212.176.104 - - [28/Apr/2024:04:10:45 -0400] "GET /crossdomain.xml HTTP/1.1" 200 296 "-" "Mozilla/5.0 (compatible; PRTG Network Monitor (www.paessler.com); Windows)" "tna5.bozztv.com"
154.57.7.9 - - [28/Apr/2024:04:10:43 -0400] "GET /aigaiotv1/41856.ts HTTP/1.1" 206 2149984 "https://ssh101.com/securelive/index.php?id=aigaiotv1" "Lavf/58.45.100" "tna5.bozztv.com"
95.129.46.151 - - [28/Apr/2024:04:10:44 -0400] "GET /aigaiotv1/41856.ts HTTP/1.1" 206 2149984 "https://ssh101.com/securelive/index.php?id=aigaiotv1" "Lavf/58.45.100" "tna5.bozztv.com"
83.97.73.245 - - [28/Apr/2024:04:10:51 -0400] "GET / HTTP/1.1" 302 209 "-" "Mozilla/5.0 (Windows NT 10.0; Win64; x64) AppleWebKit/537.36 (KHTML, like Gecko) Chrome/78.0.3904.108 Safari/537.36" "208.79.153.189:80"
154.57.7.9 - - [28/Apr/2024:04:10:59 -0400] "GET /aigaiotv1/index.m3u8 HTTP/1.1" 206 5908 "https://ssh101.com/securelive/index.php?id=aigaiotv1" "Lavf/58.45.100" "tna5.bozztv.com"
95.129.46.151 - - [28/Apr/2024:04:11:00 -0400] "GET /aigaiotv1/index.m3u8 HTTP/1.1" 206 5908 "https://ssh101.com/securelive/index.php?id=aigaiotv1" "Lavf/58.45.100" "tna5.bozztv.com"
62.210.125.163 - - [28/Apr/2024:04:11:02 -0400] "GET /ALBANIANTVUSA/index.m3u8 HTTP/1.1" 404 222 "-" "AppleCoreMedia/1.0.0.9A405 (iPad; U; CPU OS 5_0_1 like Mac OS X; zh_cn)" "tna5.bozztv.com"
154.57.7.9 - - [28/Apr/2024:04:11:00 -0400] "GET /aigaiotv1/41857.ts HTTP/1.1" 206 2108992 "https://ssh101.com/securelive/index.php?id=aigaiotv1" "Lavf/58.45.100" "tna5.bozztv.com"
95.129.46.151 - - [28/Apr/2024:04:11:01 -0400] "GET /aigaiotv1/41857.ts HTTP/1.1" 206 2108992 "https://ssh101.com/securelive/index.php?id=aigaiotv1" "Lavf/58.45.100" "tna5.bozztv.com"
46.182.110.134 - - [28/Apr/2024:04:11:10 -0400] "GET /TACusa/index.m3u8 HTTP/1.1" 404 215 "-" "Streamer 24.02" "tna5.bozztv.com"
154.57.7.9 - - [28/Apr/2024:04:11:15 -0400] "GET /aigaiotv1/index.m3u8 HTTP/1.1" 206 5908 "https://ssh101.com/securelive/index.php?id=aigaiotv1" "Lavf/58.45.100" "tna5.bozztv.com"
95.129.46.151 - - [28/Apr/2024:04:11:16 -0400] "GET /aigaiotv1/index.m3u8 HTTP/1.1" 206 5908 "https://ssh101.com/securelive/index.php?id=aigaiotv1" "Lavf/58.45.100" "tna5.bozztv.com"
154.57.7.9 - - [28/Apr/2024:04:11:16 -0400] "GET /aigaiotv1/41859.ts HTTP/1.1" 206 2102416 "https://ssh101.com/securelive/index.php?id=aigaiotv1" "Lavf/58.45.100" "tna5.bozztv.com"
95.129.46.151 - - [28/Apr/2024:04:11:17 -0400] "GET /aigaiotv1/41859.ts HTTP/1.1" 206 2102416 "https://ssh101.com/securelive/index.php?id=aigaiotv1" "Lavf/58.45.100" "tna5.bozztv.com"
154.57.7.9 - - [28/Apr/2024:04:11:31 -0400] "GET /aigaiotv1/index.m3u8 HTTP/1.1" 206 5908 "https://ssh101.com/securelive/index.php?id=aigaiotv1" "Lavf/58.45.100" "tna5.bozztv.com"
95.129.46.151 - - [28/Apr/2024:04:11:32 -0400] "GET /aigaiotv1/index.m3u8 HTTP/1.1" 206 5908 "https://ssh101.com/securelive/index.php?id=aigaiotv1" "Lavf/58.45.100" "tna5.bozztv.com"
154.57.7.9 - - [28/Apr/2024:04:11:32 -0400] "GET /aigaiotv1/41860.ts HTTP/1.1" 206 2121968 "https://ssh101.com/securelive/index.php?id=aigaiotv1" "Lavf/58.45.100" "tna5.bozztv.com"
95.129.46.151 - - [28/Apr/2024:04:11:33 -0400] "GET /aigaiotv1/41860.ts HTTP/1.1" 206 2121968 "https://ssh101.com/securelive/index.php?id=aigaiotv1" "Lavf/58.45.100" "tna5.bozztv.com"
162.212.176.104 - - [28/Apr/2024:04:11:45 -0400] "GET /crossdomain.xml HTTP/1.1" 200 296 "-" "Mozilla/5.0 (compatible; PRTG Network Monitor (www.paessler.com); Windows)" "tna5.bozztv.com"
154.57.7.9 - - [28/Apr/2024:04:11:47 -0400] "GET /aigaiotv1/index.m3u8 HTTP/1.1" 206 5908 "https://ssh101.com/securelive/index.php?id=aigaiotv1" "Lavf/58.45.100" "tna5.bozztv.com"
95.129.46.151 - - [28/Apr/2024:04:11:48 -0400] "GET /aigaiotv1/index.m3u8 HTTP/1.1" 206 5908 "https://ssh101.com/securelive/index.php?id=aigaiotv1" "Lavf/58.45.100" "tna5.bozztv.com"
154.57.7.9 - - [28/Apr/2024:04:11:48 -0400] "GET /aigaiotv1/41862.ts HTTP/1.1" 206 2123664 "https://ssh101.com/securelive/index.php?id=aigaiotv1" "Lavf/58.45.100" "tna5.bozztv.com"
95.129.46.151 - - [28/Apr/2024:04:11:49 -0400] "GET /aigaiotv1/41862.ts HTTP/1.1" 206 2123664 "https://ssh101.com/securelive/index.php?id=aigaiotv1" "Lavf/58.45.100" "tna5.bozztv.com"
62.210.125.163 - - [28/Apr/2024:04:12:02 -0400] "GET /ALBANIANTVUSA/index.m3u8 HTTP/1.1" 404 222 "-" "AppleCoreMedia/1.0.0.9A405 (iPad; U; CPU OS 5_0_1 like Mac OS X; zh_cn)" "tna5.bozztv.com"
154.57.7.9 - - [28/Apr/2024:04:12:04 -0400] "GET /aigaiotv1/index.m3u8 HTTP/1.1" 206 5908 "https://ssh101.com/securelive/index.php?id=aigaiotv1" "Lavf/58.45.100" "tna5.bozztv.com"
95.129.46.151 - - [28/Apr/2024:04:12:04 -0400] "GET /aigaiotv1/index.m3u8 HTTP/1.1" 206 5908 "https://ssh101.com/securelive/index.php?id=aigaiotv1" "Lavf/58.45.100" "tna5.bozztv.com"
154.57.7.9 - - [28/Apr/2024:04:12:05 -0400] "GET /aigaiotv1/41864.ts HTTP/1.1" 206 2120832 "https://ssh101.com/securelive/index.php?id=aigaiotv1" "Lavf/58.45.100" "tna5.bozztv.com"
95.129.46.151 - - [28/Apr/2024:04:12:05 -0400] "GET /aigaiotv1/41864.ts HTTP/1.1" 206 2120832 "https://ssh101.com/securelive/index.php?id=aigaiotv1" "Lavf/58.45.100" "tna5.bozztv.com"
154.57.7.9 - - [28/Apr/2024:04:12:20 -0400] "GET /aigaiotv1/index.m3u8 HTTP/1.1" 206 5908 "https://ssh101.com/securelive/index.php?id=aigaiotv1" "Lavf/58.45.100" "tna5.bozztv.com"
95.129.46.151 - - [28/Apr/2024:04:12:20 -0400] "GET /aigaiotv1/index.m3u8 HTTP/1.1" 206 5908 "https://ssh101.com/securelive/index.php?id=aigaiotv1" "Lavf/58.45.100" "tna5.bozztv.com"
154.57.7.9 - - [28/Apr/2024:04:12:21 -0400] "GET /aigaiotv1/41865.ts HTTP/1.1" 206 2101856 "https://ssh101.com/securelive/index.php?id=aigaiotv1" "Lavf/58.45.100" "tna5.bozztv.com"
95.129.46.151 - - [28/Apr/2024:04:12:21 -0400] "GET /aigaiotv1/41865.ts HTTP/1.1" 206 2101856 "https://ssh101.com/securelive/index.php?id=aigaiotv1" "Lavf/58.45.100" "tna5.bozztv.com"
154.57.7.9 - - [28/Apr/2024:04:12:36 -0400] "GET /aigaiotv1/index.m3u8 HTTP/1.1" 206 5908 "https://ssh101.com/securelive/index.php?id=aigaiotv1" "Lavf/58.45.100" "tna5.bozztv.com"
95.129.46.151 - - [28/Apr/2024:04:12:36 -0400] "GET /aigaiotv1/index.m3u8 HTTP/1.1" 206 5908 "https://ssh101.com/securelive/index.php?id=aigaiotv1" "Lavf/58.45.100" "tna5.bozztv.com"
154.57.7.9 - - [28/Apr/2024:04:12:37 -0400] "GET /aigaiotv1/41867.ts HTTP/1.1" 206 2054656 "https://ssh101.com/securelive/index.php?id=aigaiotv1" "Lavf/58.45.100" "tna5.bozztv.com"
95.129.46.151 - - [28/Apr/2024:04:12:37 -0400] "GET /aigaiotv1/41867.ts HTTP/1.1" 206 2054656 "https://ssh101.com/securelive/index.php?id=aigaiotv1" "Lavf/58.45.100" "tna5.bozztv.com"
162.212.176.104 - - [28/Apr/2024:04:12:45 -0400] "GET /crossdomain.xml HTTP/1.1" 200 296 "-" "Mozilla/5.0 (compatible; PRTG Network Monitor (www.paessler.com); Windows)" "tna5.bozztv.com"
154.57.7.9 - - [28/Apr/2024:04:12:52 -0400] "GET /aigaiotv1/index.m3u8 HTTP/1.1" 206 5908 "https://ssh101.com/securelive/index.php?id=aigaiotv1" "Lavf/58.45.100" "tna5.bozztv.com"
95.129.46.151 - - [28/Apr/2024:04:12:53 -0400] "GET /aigaiotv1/index.m3u8 HTTP/1.1" 206 5908 "https://ssh101.com/securelive/index.php?id=aigaiotv1" "Lavf/58.45.100" "tna5.bozztv.com"
154.57.7.9 - - [28/Apr/2024:04:12:54 -0400] "GET /aigaiotv1/41869.ts HTTP/1.1" 206 2102032 "https://ssh101.com/securelive/index.php?id=aigaiotv1" "Lavf/58.45.100" "tna5.bozztv.com"
95.129.46.151 - - [28/Apr/2024:04:12:54 -0400] "GET /aigaiotv1/41869.ts HTTP/1.1" 206 2102032 "https://ssh101.com/securelive/index.php?id=aigaiotv1" "Lavf/58.45.100" "tna5.bozztv.com"
62.210.125.163 - - [28/Apr/2024:04:13:02 -0400] "GET /ALBANIANTVUSA/index.m3u8 HTTP/1.1" 404 222 "-" "AppleCoreMedia/1.0.0.9A405 (iPad; U; CPU OS 5_0_1 like Mac OS X; zh_cn)" "tna5.bozztv.com"
95.129.46.151 - - [28/Apr/2024:04:13:09 -0400] "GET /aigaiotv1/index.m3u8 HTTP/1.1" 206 5908 "https://ssh101.com/securelive/index.php?id=aigaiotv1" "Lavf/58.45.100" "tna5.bozztv.com"
154.57.7.9 - - [28/Apr/2024:04:13:09 -0400] "GET /aigaiotv1/index.m3u8 HTTP/1.1" 206 5908 "https://ssh101.com/securelive/index.php?id=aigaiotv1" "Lavf/58.45.100" "tna5.bozztv.com"
95.129.46.151 - - [28/Apr/2024:04:13:10 -0400] "GET /aigaiotv1/41870.ts HTTP/1.1" 206 2113504 "https://ssh101.com/securelive/index.php?id=aigaiotv1" "Lavf/58.45.100" "tna5.bozztv.com"
154.57.7.9 - - [28/Apr/2024:04:13:10 -0400] "GET /aigaiotv1/41870.ts HTTP/1.1" 206 2113504 "https://ssh101.com/securelive/index.php?id=aigaiotv1" "Lavf/58.45.100" "tna5.bozztv.com"
95.129.46.151 - - [28/Apr/2024:04:13:25 -0400] "GET /aigaiotv1/index.m3u8 HTTP/1.1" 206 5908 "https://ssh101.com/securelive/index.php?id=aigaiotv1" "Lavf/58.45.100" "tna5.bozztv.com"
154.57.7.9 - - [28/Apr/2024:04:13:25 -0400] "GET /aigaiotv1/index.m3u8 HTTP/1.1" 206 5908 "https://ssh101.com/securelive/index.php?id=aigaiotv1" "Lavf/58.45.100" "tna5.bozztv.com"
95.129.46.151 - - [28/Apr/2024:04:13:26 -0400] "GET /aigaiotv1/41872.ts HTTP/1.1" 206 2069888 "https://ssh101.com/securelive/index.php?id=aigaiotv1" "Lavf/58.45.100" "tna5.bozztv.com"
154.57.7.9 - - [28/Apr/2024:04:13:26 -0400] "GET /aigaiotv1/41872.ts HTTP/1.1" 206 2069888 "https://ssh101.com/securelive/index.php?id=aigaiotv1" "Lavf/58.45.100" "tna5.bozztv.com"
95.129.46.151 - - [28/Apr/2024:04:13:41 -0400] "GET /aigaiotv1/index.m3u8 HTTP/1.1" 206 5908 "https://ssh101.com/securelive/index.php?id=aigaiotv1" "Lavf/58.45.100" "tna5.bozztv.com"
154.57.7.9 - - [28/Apr/2024:04:13:42 -0400] "GET /aigaiotv1/index.m3u8 HTTP/1.1" 206 5908 "https://ssh101.com/securelive/index.php?id=aigaiotv1" "Lavf/58.45.100" "tna5.bozztv.com"
162.212.176.104 - - [28/Apr/2024:04:13:45 -0400] "GET /crossdomain.xml HTTP/1.1" 200 296 "-" "Mozilla/5.0 (compatible; PRTG Network Monitor (www.paessler.com); Windows)" "tna5.bozztv.com"
95.129.46.151 - - [28/Apr/2024:04:13:42 -0400] "GET /aigaiotv1/41873.ts HTTP/1.1" 206 2046384 "https://ssh101.com/securelive/index.php?id=aigaiotv1" "Lavf/58.45.100" "tna5.bozztv.com"
154.57.7.9 - - [28/Apr/2024:04:13:43 -0400] "GET /aigaiotv1/41873.ts HTTP/1.1" 206 2046384 "https://ssh101.com/securelive/index.php?id=aigaiotv1" "Lavf/58.45.100" "tna5.bozztv.com"
95.129.46.151 - - [28/Apr/2024:04:13:57 -0400] "GET /aigaiotv1/index.m3u8 HTTP/1.1" 206 5908 "https://ssh101.com/securelive/index.php?id=aigaiotv1" "Lavf/58.45.100" "tna5.bozztv.com"
154.57.7.9 - - [28/Apr/2024:04:13:58 -0400] "GET /aigaiotv1/index.m3u8 HTTP/1.1" 206 5908 "https://ssh101.com/securelive/index.php?id=aigaiotv1" "Lavf/58.45.100" "tna5.bozztv.com"
95.129.46.151 - - [28/Apr/2024:04:13:58 -0400] "GET /aigaiotv1/41875.ts HTTP/1.1" 206 2121024 "https://ssh101.com/securelive/index.php?id=aigaiotv1" "Lavf/58.45.100" "tna5.bozztv.com"
62.210.125.163 - - [28/Apr/2024:04:14:03 -0400] "GET /ALBANIANTVUSA/index.m3u8 HTTP/1.1" 404 222 "-" "AppleCoreMedia/1.0.0.9A405 (iPad; U; CPU OS 5_0_1 like Mac OS X; zh_cn)" "tna5.bozztv.com"
154.57.7.9 - - [28/Apr/2024:04:13:59 -0400] "GET /aigaiotv1/41875.ts HTTP/1.1" 206 2121024 "https://ssh101.com/securelive/index.php?id=aigaiotv1" "Lavf/58.45.100" "tna5.bozztv.com"
95.129.46.151 - - [28/Apr/2024:04:14:13 -0400] "GET /aigaiotv1/index.m3u8 HTTP/1.1" 206 5908 "https://ssh101.com/securelive/index.php?id=aigaiotv1" "Lavf/58.45.100" "tna5.bozztv.com"
154.57.7.9 - - [28/Apr/2024:04:14:14 -0400] "GET /aigaiotv1/index.m3u8 HTTP/1.1" 206 5908 "https://ssh101.com/securelive/index.php?id=aigaiotv1" "Lavf/58.45.100" "tna5.bozztv.com"
95.129.46.151 - - [28/Apr/2024:04:14:14 -0400] "GET /aigaiotv1/41876.ts HTTP/1.1" 206 2116704 "https://ssh101.com/securelive/index.php?id=aigaiotv1" "Lavf/58.45.100" "tna5.bozztv.com"
154.57.7.9 - - [28/Apr/2024:04:14:15 -0400] "GET /aigaiotv1/41877.ts HTTP/1.1" 206 2415616 "https://ssh101.com/securelive/index.php?id=aigaiotv1" "Lavf/58.45.100" "tna5.bozztv.com"
95.129.46.151 - - [28/Apr/2024:04:14:29 -0400] "GET /aigaiotv1/index.m3u8 HTTP/1.1" 206 5908 "https://ssh101.com/securelive/index.php?id=aigaiotv1" "Lavf/58.45.100" "tna5.bozztv.com"
154.57.7.9 - - [28/Apr/2024:04:14:30 -0400] "GET /aigaiotv1/index.m3u8 HTTP/1.1" 206 5908 "https://ssh101.com/securelive/index.php?id=aigaiotv1" "Lavf/58.45.100" "tna5.bozztv.com"
95.129.46.151 - - [28/Apr/2024:04:14:30 -0400] "GET /aigaiotv1/41878.ts HTTP/1.1" 206 2109744 "https://ssh101.com/securelive/index.php?id=aigaiotv1" "Lavf/58.45.100" "tna5.bozztv.com"
154.57.7.9 - - [28/Apr/2024:04:14:31 -0400] "GET /aigaiotv1/41878.ts HTTP/1.1" 206 2109744 "https://ssh101.com/securelive/index.php?id=aigaiotv1" "Lavf/58.45.100" "tna5.bozztv.com"
162.212.176.104 - - [28/Apr/2024:04:14:45 -0400] "GET /crossdomain.xml HTTP/1.1" 200 296 "-" "Mozilla/5.0 (compatible; PRTG Network Monitor (www.paessler.com); Windows)" "tna5.bozztv.com"
95.129.46.151 - - [28/Apr/2024:04:14:46 -0400] "GET /aigaiotv1/index.m3u8 HTTP/1.1" 206 5908 "https://ssh101.com/securelive/index.php?id=aigaiotv1" "Lavf/58.45.100" "tna5.bozztv.com"
154.57.7.9 - - [28/Apr/2024:04:14:47 -0400] "GET /aigaiotv1/index.m3u8 HTTP/1.1" 206 5908 "https://ssh101.com/securelive/index.php?id=aigaiotv1" "Lavf/58.45.100" "tna5.bozztv.com"
95.129.46.151 - - [28/Apr/2024:04:14:47 -0400] "GET /aigaiotv1/41880.ts HTTP/1.1" 206 2102032 "https://ssh101.com/securelive/index.php?id=aigaiotv1" "Lavf/58.45.100" "tna5.bozztv.com"
154.57.7.9 - - [28/Apr/2024:04:14:48 -0400] "GET /aigaiotv1/41880.ts HTTP/1.1" 206 2102032 "https://ssh101.com/securelive/index.php?id=aigaiotv1" "Lavf/58.45.100" "tna5.bozztv.com"
95.129.46.151 - - [28/Apr/2024:04:15:02 -0400] "GET /aigaiotv1/index.m3u8 HTTP/1.1" 206 5908 "https://ssh101.com/securelive/index.php?id=aigaiotv1" "Lavf/58.45.100" "tna5.bozztv.com"
62.210.125.163 - - [28/Apr/2024:04:15:03 -0400] "GET /ALBANIANTVUSA/index.m3u8 HTTP/1.1" 404 222 "-" "AppleCoreMedia/1.0.0.9A405 (iPad; U; CPU OS 5_0_1 like Mac OS X; zh_cn)" "tna5.bozztv.com"
154.57.7.9 - - [28/Apr/2024:04:15:03 -0400] "GET /aigaiotv1/index.m3u8 HTTP/1.1" 206 5908 "https://ssh101.com/securelive/index.php?id=aigaiotv1" "Lavf/58.45.100" "tna5.bozztv.com"
95.129.46.151 - - [28/Apr/2024:04:15:03 -0400] "GET /aigaiotv1/41881.ts HTTP/1.1" 206 2109552 "https://ssh101.com/securelive/index.php?id=aigaiotv1" "Lavf/58.45.100" "tna5.bozztv.com"
154.57.7.9 - - [28/Apr/2024:04:15:04 -0400] "GET /aigaiotv1/41881.ts HTTP/1.1" 206 2109552 "https://ssh101.com/securelive/index.php?id=aigaiotv1" "Lavf/58.45.100" "tna5.bozztv.com"
95.129.46.151 - - [28/Apr/2024:04:15:18 -0400] "GET /aigaiotv1/index.m3u8 HTTP/1.1" 206 5908 "https://ssh101.com/securelive/index.php?id=aigaiotv1" "Lavf/58.45.100" "tna5.bozztv.com"
154.57.7.9 - - [28/Apr/2024:04:15:19 -0400] "GET /aigaiotv1/index.m3u8 HTTP/1.1" 206 5908 "https://ssh101.com/securelive/index.php?id=aigaiotv1" "Lavf/58.45.100" "tna5.bozztv.com"
95.129.46.151 - - [28/Apr/2024:04:15:19 -0400] "GET /aigaiotv1/41883.ts HTTP/1.1" 206 2109376 "https://ssh101.com/securelive/index.php?id=aigaiotv1" "Lavf/58.45.100" "tna5.bozztv.com"
154.57.7.9 - - [28/Apr/2024:04:15:20 -0400] "GET /aigaiotv1/41883.ts HTTP/1.1" 206 2109376 "https://ssh101.com/securelive/index.php?id=aigaiotv1" "Lavf/58.45.100" "tna5.bozztv.com"
95.129.46.151 - - [28/Apr/2024:04:15:34 -0400] "GET /aigaiotv1/index.m3u8 HTTP/1.1" 206 5908 "https://ssh101.com/securelive/index.php?id=aigaiotv1" "Lavf/58.45.100" "tna5.bozztv.com"
154.57.7.9 - - [28/Apr/2024:04:15:35 -0400] "GET /aigaiotv1/index.m3u8 HTTP/1.1" 206 5908 "https://ssh101.com/securelive/index.php?id=aigaiotv1" "Lavf/58.45.100" "tna5.bozztv.com"
95.129.46.151 - - [28/Apr/2024:04:15:35 -0400] "GET /aigaiotv1/41885.ts HTTP/1.1" 206 2106544 "https://ssh101.com/securelive/index.php?id=aigaiotv1" "Lavf/58.45.100" "tna5.bozztv.com"
154.57.7.9 - - [28/Apr/2024:04:15:36 -0400] "GET /aigaiotv1/41885.ts HTTP/1.1" 206 2106544 "https://ssh101.com/securelive/index.php?id=aigaiotv1" "Lavf/58.45.100" "tna5.bozztv.com"
162.212.176.104 - - [28/Apr/2024:04:15:45 -0400] "GET /crossdomain.xml HTTP/1.1" 200 296 "-" "Mozilla/5.0 (compatible; PRTG Network Monitor (www.paessler.com); Windows)" "tna5.bozztv.com"
167.235.145.0 - - [28/Apr/2024:04:15:50 -0400] "GET /Conectatvmexico/index.m3u8 HTTP/1.1" 404 224 "-" "Mozilla/5.0 (Windows NT 10.0; Win64; x64) AppleWebKit/537.36 (KHTML, like Gecko) Chrome/112.0.0.0 Safari/537.36" "tna5.bozztv.com"
95.129.46.151 - - [28/Apr/2024:04:15:50 -0400] "GET /aigaiotv1/index.m3u8 HTTP/1.1" 206 5775 "https://ssh101.com/securelive/index.php?id=aigaiotv1" "Lavf/58.45.100" "tna5.bozztv.com"
167.235.145.0 - - [28/Apr/2024:04:15:51 -0400] "GET /Conectatvmexico/index.m3u8 HTTP/1.1" 404 224 "-" "Mozilla/5.0 (Windows NT 10.0; Win64; x64) AppleWebKit/537.36 (KHTML, like Gecko) Chrome/112.0.0.0 Safari/537.36" "tna5.bozztv.com"
154.57.7.9 - - [28/Apr/2024:04:15:52 -0400] "GET /aigaiotv1/index.m3u8 HTTP/1.1" 206 5775 "https://ssh101.com/securelive/index.php?id=aigaiotv1" "Lavf/58.45.100" "tna5.bozztv.com"
163.172.68.32 - - [28/Apr/2024:04:15:52 -0400] "GET /Cusco/index.m3u8 HTTP/1.1" 404 214 "-" "Mozilla/5.0" "tna5.bozztv.com"
95.129.46.151 - - [28/Apr/2024:04:15:51 -0400] "GET /aigaiotv1/41886.ts HTTP/1.1" 206 2132688 "https://ssh101.com/securelive/index.php?id=aigaiotv1" "Lavf/58.45.100" "tna5.bozztv.com"
154.57.7.9 - - [28/Apr/2024:04:15:53 -0400] "GET /aigaiotv1/41886.ts HTTP/1.1" 206 2132688 "https://ssh101.com/securelive/index.php?id=aigaiotv1" "Lavf/58.45.100" "tna5.bozztv.com"
62.210.125.163 - - [28/Apr/2024:04:16:03 -0400] "GET /ALBANIANTVUSA/index.m3u8 HTTP/1.1" 404 222 "-" "AppleCoreMedia/1.0.0.9A405 (iPad; U; CPU OS 5_0_1 like Mac OS X; zh_cn)" "tna5.bozztv.com"
95.129.46.151 - - [28/Apr/2024:04:16:07 -0400] "GET /aigaiotv1/index.m3u8 HTTP/1.1" 206 5908 "https://ssh101.com/securelive/index.php?id=aigaiotv1" "Lavf/58.45.100" "tna5.bozztv.com"
154.57.7.9 - - [28/Apr/2024:04:16:08 -0400] "GET /aigaiotv1/index.m3u8 HTTP/1.1" 206 5908 "https://ssh101.com/securelive/index.php?id=aigaiotv1" "Lavf/58.45.100" "tna5.bozztv.com"
95.129.46.151 - - [28/Apr/2024:04:16:08 -0400] "GET /aigaiotv1/41888.ts HTTP/1.1" 206 2018384 "https://ssh101.com/securelive/index.php?id=aigaiotv1" "Lavf/58.45.100" "tna5.bozztv.com"
154.57.7.9 - - [28/Apr/2024:04:16:09 -0400] "GET /aigaiotv1/41888.ts HTTP/1.1" 206 2018384 "https://ssh101.com/securelive/index.php?id=aigaiotv1" "Lavf/58.45.100" "tna5.bozztv.com"
95.129.46.151 - - [28/Apr/2024:04:16:23 -0400] "GET /aigaiotv1/index.m3u8 HTTP/1.1" 206 5908 "https://ssh101.com/securelive/index.php?id=aigaiotv1" "Lavf/58.45.100" "tna5.bozztv.com"
154.57.7.9 - - [28/Apr/2024:04:16:24 -0400] "GET /aigaiotv1/index.m3u8 HTTP/1.1" 206 5908 "https://ssh101.com/securelive/index.php?id=aigaiotv1" "Lavf/58.45.100" "tna5.bozztv.com"
95.129.46.151 - - [28/Apr/2024:04:16:24 -0400] "GET /aigaiotv1/41889.ts HTTP/1.1" 206 1982288 "https://ssh101.com/securelive/index.php?id=aigaiotv1" "Lavf/58.45.100" "tna5.bozztv.com"
154.57.7.9 - - [28/Apr/2024:04:16:25 -0400] "GET /aigaiotv1/41890.ts HTTP/1.1" 206 2136624 "https://ssh101.com/securelive/index.php?id=aigaiotv1" "Lavf/58.45.100" "tna5.bozztv.com"
95.129.46.151 - - [28/Apr/2024:04:16:39 -0400] "GET /aigaiotv1/index.m3u8 HTTP/1.1" 206 5908 "https://ssh101.com/securelive/index.php?id=aigaiotv1" "Lavf/58.45.100" "tna5.bozztv.com"
154.57.7.9 - - [28/Apr/2024:04:16:40 -0400] "GET /aigaiotv1/index.m3u8 HTTP/1.1" 206 5908 "https://ssh101.com/securelive/index.php?id=aigaiotv1" "Lavf/58.45.100" "tna5.bozztv.com"
83.97.73.245 - - [28/Apr/2024:04:16:43 -0400] "GET / HTTP/1.1" 302 209 "-" "Mozilla/5.0 (Windows NT 10.0; Win64; x64) AppleWebKit/537.36 (KHTML, like Gecko) Chrome/78.0.3904.108 Safari/537.36" "208.79.153.189:80"
95.129.46.151 - - [28/Apr/2024:04:16:40 -0400] "GET /aigaiotv1/41891.ts HTTP/1.1" 206 2104864 "https://ssh101.com/securelive/index.php?id=aigaiotv1" "Lavf/58.45.100" "tna5.bozztv.com"
162.212.176.104 - - [28/Apr/2024:04:16:45 -0400] "GET /crossdomain.xml HTTP/1.1" 200 296 "-" "Mozilla/5.0 (compatible; PRTG Network Monitor (www.paessler.com); Windows)" "tna5.bozztv.com"
154.57.7.9 - - [28/Apr/2024:04:16:41 -0400] "GET /aigaiotv1/41891.ts HTTP/1.1" 206 2104864 "https://ssh101.com/securelive/index.php?id=aigaiotv1" "Lavf/58.45.100" "tna5.bozztv.com"
95.129.46.151 - - [28/Apr/2024:04:16:55 -0400] "GET /aigaiotv1/index.m3u8 HTTP/1.1" 206 5908 "https://ssh101.com/securelive/index.php?id=aigaiotv1" "Lavf/58.45.100" "tna5.bozztv.com"
157.254.236.250 - - [28/Apr/2024:04:16:56 -0400] "GET /.env HTTP/1.1" 302 213 "-" "Mozilla/5.0 (Macintosh; Intel Mac OS X 10.15; rv:77.0) Gecko/20100101 Firefox/77.0" "208.79.153.189"
157.254.236.250 - - [28/Apr/2024:04:16:56 -0400] "GET /.env HTTP/1.1" 302 213 "-" "Mozilla/5.0 (Macintosh; Intel Mac OS X 10.15; rv:77.0) Gecko/20100101 Firefox/77.0" "208.79.153.189"
154.57.7.9 - - [28/Apr/2024:04:16:56 -0400] "GET /aigaiotv1/index.m3u8 HTTP/1.1" 206 5908 "https://ssh101.com/securelive/index.php?id=aigaiotv1" "Lavf/58.45.100" "tna5.bozztv.com"
95.129.46.151 - - [28/Apr/2024:04:16:56 -0400] "GET /aigaiotv1/41893.ts HTTP/1.1" 206 2115200 "https://ssh101.com/securelive/index.php?id=aigaiotv1" "Lavf/58.45.100" "tna5.bozztv.com"
154.57.7.9 - - [28/Apr/2024:04:16:57 -0400] "GET /aigaiotv1/41893.ts HTTP/1.1" 206 2115200 "https://ssh101.com/securelive/index.php?id=aigaiotv1" "Lavf/58.45.100" "tna5.bozztv.com"
62.210.125.163 - - [28/Apr/2024:04:17:03 -0400] "GET /ALBANIANTVUSA/index.m3u8 HTTP/1.1" 404 222 "-" "AppleCoreMedia/1.0.0.9A405 (iPad; U; CPU OS 5_0_1 like Mac OS X; zh_cn)" "tna5.bozztv.com"
95.129.46.151 - - [28/Apr/2024:04:17:11 -0400] "GET /aigaiotv1/index.m3u8 HTTP/1.1" 206 5908 "https://ssh101.com/securelive/index.php?id=aigaiotv1" "Lavf/58.45.100" "tna5.bozztv.com"
154.57.7.9 - - [28/Apr/2024:04:17:12 -0400] "GET /aigaiotv1/index.m3u8 HTTP/1.1" 206 5908 "https://ssh101.com/securelive/index.php?id=aigaiotv1" "Lavf/58.45.100" "tna5.bozztv.com"
95.129.46.151 - - [28/Apr/2024:04:17:12 -0400] "GET /aigaiotv1/41894.ts HTTP/1.1" 206 2102608 "https://ssh101.com/securelive/index.php?id=aigaiotv1" "Lavf/58.45.100" "tna5.bozztv.com"
154.57.7.9 - - [28/Apr/2024:04:17:14 -0400] "GET /aigaiotv1/41894.ts HTTP/1.1" 206 2102608 "https://ssh101.com/securelive/index.php?id=aigaiotv1" "Lavf/58.45.100" "tna5.bozztv.com"
46.182.110.134 - - [28/Apr/2024:04:17:20 -0400] "GET /TACusa/index.m3u8 HTTP/1.1" 404 215 "-" "Streamer 24.02" "tna5.bozztv.com"
95.129.46.151 - - [28/Apr/2024:04:17:27 -0400] "GET /aigaiotv1/index.m3u8 HTTP/1.1" 206 5908 "https://ssh101.com/securelive/index.php?id=aigaiotv1" "Lavf/58.45.100" "tna5.bozztv.com"
154.57.7.9 - - [28/Apr/2024:04:17:29 -0400] "GET /aigaiotv1/index.m3u8 HTTP/1.1" 206 5908 "https://ssh101.com/securelive/index.php?id=aigaiotv1" "Lavf/58.45.100" "tna5.bozztv.com"
95.129.46.151 - - [28/Apr/2024:04:17:28 -0400] "GET /aigaiotv1/41896.ts HTTP/1.1" 206 2124416 "https://ssh101.com/securelive/index.php?id=aigaiotv1" "Lavf/58.45.100" "tna5.bozztv.com"
154.57.7.9 - - [28/Apr/2024:04:17:30 -0400] "GET /aigaiotv1/41896.ts HTTP/1.1" 206 2124416 "https://ssh101.com/securelive/index.php?id=aigaiotv1" "Lavf/58.45.100" "tna5.bozztv.com"
95.129.46.151 - - [28/Apr/2024:04:17:44 -0400] "GET /aigaiotv1/index.m3u8 HTTP/1.1" 206 5908 "https://ssh101.com/securelive/index.php?id=aigaiotv1" "Lavf/58.45.100" "tna5.bozztv.com"
162.212.176.104 - - [28/Apr/2024:04:17:45 -0400] "GET /crossdomain.xml HTTP/1.1" 200 296 "-" "Mozilla/5.0 (compatible; PRTG Network Monitor (www.paessler.com); Windows)" "tna5.bozztv.com"
154.57.7.9 - - [28/Apr/2024:04:17:45 -0400] "GET /aigaiotv1/index.m3u8 HTTP/1.1" 206 5908 "https://ssh101.com/securelive/index.php?id=aigaiotv1" "Lavf/58.45.100" "tna5.bozztv.com"
95.129.46.151 - - [28/Apr/2024:04:17:45 -0400] "GET /aigaiotv1/41898.ts HTTP/1.1" 206 2108624 "https://ssh101.com/securelive/index.php?id=aigaiotv1" "Lavf/58.45.100" "tna5.bozztv.com"
154.57.7.9 - - [28/Apr/2024:04:17:46 -0400] "GET /aigaiotv1/41898.ts HTTP/1.1" 206 2108624 "https://ssh101.com/securelive/index.php?id=aigaiotv1" "Lavf/58.45.100" "tna5.bozztv.com"
95.129.46.151 - - [28/Apr/2024:04:18:00 -0400] "GET /aigaiotv1/index.m3u8 HTTP/1.1" 206 5908 "https://ssh101.com/securelive/index.php?id=aigaiotv1" "Lavf/58.45.100" "tna5.bozztv.com"
154.57.7.9 - - [28/Apr/2024:04:18:01 -0400] "GET /aigaiotv1/index.m3u8 HTTP/1.1" 206 5908 "https://ssh101.com/securelive/index.php?id=aigaiotv1" "Lavf/58.45.100" "tna5.bozztv.com"
62.210.125.163 - - [28/Apr/2024:04:18:03 -0400] "GET /ALBANIANTVUSA/index.m3u8 HTTP/1.1" 404 222 "-" "AppleCoreMedia/1.0.0.9A405 (iPad; U; CPU OS 5_0_1 like Mac OS X; zh_cn)" "tna5.bozztv.com"
95.129.46.151 - - [28/Apr/2024:04:18:01 -0400] "GET /aigaiotv1/41899.ts HTTP/1.1" 206 2105232 "https://ssh101.com/securelive/index.php?id=aigaiotv1" "Lavf/58.45.100" "tna5.bozztv.com"
154.57.7.9 - - [28/Apr/2024:04:18:02 -0400] "GET /aigaiotv1/41899.ts HTTP/1.1" 206 2105232 "https://ssh101.com/securelive/index.php?id=aigaiotv1" "Lavf/58.45.100" "tna5.bozztv.com"
95.129.46.151 - - [28/Apr/2024:04:18:16 -0400] "GET /aigaiotv1/index.m3u8 HTTP/1.1" 206 5908 "https://ssh101.com/securelive/index.php?id=aigaiotv1" "Lavf/58.45.100" "tna5.bozztv.com"
154.57.7.9 - - [28/Apr/2024:04:18:17 -0400] "GET /aigaiotv1/index.m3u8 HTTP/1.1" 206 5908 "https://ssh101.com/securelive/index.php?id=aigaiotv1" "Lavf/58.45.100" "tna5.bozztv.com"
95.129.46.151 - - [28/Apr/2024:04:18:17 -0400] "GET /aigaiotv1/41901.ts HTTP/1.1" 206 2106544 "https://ssh101.com/securelive/index.php?id=aigaiotv1" "Lavf/58.45.100" "tna5.bozztv.com"
154.57.7.9 - - [28/Apr/2024:04:18:19 -0400] "GET /aigaiotv1/41901.ts HTTP/1.1" 206 2106544 "https://ssh101.com/securelive/index.php?id=aigaiotv1" "Lavf/58.45.100" "tna5.bozztv.com"
95.129.46.151 - - [28/Apr/2024:04:18:32 -0400] "GET /aigaiotv1/index.m3u8 HTTP/1.1" 206 5908 "https://ssh101.com/securelive/index.php?id=aigaiotv1" "Lavf/58.45.100" "tna5.bozztv.com"
154.57.7.9 - - [28/Apr/2024:04:18:34 -0400] "GET /aigaiotv1/index.m3u8 HTTP/1.1" 206 5908 "https://ssh101.com/securelive/index.php?id=aigaiotv1" "Lavf/58.45.100" "tna5.bozztv.com"
95.129.46.151 - - [28/Apr/2024:04:18:33 -0400] "GET /aigaiotv1/41902.ts HTTP/1.1" 206 2004272 "https://ssh101.com/securelive/index.php?id=aigaiotv1" "Lavf/58.45.100" "tna5.bozztv.com"
154.57.7.9 - - [28/Apr/2024:04:18:35 -0400] "GET /aigaiotv1/41903.ts HTTP/1.1" 206 2088688 "https://ssh101.com/securelive/index.php?id=aigaiotv1" "Lavf/58.45.100" "tna5.bozztv.com"
162.212.176.104 - - [28/Apr/2024:04:18:45 -0400] "GET /crossdomain.xml HTTP/1.1" 200 296 "-" "Mozilla/5.0 (compatible; PRTG Network Monitor (www.paessler.com); Windows)" "tna5.bozztv.com"
95.129.46.151 - - [28/Apr/2024:04:18:48 -0400] "GET /aigaiotv1/index.m3u8 HTTP/1.1" 206 5908 "https://ssh101.com/securelive/index.php?id=aigaiotv1" "Lavf/58.45.100" "tna5.bozztv.com"
154.57.7.9 - - [28/Apr/2024:04:18:50 -0400] "GET /aigaiotv1/index.m3u8 HTTP/1.1" 206 5908 "https://ssh101.com/securelive/index.php?id=aigaiotv1" "Lavf/58.45.100" "tna5.bozztv.com"
95.129.46.151 - - [28/Apr/2024:04:18:49 -0400] "GET /aigaiotv1/41904.ts HTTP/1.1" 206 2090192 "https://ssh101.com/securelive/index.php?id=aigaiotv1" "Lavf/58.45.100" "tna5.bozztv.com"
154.57.7.9 - - [28/Apr/2024:04:18:51 -0400] "GET /aigaiotv1/41904.ts HTTP/1.1" 206 2090192 "https://ssh101.com/securelive/index.php?id=aigaiotv1" "Lavf/58.45.100" "tna5.bozztv.com"
62.210.125.163 - - [28/Apr/2024:04:19:03 -0400] "GET /ALBANIANTVUSA/index.m3u8 HTTP/1.1" 404 222 "-" "AppleCoreMedia/1.0.0.9A405 (iPad; U; CPU OS 5_0_1 like Mac OS X; zh_cn)" "tna5.bozztv.com"
95.129.46.151 - - [28/Apr/2024:04:19:04 -0400] "GET /aigaiotv1/index.m3u8 HTTP/1.1" 206 5775 "https://ssh101.com/securelive/index.php?id=aigaiotv1" "Lavf/58.45.100" "tna5.bozztv.com"
154.57.7.9 - - [28/Apr/2024:04:19:06 -0400] "GET /aigaiotv1/index.m3u8 HTTP/1.1" 206 5775 "https://ssh101.com/securelive/index.php?id=aigaiotv1" "Lavf/58.45.100" "tna5.bozztv.com"
95.129.46.151 - - [28/Apr/2024:04:19:05 -0400] "GET /aigaiotv1/41906.ts HTTP/1.1" 206 2062752 "https://ssh101.com/securelive/index.php?id=aigaiotv1" "Lavf/58.45.100" "tna5.bozztv.com"
154.57.7.9 - - [28/Apr/2024:04:19:07 -0400] "GET /aigaiotv1/41906.ts HTTP/1.1" 206 2062752 "https://ssh101.com/securelive/index.php?id=aigaiotv1" "Lavf/58.45.100" "tna5.bozztv.com"
95.129.46.151 - - [28/Apr/2024:04:19:20 -0400] "GET /aigaiotv1/index.m3u8 HTTP/1.1" 206 5908 "https://ssh101.com/securelive/index.php?id=aigaiotv1" "Lavf/58.45.100" "tna5.bozztv.com"
154.57.7.9 - - [28/Apr/2024:04:19:22 -0400] "GET /aigaiotv1/index.m3u8 HTTP/1.1" 206 5908 "https://ssh101.com/securelive/index.php?id=aigaiotv1" "Lavf/58.45.100" "tna5.bozztv.com"
95.129.46.151 - - [28/Apr/2024:04:19:21 -0400] "GET /aigaiotv1/41907.ts HTTP/1.1" 206 2070448 "https://ssh101.com/securelive/index.php?id=aigaiotv1" "Lavf/58.45.100" "tna5.bozztv.com"
154.57.7.9 - - [28/Apr/2024:04:19:23 -0400] "GET /aigaiotv1/41907.ts HTTP/1.1" 206 2070448 "https://ssh101.com/securelive/index.php?id=aigaiotv1" "Lavf/58.45.100" "tna5.bozztv.com"
95.129.46.151 - - [28/Apr/2024:04:19:37 -0400] "GET /aigaiotv1/index.m3u8 HTTP/1.1" 206 5908 "https://ssh101.com/securelive/index.php?id=aigaiotv1" "Lavf/58.45.100" "tna5.bozztv.com"
154.57.7.9 - - [28/Apr/2024:04:19:39 -0400] "GET /aigaiotv1/index.m3u8 HTTP/1.1" 206 5908 "https://ssh101.com/securelive/index.php?id=aigaiotv1" "Lavf/58.45.100" "tna5.bozztv.com"
95.129.46.151 - - [28/Apr/2024:04:19:38 -0400] "GET /aigaiotv1/41909.ts HTTP/1.1" 206 2104288 "https://ssh101.com/securelive/index.php?id=aigaiotv1" "Lavf/58.45.100" "tna5.bozztv.com"
154.57.7.9 - - [28/Apr/2024:04:19:40 -0400] "GET /aigaiotv1/41909.ts HTTP/1.1" 206 2104288 "https://ssh101.com/securelive/index.php?id=aigaiotv1" "Lavf/58.45.100" "tna5.bozztv.com"
162.212.176.104 - - [28/Apr/2024:04:19:45 -0400] "GET /crossdomain.xml HTTP/1.1" 200 296 "-" "Mozilla/5.0 (compatible; PRTG Network Monitor (www.paessler.com); Windows)" "tna5.bozztv.com"
95.129.46.151 - - [28/Apr/2024:04:19:53 -0400] "GET /aigaiotv1/index.m3u8 HTTP/1.1" 206 5908 "https://ssh101.com/securelive/index.php?id=aigaiotv1" "Lavf/58.45.100" "tna5.bozztv.com"
154.57.7.9 - - [28/Apr/2024:04:19:55 -0400] "GET /aigaiotv1/index.m3u8 HTTP/1.1" 206 5908 "https://ssh101.com/securelive/index.php?id=aigaiotv1" "Lavf/58.45.100" "tna5.bozztv.com"
95.129.46.151 - - [28/Apr/2024:04:19:54 -0400] "GET /aigaiotv1/41910.ts HTTP/1.1" 206 2114064 "https://ssh101.com/securelive/index.php?id=aigaiotv1" "Lavf/58.45.100" "tna5.bozztv.com"
154.57.7.9 - - [28/Apr/2024:04:19:56 -0400] "GET /aigaiotv1/41911.ts HTTP/1.1" 206 2128928 "https://ssh101.com/securelive/index.php?id=aigaiotv1" "Lavf/58.45.100" "tna5.bozztv.com"
62.210.125.163 - - [28/Apr/2024:04:20:02 -0400] "GET /ALBANIANTVUSA/index.m3u8 HTTP/1.1" 404 222 "-" "AppleCoreMedia/1.0.0.9A405 (iPad; U; CPU OS 5_0_1 like Mac OS X; zh_cn)" "tna5.bozztv.com"
196.134.191.192 - - [28/Apr/2024:04:20:08 -0400] "GET /jesstv/index.m3u8 HTTP/1.1" 404 215 "https://ssh101.com/" "Mozilla/5.0 (Linux; Android 6.0; Nexus 5 Build/MRA58N) AppleWebKit/537.36 (KHTML, like Gecko) Chrome/121.0.0.0 Mobile Safari/537.36" "tna5.bozztv.com"
95.129.46.151 - - [28/Apr/2024:04:20:09 -0400] "GET /aigaiotv1/index.m3u8 HTTP/1.1" 206 5908 "https://ssh101.com/securelive/index.php?id=aigaiotv1" "Lavf/58.45.100" "tna5.bozztv.com"
196.134.191.192 - - [28/Apr/2024:04:20:09 -0400] "GET /jesstv/index.m3u8 HTTP/1.1" 404 215 "https://ssh101.com/" "Mozilla/5.0 (Linux; Android 6.0; Nexus 5 Build/MRA58N) AppleWebKit/537.36 (KHTML, like Gecko) Chrome/121.0.0.0 Mobile Safari/537.36" "tna5.bozztv.com"
196.134.191.192 - - [28/Apr/2024:04:20:11 -0400] "GET /jesstv/index.m3u8 HTTP/1.1" 404 215 "https://ssh101.com/" "Mozilla/5.0 (Linux; Android 6.0; Nexus 5 Build/MRA58N) AppleWebKit/537.36 (KHTML, like Gecko) Chrome/121.0.0.0 Mobile Safari/537.36" "tna5.bozztv.com"
154.57.7.9 - - [28/Apr/2024:04:20:11 -0400] "GET /aigaiotv1/index.m3u8 HTTP/1.1" 206 5908 "https://ssh101.com/securelive/index.php?id=aigaiotv1" "Lavf/58.45.100" "tna5.bozztv.com"
95.129.46.151 - - [28/Apr/2024:04:20:10 -0400] "GET /aigaiotv1/41912.ts HTTP/1.1" 206 2086624 "https://ssh101.com/securelive/index.php?id=aigaiotv1" "Lavf/58.45.100" "tna5.bozztv.com"
154.57.7.9 - - [28/Apr/2024:04:20:12 -0400] "GET /aigaiotv1/41912.ts HTTP/1.1" 206 2086624 "https://ssh101.com/securelive/index.php?id=aigaiotv1" "Lavf/58.45.100" "tna5.bozztv.com"
95.129.46.151 - - [28/Apr/2024:04:20:25 -0400] "GET /aigaiotv1/index.m3u8 HTTP/1.1" 206 5908 "https://ssh101.com/securelive/index.php?id=aigaiotv1" "Lavf/58.45.100" "tna5.bozztv.com"
154.57.7.9 - - [28/Apr/2024:04:20:27 -0400] "GET /aigaiotv1/index.m3u8 HTTP/1.1" 206 5908 "https://ssh101.com/securelive/index.php?id=aigaiotv1" "Lavf/58.45.100" "tna5.bozztv.com"
95.129.46.151 - - [28/Apr/2024:04:20:26 -0400] "GET /aigaiotv1/41914.ts HTTP/1.1" 206 2106928 "https://ssh101.com/securelive/index.php?id=aigaiotv1" "Lavf/58.45.100" "tna5.bozztv.com"
154.57.7.9 - - [28/Apr/2024:04:20:28 -0400] "GET /aigaiotv1/41914.ts HTTP/1.1" 206 2106928 "https://ssh101.com/securelive/index.php?id=aigaiotv1" "Lavf/58.45.100" "tna5.bozztv.com"
95.129.46.151 - - [28/Apr/2024:04:20:41 -0400] "GET /aigaiotv1/index.m3u8 HTTP/1.1" 206 5908 "https://ssh101.com/securelive/index.php?id=aigaiotv1" "Lavf/58.45.100" "tna5.bozztv.com"
154.57.7.9 - - [28/Apr/2024:04:20:44 -0400] "GET /aigaiotv1/index.m3u8 HTTP/1.1" 206 5908 "https://ssh101.com/securelive/index.php?id=aigaiotv1" "Lavf/58.45.100" "tna5.bozztv.com"
162.212.176.104 - - [28/Apr/2024:04:20:45 -0400] "GET /crossdomain.xml HTTP/1.1" 200 296 "-" "Mozilla/5.0 (compatible; PRTG Network Monitor (www.paessler.com); Windows)" "tna5.bozztv.com"
95.129.46.151 - - [28/Apr/2024:04:20:42 -0400] "GET /aigaiotv1/41915.ts HTTP/1.1" 206 2107872 "https://ssh101.com/securelive/index.php?id=aigaiotv1" "Lavf/58.45.100" "tna5.bozztv.com"
154.57.7.9 - - [28/Apr/2024:04:20:45 -0400] "GET /aigaiotv1/41916.ts HTTP/1.1" 206 2085872 "https://ssh101.com/securelive/index.php?id=aigaiotv1" "Lavf/58.45.100" "tna5.bozztv.com"
95.129.46.151 - - [28/Apr/2024:04:20:57 -0400] "GET /aigaiotv1/index.m3u8 HTTP/1.1" 206 5908 "https://ssh101.com/securelive/index.php?id=aigaiotv1" "Lavf/58.45.100" "tna5.bozztv.com"
154.57.7.9 - - [28/Apr/2024:04:21:00 -0400] "GET /aigaiotv1/index.m3u8 HTTP/1.1" 206 5908 "https://ssh101.com/securelive/index.php?id=aigaiotv1" "Lavf/58.45.100" "tna5.bozztv.com"
62.210.125.163 - - [28/Apr/2024:04:21:02 -0400] "GET /ALBANIANTVUSA/index.m3u8 HTTP/1.1" 404 222 "-" "AppleCoreMedia/1.0.0.9A405 (iPad; U; CPU OS 5_0_1 like Mac OS X; zh_cn)" "tna5.bozztv.com"
95.129.46.151 - - [28/Apr/2024:04:20:58 -0400] "GET /aigaiotv1/41917.ts HTTP/1.1" 206 2113888 "https://ssh101.com/securelive/index.php?id=aigaiotv1" "Lavf/58.45.100" "tna5.bozztv.com"
154.57.7.9 - - [28/Apr/2024:04:21:01 -0400] "GET /aigaiotv1/41917.ts HTTP/1.1" 206 2113888 "https://ssh101.com/securelive/index.php?id=aigaiotv1" "Lavf/58.45.100" "tna5.bozztv.com"
95.129.46.151 - - [28/Apr/2024:04:21:13 -0400] "GET /aigaiotv1/index.m3u8 HTTP/1.1" 206 5908 "https://ssh101.com/securelive/index.php?id=aigaiotv1" "Lavf/58.45.100" "tna5.bozztv.com"
154.57.7.9 - - [28/Apr/2024:04:21:16 -0400] "GET /aigaiotv1/index.m3u8 HTTP/1.1" 206 5908 "https://ssh101.com/securelive/index.php?id=aigaiotv1" "Lavf/58.45.100" "tna5.bozztv.com"
95.129.46.151 - - [28/Apr/2024:04:21:14 -0400] "GET /aigaiotv1/41919.ts HTTP/1.1" 206 2073280 "https://ssh101.com/securelive/index.php?id=aigaiotv1" "Lavf/58.45.100" "tna5.bozztv.com"
154.57.7.9 - - [28/Apr/2024:04:21:17 -0400] "GET /aigaiotv1/41919.ts HTTP/1.1" 206 2073280 "https://ssh101.com/securelive/index.php?id=aigaiotv1" "Lavf/58.45.100" "tna5.bozztv.com"
95.129.46.151 - - [28/Apr/2024:04:21:29 -0400] "GET /aigaiotv1/index.m3u8 HTTP/1.1" 206 5908 "https://ssh101.com/securelive/index.php?id=aigaiotv1" "Lavf/58.45.100" "tna5.bozztv.com"
154.57.7.9 - - [28/Apr/2024:04:21:32 -0400] "GET /aigaiotv1/index.m3u8 HTTP/1.1" 206 5908 "https://ssh101.com/securelive/index.php?id=aigaiotv1" "Lavf/58.45.100" "tna5.bozztv.com"
95.129.46.151 - - [28/Apr/2024:04:21:30 -0400] "GET /aigaiotv1/41920.ts HTTP/1.1" 206 2145840 "https://ssh101.com/securelive/index.php?id=aigaiotv1" "Lavf/58.45.100" "tna5.bozztv.com"
154.57.7.9 - - [28/Apr/2024:04:21:33 -0400] "GET /aigaiotv1/41920.ts HTTP/1.1" 206 2145840 "https://ssh101.com/securelive/index.php?id=aigaiotv1" "Lavf/58.45.100" "tna5.bozztv.com"
162.212.176.104 - - [28/Apr/2024:04:21:45 -0400] "GET /crossdomain.xml HTTP/1.1" 200 296 "-" "Mozilla/5.0 (compatible; PRTG Network Monitor (www.paessler.com); Windows)" "tna5.bozztv.com"
95.129.46.151 - - [28/Apr/2024:04:21:46 -0400] "GET /aigaiotv1/index.m3u8 HTTP/1.1" 206 5908 "https://ssh101.com/securelive/index.php?id=aigaiotv1" "Lavf/58.45.100" "tna5.bozztv.com"
154.57.7.9 - - [28/Apr/2024:04:21:49 -0400] "GET /aigaiotv1/index.m3u8 HTTP/1.1" 206 5908 "https://ssh101.com/securelive/index.php?id=aigaiotv1" "Lavf/58.45.100" "tna5.bozztv.com"
95.129.46.151 - - [28/Apr/2024:04:21:47 -0400] "GET /aigaiotv1/41922.ts HTTP/1.1" 206 2025152 "https://ssh101.com/securelive/index.php?id=aigaiotv1" "Lavf/58.45.100" "tna5.bozztv.com"
154.57.7.9 - - [28/Apr/2024:04:21:50 -0400] "GET /aigaiotv1/41922.ts HTTP/1.1" 206 2025152 "https://ssh101.com/securelive/index.php?id=aigaiotv1" "Lavf/58.45.100" "tna5.bozztv.com"
95.129.46.151 - - [28/Apr/2024:04:22:02 -0400] "GET /aigaiotv1/index.m3u8 HTTP/1.1" 206 5908 "https://ssh101.com/securelive/index.php?id=aigaiotv1" "Lavf/58.45.100" "tna5.bozztv.com"
62.210.125.163 - - [28/Apr/2024:04:22:02 -0400] "GET /ALBANIANTVUSA/index.m3u8 HTTP/1.1" 404 222 "-" "AppleCoreMedia/1.0.0.9A405 (iPad; U; CPU OS 5_0_1 like Mac OS X; zh_cn)" "tna5.bozztv.com"
154.57.7.9 - - [28/Apr/2024:04:22:05 -0400] "GET /aigaiotv1/index.m3u8 HTTP/1.1" 206 5908 "https://ssh101.com/securelive/index.php?id=aigaiotv1" "Lavf/58.45.100" "tna5.bozztv.com"
95.129.46.151 - - [28/Apr/2024:04:22:03 -0400] "GET /aigaiotv1/41923.ts HTTP/1.1" 206 1992064 "https://ssh101.com/securelive/index.php?id=aigaiotv1" "Lavf/58.45.100" "tna5.bozztv.com"
154.57.7.9 - - [28/Apr/2024:04:22:06 -0400] "GET /aigaiotv1/41924.ts HTTP/1.1" 206 2050528 "https://ssh101.com/securelive/index.php?id=aigaiotv1" "Lavf/58.45.100" "tna5.bozztv.com"
95.129.46.151 - - [28/Apr/2024:04:22:18 -0400] "GET /aigaiotv1/index.m3u8 HTTP/1.1" 206 5908 "https://ssh101.com/securelive/index.php?id=aigaiotv1" "Lavf/58.45.100" "tna5.bozztv.com"
154.57.7.9 - - [28/Apr/2024:04:22:21 -0400] "GET /aigaiotv1/index.m3u8 HTTP/1.1" 206 5908 "https://ssh101.com/securelive/index.php?id=aigaiotv1" "Lavf/58.45.100" "tna5.bozztv.com"
95.129.46.151 - - [28/Apr/2024:04:22:19 -0400] "GET /aigaiotv1/41925.ts HTTP/1.1" 206 2137568 "https://ssh101.com/securelive/index.php?id=aigaiotv1" "Lavf/58.45.100" "tna5.bozztv.com"
154.57.7.9 - - [28/Apr/2024:04:22:22 -0400] "GET /aigaiotv1/41925.ts HTTP/1.1" 206 2137568 "https://ssh101.com/securelive/index.php?id=aigaiotv1" "Lavf/58.45.100" "tna5.bozztv.com"
95.129.46.151 - - [28/Apr/2024:04:22:34 -0400] "GET /aigaiotv1/index.m3u8 HTTP/1.1" 206 5908 "https://ssh101.com/securelive/index.php?id=aigaiotv1" "Lavf/58.45.100" "tna5.bozztv.com"
154.57.7.9 - - [28/Apr/2024:04:22:39 -0400] "GET /aigaiotv1/index.m3u8 HTTP/1.1" 206 5908 "https://ssh101.com/securelive/index.php?id=aigaiotv1" "Lavf/58.45.100" "tna5.bozztv.com"
95.129.46.151 - - [28/Apr/2024:04:22:35 -0400] "GET /aigaiotv1/41927.ts HTTP/1.1" 206 2117072 "https://ssh101.com/securelive/index.php?id=aigaiotv1" "Lavf/58.45.100" "tna5.bozztv.com"
154.57.7.9 - - [28/Apr/2024:04:22:40 -0400] "GET /aigaiotv1/41927.ts HTTP/1.1" 206 2117072 "https://ssh101.com/securelive/index.php?id=aigaiotv1" "Lavf/58.45.100" "tna5.bozztv.com"
162.212.176.104 - - [28/Apr/2024:04:22:45 -0400] "GET /crossdomain.xml HTTP/1.1" 200 296 "-" "Mozilla/5.0 (compatible; PRTG Network Monitor (www.paessler.com); Windows)" "tna5.bozztv.com"
95.129.46.151 - - [28/Apr/2024:04:22:50 -0400] "GET /aigaiotv1/index.m3u8 HTTP/1.1" 206 5908 "https://ssh101.com/securelive/index.php?id=aigaiotv1" "Lavf/58.45.100" "tna5.bozztv.com"
154.57.7.9 - - [28/Apr/2024:04:22:55 -0400] "GET /aigaiotv1/index.m3u8 HTTP/1.1" 206 5908 "https://ssh101.com/securelive/index.php?id=aigaiotv1" "Lavf/58.45.100" "tna5.bozztv.com"
95.129.46.151 - - [28/Apr/2024:04:22:51 -0400] "GET /aigaiotv1/41928.ts HTTP/1.1" 206 2089632 "https://ssh101.com/securelive/index.php?id=aigaiotv1" "Lavf/58.45.100" "tna5.bozztv.com"
154.57.7.9 - - [28/Apr/2024:04:22:56 -0400] "GET /aigaiotv1/41929.ts HTTP/1.1" 206 2116704 "https://ssh101.com/securelive/index.php?id=aigaiotv1" "Lavf/58.45.100" "tna5.bozztv.com"
62.210.125.163 - - [28/Apr/2024:04:23:03 -0400] "GET /ALBANIANTVUSA/index.m3u8 HTTP/1.1" 404 222 "-" "AppleCoreMedia/1.0.0.9A405 (iPad; U; CPU OS 5_0_1 like Mac OS X; zh_cn)" "tna5.bozztv.com"
95.129.46.151 - - [28/Apr/2024:04:23:07 -0400] "GET /aigaiotv1/index.m3u8 HTTP/1.1" 206 5908 "https://ssh101.com/securelive/index.php?id=aigaiotv1" "Lavf/58.45.100" "tna5.bozztv.com"
154.57.7.9 - - [28/Apr/2024:04:23:11 -0400] "GET /aigaiotv1/index.m3u8 HTTP/1.1" 206 5908 "https://ssh101.com/securelive/index.php?id=aigaiotv1" "Lavf/58.45.100" "tna5.bozztv.com"
95.129.46.151 - - [28/Apr/2024:04:23:08 -0400] "GET /aigaiotv1/41930.ts HTTP/1.1" 206 2097712 "https://ssh101.com/securelive/index.php?id=aigaiotv1" "Lavf/58.45.100" "tna5.bozztv.com"
154.57.7.9 - - [28/Apr/2024:04:23:12 -0400] "GET /aigaiotv1/41930.ts HTTP/1.1" 206 2097712 "https://ssh101.com/securelive/index.php?id=aigaiotv1" "Lavf/58.45.100" "tna5.bozztv.com"
95.129.46.151 - - [28/Apr/2024:04:23:23 -0400] "GET /aigaiotv1/index.m3u8 HTTP/1.1" 206 5908 "https://ssh101.com/securelive/index.php?id=aigaiotv1" "Lavf/58.45.100" "tna5.bozztv.com"
46.182.110.134 - - [28/Apr/2024:04:23:25 -0400] "GET /TACusa/index.m3u8 HTTP/1.1" 404 215 "-" "Streamer 24.02" "tna5.bozztv.com"
154.57.7.9 - - [28/Apr/2024:04:23:27 -0400] "GET /aigaiotv1/index.m3u8 HTTP/1.1" 206 5908 "https://ssh101.com/securelive/index.php?id=aigaiotv1" "Lavf/58.45.100" "tna5.bozztv.com"
95.129.46.151 - - [28/Apr/2024:04:23:24 -0400] "GET /aigaiotv1/41931.ts HTTP/1.1" 206 2119152 "https://ssh101.com/securelive/index.php?id=aigaiotv1" "Lavf/58.45.100" "tna5.bozztv.com"
154.57.7.9 - - [28/Apr/2024:04:23:28 -0400] "GET /aigaiotv1/41932.ts HTTP/1.1" 206 2085872 "https://ssh101.com/securelive/index.php?id=aigaiotv1" "Lavf/58.45.100" "tna5.bozztv.com"
95.129.46.151 - - [28/Apr/2024:04:23:39 -0400] "GET /aigaiotv1/index.m3u8 HTTP/1.1" 206 5908 "https://ssh101.com/securelive/index.php?id=aigaiotv1" "Lavf/58.45.100" "tna5.bozztv.com"
154.57.7.9 - - [28/Apr/2024:04:23:44 -0400] "GET /aigaiotv1/index.m3u8 HTTP/1.1" 206 5908 "https://ssh101.com/securelive/index.php?id=aigaiotv1" "Lavf/58.45.100" "tna5.bozztv.com"
162.212.176.104 - - [28/Apr/2024:04:23:45 -0400] "GET /crossdomain.xml HTTP/1.1" 200 296 "-" "Mozilla/5.0 (compatible; PRTG Network Monitor (www.paessler.com); Windows)" "tna5.bozztv.com"
95.129.46.151 - - [28/Apr/2024:04:23:40 -0400] "GET /aigaiotv1/41933.ts HTTP/1.1" 206 2114448 "https://ssh101.com/securelive/index.php?id=aigaiotv1" "Lavf/58.45.100" "tna5.bozztv.com"
154.57.7.9 - - [28/Apr/2024:04:23:46 -0400] "GET /aigaiotv1/41934.ts HTTP/1.1" 206 2093760 "https://ssh101.com/securelive/index.php?id=aigaiotv1" "Lavf/58.45.100" "tna5.bozztv.com"
95.129.46.151 - - [28/Apr/2024:04:23:55 -0400] "GET /aigaiotv1/index.m3u8 HTTP/1.1" 206 5908 "https://ssh101.com/securelive/index.php?id=aigaiotv1" "Lavf/58.45.100" "tna5.bozztv.com"
154.57.7.9 - - [28/Apr/2024:04:24:01 -0400] "GET /aigaiotv1/index.m3u8 HTTP/1.1" 206 5908 "https://ssh101.com/securelive/index.php?id=aigaiotv1" "Lavf/58.45.100" "tna5.bozztv.com"
95.129.46.151 - - [28/Apr/2024:04:23:56 -0400] "GET /aigaiotv1/41935.ts HTTP/1.1" 206 2112560 "https://ssh101.com/securelive/index.php?id=aigaiotv1" "Lavf/58.45.100" "tna5.bozztv.com"
62.210.125.163 - - [28/Apr/2024:04:24:03 -0400] "GET /ALBANIANTVUSA/index.m3u8 HTTP/1.1" 404 222 "-" "AppleCoreMedia/1.0.0.9A405 (iPad; U; CPU OS 5_0_1 like Mac OS X; zh_cn)" "tna5.bozztv.com"
154.57.7.9 - - [28/Apr/2024:04:24:02 -0400] "GET /aigaiotv1/41935.ts HTTP/1.1" 206 2112560 "https://ssh101.com/securelive/index.php?id=aigaiotv1" "Lavf/58.45.100" "tna5.bozztv.com"
95.129.46.151 - - [28/Apr/2024:04:24:12 -0400] "GET /aigaiotv1/index.m3u8 HTTP/1.1" 206 5908 "https://ssh101.com/securelive/index.php?id=aigaiotv1" "Lavf/58.45.100" "tna5.bozztv.com"
154.57.7.9 - - [28/Apr/2024:04:24:17 -0400] "GET /aigaiotv1/index.m3u8 HTTP/1.1" 206 5908 "https://ssh101.com/securelive/index.php?id=aigaiotv1" "Lavf/58.45.100" "tna5.bozztv.com"
95.129.46.151 - - [28/Apr/2024:04:24:13 -0400] "GET /aigaiotv1/41936.ts HTTP/1.1" 206 2018000 "https://ssh101.com/securelive/index.php?id=aigaiotv1" "Lavf/58.45.100" "tna5.bozztv.com"
154.57.7.9 - - [28/Apr/2024:04:24:18 -0400] "GET /aigaiotv1/41937.ts HTTP/1.1" 206 2069520 "https://ssh101.com/securelive/index.php?id=aigaiotv1" "Lavf/58.45.100" "tna5.bozztv.com"
95.129.46.151 - - [28/Apr/2024:04:24:28 -0400] "GET /aigaiotv1/index.m3u8 HTTP/1.1" 206 5908 "https://ssh101.com/securelive/index.php?id=aigaiotv1" "Lavf/58.45.100" "tna5.bozztv.com"
83.97.73.245 - - [28/Apr/2024:04:24:33 -0400] "POST /Autodiscover/Autodiscover.xml HTTP/1.1" 302 238 "-" "Mozilla/5.0 (Windows NT 10.0; Win64; x64) AppleWebKit/537.36 (KHTML, like Gecko) Chrome/78.0.3904.108 Safari/537.36" "208.79.153.189:80"
154.57.7.9 - - [28/Apr/2024:04:24:33 -0400] "GET /aigaiotv1/index.m3u8 HTTP/1.1" 206 5908 "https://ssh101.com/securelive/index.php?id=aigaiotv1" "Lavf/58.45.100" "tna5.bozztv.com"
95.129.46.151 - - [28/Apr/2024:04:24:29 -0400] "GET /aigaiotv1/41938.ts HTTP/1.1" 206 2097904 "https://ssh101.com/securelive/index.php?id=aigaiotv1" "Lavf/58.45.100" "tna5.bozztv.com"
154.57.7.9 - - [28/Apr/2024:04:24:34 -0400] "GET /aigaiotv1/41939.ts HTTP/1.1" 206 2124592 "https://ssh101.com/securelive/index.php?id=aigaiotv1" "Lavf/58.45.100" "tna5.bozztv.com"
95.129.46.151 - - [28/Apr/2024:04:24:44 -0400] "GET /aigaiotv1/index.m3u8 HTTP/1.1" 206 5908 "https://ssh101.com/securelive/index.php?id=aigaiotv1" "Lavf/58.45.100" "tna5.bozztv.com"
162.212.176.104 - - [28/Apr/2024:04:24:45 -0400] "GET /crossdomain.xml HTTP/1.1" 200 296 "-" "Mozilla/5.0 (compatible; PRTG Network Monitor (www.paessler.com); Windows)" "tna5.bozztv.com"
154.57.7.9 - - [28/Apr/2024:04:24:50 -0400] "GET /aigaiotv1/index.m3u8 HTTP/1.1" 206 5908 "https://ssh101.com/securelive/index.php?id=aigaiotv1" "Lavf/58.45.100" "tna5.bozztv.com"
95.129.46.151 - - [28/Apr/2024:04:24:45 -0400] "GET /aigaiotv1/41940.ts HTTP/1.1" 206 2085120 "https://ssh101.com/securelive/index.php?id=aigaiotv1" "Lavf/58.45.100" "tna5.bozztv.com"
154.57.7.9 - - [28/Apr/2024:04:24:51 -0400] "GET /aigaiotv1/41940.ts HTTP/1.1" 206 2085120 "https://ssh101.com/securelive/index.php?id=aigaiotv1" "Lavf/58.45.100" "tna5.bozztv.com"
95.129.46.151 - - [28/Apr/2024:04:25:00 -0400] "GET /aigaiotv1/index.m3u8 HTTP/1.1" 206 5908 "https://ssh101.com/securelive/index.php?id=aigaiotv1" "Lavf/58.45.100" "tna5.bozztv.com"
62.210.125.163 - - [28/Apr/2024:04:25:02 -0400] "GET /ALBANIANTVUSA/index.m3u8 HTTP/1.1" 404 222 "-" "AppleCoreMedia/1.0.0.9A405 (iPad; U; CPU OS 5_0_1 like Mac OS X; zh_cn)" "tna5.bozztv.com"
95.129.46.151 - - [28/Apr/2024:04:25:01 -0400] "GET /aigaiotv1/41941.ts HTTP/1.1" 206 2069328 "https://ssh101.com/securelive/index.php?id=aigaiotv1" "Lavf/58.45.100" "tna5.bozztv.com"
154.57.7.9 - - [28/Apr/2024:04:25:06 -0400] "GET /aigaiotv1/index.m3u8 HTTP/1.1" 206 5908 "https://ssh101.com/securelive/index.php?id=aigaiotv1" "Lavf/58.45.100" "tna5.bozztv.com"
