162.212.176.104 - - [02/Jun/2024:07:33:12 -0400] "GET /crossdomain.xml HTTP/1.1" 200 296 "-" "Mozilla/5.0 (compatible; PRTG Network Monitor (www.paessler.com); Windows)" "tna5.bozztv.com"
95.129.46.151 - - [02/Jun/2024:07:33:19 -0400] "GET /aigaiotv1/index.m3u8 HTTP/1.1" 404 218 "https://ssh101.com/securelive/index.php?id=aigaiotv1" "Lavf/58.45.100" "tna5.bozztv.com"
95.129.46.151 - - [02/Jun/2024:07:33:30 -0400] "GET /aigaiotv1/index.m3u8 HTTP/1.1" 404 218 "https://ssh101.com/securelive/index.php?id=aigaiotv1" "Lavf/58.45.100" "tna5.bozztv.com"
95.129.46.151 - - [02/Jun/2024:07:33:40 -0400] "GET /aigaiotv1/index.m3u8 HTTP/1.1" 404 218 "https://ssh101.com/securelive/index.php?id=aigaiotv1" "Lavf/58.45.100" "tna5.bozztv.com"
95.129.46.151 - - [02/Jun/2024:07:33:51 -0400] "GET /aigaiotv1/index.m3u8 HTTP/1.1" 404 218 "https://ssh101.com/securelive/index.php?id=aigaiotv1" "Lavf/58.45.100" "tna5.bozztv.com"
95.129.46.151 - - [02/Jun/2024:07:34:02 -0400] "GET /aigaiotv1/index.m3u8 HTTP/1.1" 404 218 "https://ssh101.com/securelive/index.php?id=aigaiotv1" "Lavf/58.45.100" "tna5.bozztv.com"
62.210.125.163 - - [02/Jun/2024:07:34:03 -0400] "GET /ALBANIANTVUSA/index.m3u8 HTTP/1.1" 404 222 "-" "AppleCoreMedia/1.0.0.9A405 (iPad; U; CPU OS 5_0_1 like Mac OS X; zh_cn)" "tna5.bozztv.com"
162.212.176.104 - - [02/Jun/2024:07:34:12 -0400] "GET /crossdomain.xml HTTP/1.1" 200 296 "-" "Mozilla/5.0 (compatible; PRTG Network Monitor (www.paessler.com); Windows)" "tna5.bozztv.com"
95.129.46.151 - - [02/Jun/2024:07:34:13 -0400] "GET /aigaiotv1/index.m3u8 HTTP/1.1" 404 218 "https://ssh101.com/securelive/index.php?id=aigaiotv1" "Lavf/58.45.100" "tna5.bozztv.com"
95.129.46.151 - - [02/Jun/2024:07:34:23 -0400] "GET /aigaiotv1/index.m3u8 HTTP/1.1" 404 218 "https://ssh101.com/securelive/index.php?id=aigaiotv1" "Lavf/58.45.100" "tna5.bozztv.com"
95.129.46.151 - - [02/Jun/2024:07:34:34 -0400] "GET /aigaiotv1/index.m3u8 HTTP/1.1" 404 218 "https://ssh101.com/securelive/index.php?id=aigaiotv1" "Lavf/58.45.100" "tna5.bozztv.com"
95.129.46.151 - - [02/Jun/2024:07:34:45 -0400] "GET /aigaiotv1/index.m3u8 HTTP/1.1" 404 218 "https://ssh101.com/securelive/index.php?id=aigaiotv1" "Lavf/58.45.100" "tna5.bozztv.com"
95.129.46.151 - - [02/Jun/2024:07:34:56 -0400] "GET /aigaiotv1/index.m3u8 HTTP/1.1" 404 218 "https://ssh101.com/securelive/index.php?id=aigaiotv1" "Lavf/58.45.100" "tna5.bozztv.com"
87.122.29.140 - - [02/Jun/2024:07:34:56 -0400] "GET /quilpueonline/index.m3u8?PlaylistM3UCL HTTP/1.1" 404 222 "-" "VLC/3.0.8 LibVLC/3.0.8" "tna5.bozztv.com"
62.210.125.163 - - [02/Jun/2024:07:35:03 -0400] "GET /ALBANIANTVUSA/index.m3u8 HTTP/1.1" 404 222 "-" "AppleCoreMedia/1.0.0.9A405 (iPad; U; CPU OS 5_0_1 like Mac OS X; zh_cn)" "tna5.bozztv.com"
95.129.46.151 - - [02/Jun/2024:07:35:06 -0400] "GET /aigaiotv1/index.m3u8 HTTP/1.1" 404 218 "https://ssh101.com/securelive/index.php?id=aigaiotv1" "Lavf/58.45.100" "tna5.bozztv.com"
162.212.176.104 - - [02/Jun/2024:07:35:12 -0400] "GET /crossdomain.xml HTTP/1.1" 200 296 "-" "Mozilla/5.0 (compatible; PRTG Network Monitor (www.paessler.com); Windows)" "tna5.bozztv.com"
95.129.46.151 - - [02/Jun/2024:07:35:17 -0400] "GET /aigaiotv1/index.m3u8 HTTP/1.1" 404 218 "https://ssh101.com/securelive/index.php?id=aigaiotv1" "Lavf/58.45.100" "tna5.bozztv.com"
95.129.46.151 - - [02/Jun/2024:07:35:28 -0400] "GET /aigaiotv1/index.m3u8 HTTP/1.1" 404 218 "https://ssh101.com/securelive/index.php?id=aigaiotv1" "Lavf/58.45.100" "tna5.bozztv.com"
95.129.46.151 - - [02/Jun/2024:07:35:39 -0400] "GET /aigaiotv1/index.m3u8 HTTP/1.1" 404 218 "https://ssh101.com/securelive/index.php?id=aigaiotv1" "Lavf/58.45.100" "tna5.bozztv.com"
95.129.46.151 - - [02/Jun/2024:07:35:49 -0400] "GET /aigaiotv1/index.m3u8 HTTP/1.1" 404 218 "https://ssh101.com/securelive/index.php?id=aigaiotv1" "Lavf/58.45.100" "tna5.bozztv.com"
95.129.46.151 - - [02/Jun/2024:07:36:00 -0400] "GET /aigaiotv1/index.m3u8 HTTP/1.1" 404 218 "https://ssh101.com/securelive/index.php?id=aigaiotv1" "Lavf/58.45.100" "tna5.bozztv.com"
62.210.125.163 - - [02/Jun/2024:07:36:03 -0400] "GET /ALBANIANTVUSA/index.m3u8 HTTP/1.1" 404 222 "-" "AppleCoreMedia/1.0.0.9A405 (iPad; U; CPU OS 5_0_1 like Mac OS X; zh_cn)" "tna5.bozztv.com"
95.129.46.151 - - [02/Jun/2024:07:36:11 -0400] "GET /aigaiotv1/index.m3u8 HTTP/1.1" 404 218 "https://ssh101.com/securelive/index.php?id=aigaiotv1" "Lavf/58.45.100" "tna5.bozztv.com"
162.212.176.104 - - [02/Jun/2024:07:36:12 -0400] "GET /crossdomain.xml HTTP/1.1" 200 296 "-" "Mozilla/5.0 (compatible; PRTG Network Monitor (www.paessler.com); Windows)" "tna5.bozztv.com"
95.129.46.151 - - [02/Jun/2024:07:36:22 -0400] "GET /aigaiotv1/index.m3u8 HTTP/1.1" 404 218 "https://ssh101.com/securelive/index.php?id=aigaiotv1" "Lavf/58.45.100" "tna5.bozztv.com"
95.129.46.151 - - [02/Jun/2024:07:36:32 -0400] "GET /aigaiotv1/index.m3u8 HTTP/1.1" 404 218 "https://ssh101.com/securelive/index.php?id=aigaiotv1" "Lavf/58.45.100" "tna5.bozztv.com"
95.129.46.151 - - [02/Jun/2024:07:36:43 -0400] "GET /aigaiotv1/index.m3u8 HTTP/1.1" 404 218 "https://ssh101.com/securelive/index.php?id=aigaiotv1" "Lavf/58.45.100" "tna5.bozztv.com"
95.129.46.151 - - [02/Jun/2024:07:36:54 -0400] "GET /aigaiotv1/index.m3u8 HTTP/1.1" 404 218 "https://ssh101.com/securelive/index.php?id=aigaiotv1" "Lavf/58.45.100" "tna5.bozztv.com"
62.210.125.163 - - [02/Jun/2024:07:37:02 -0400] "GET /ALBANIANTVUSA/index.m3u8 HTTP/1.1" 404 222 "-" "AppleCoreMedia/1.0.0.9A405 (iPad; U; CPU OS 5_0_1 like Mac OS X; zh_cn)" "tna5.bozztv.com"
95.129.46.151 - - [02/Jun/2024:07:37:05 -0400] "GET /aigaiotv1/index.m3u8 HTTP/1.1" 404 218 "https://ssh101.com/securelive/index.php?id=aigaiotv1" "Lavf/58.45.100" "tna5.bozztv.com"
162.212.176.104 - - [02/Jun/2024:07:37:12 -0400] "GET /crossdomain.xml HTTP/1.1" 200 296 "-" "Mozilla/5.0 (compatible; PRTG Network Monitor (www.paessler.com); Windows)" "tna5.bozztv.com"
95.129.46.151 - - [02/Jun/2024:07:37:15 -0400] "GET /aigaiotv1/index.m3u8 HTTP/1.1" 404 218 "https://ssh101.com/securelive/index.php?id=aigaiotv1" "Lavf/58.45.100" "tna5.bozztv.com"
95.129.46.151 - - [02/Jun/2024:07:37:26 -0400] "GET /aigaiotv1/index.m3u8 HTTP/1.1" 404 218 "https://ssh101.com/securelive/index.php?id=aigaiotv1" "Lavf/58.45.100" "tna5.bozztv.com"
95.129.46.151 - - [02/Jun/2024:07:37:37 -0400] "GET /aigaiotv1/index.m3u8 HTTP/1.1" 404 218 "https://ssh101.com/securelive/index.php?id=aigaiotv1" "Lavf/58.45.100" "tna5.bozztv.com"
95.129.46.151 - - [02/Jun/2024:07:37:48 -0400] "GET /aigaiotv1/index.m3u8 HTTP/1.1" 404 218 "https://ssh101.com/securelive/index.php?id=aigaiotv1" "Lavf/58.45.100" "tna5.bozztv.com"
95.129.46.151 - - [02/Jun/2024:07:37:58 -0400] "GET /aigaiotv1/index.m3u8 HTTP/1.1" 404 218 "https://ssh101.com/securelive/index.php?id=aigaiotv1" "Lavf/58.45.100" "tna5.bozztv.com"
62.210.125.163 - - [02/Jun/2024:07:38:03 -0400] "GET /ALBANIANTVUSA/index.m3u8 HTTP/1.1" 404 222 "-" "AppleCoreMedia/1.0.0.9A405 (iPad; U; CPU OS 5_0_1 like Mac OS X; zh_cn)" "tna5.bozztv.com"
95.129.46.151 - - [02/Jun/2024:07:38:09 -0400] "GET /aigaiotv1/index.m3u8 HTTP/1.1" 404 218 "https://ssh101.com/securelive/index.php?id=aigaiotv1" "Lavf/58.45.100" "tna5.bozztv.com"
162.212.176.104 - - [02/Jun/2024:07:38:12 -0400] "GET /crossdomain.xml HTTP/1.1" 200 296 "-" "Mozilla/5.0 (compatible; PRTG Network Monitor (www.paessler.com); Windows)" "tna5.bozztv.com"
95.129.46.151 - - [02/Jun/2024:07:38:20 -0400] "GET /aigaiotv1/index.m3u8 HTTP/1.1" 404 218 "https://ssh101.com/securelive/index.php?id=aigaiotv1" "Lavf/58.45.100" "tna5.bozztv.com"
95.129.46.151 - - [02/Jun/2024:07:38:31 -0400] "GET /aigaiotv1/index.m3u8 HTTP/1.1" 404 218 "https://ssh101.com/securelive/index.php?id=aigaiotv1" "Lavf/58.45.100" "tna5.bozztv.com"
95.129.46.151 - - [02/Jun/2024:07:38:41 -0400] "GET /aigaiotv1/index.m3u8 HTTP/1.1" 404 218 "https://ssh101.com/securelive/index.php?id=aigaiotv1" "Lavf/58.45.100" "tna5.bozztv.com"
95.129.46.151 - - [02/Jun/2024:07:38:52 -0400] "GET /aigaiotv1/index.m3u8 HTTP/1.1" 404 218 "https://ssh101.com/securelive/index.php?id=aigaiotv1" "Lavf/58.45.100" "tna5.bozztv.com"
62.210.125.163 - - [02/Jun/2024:07:39:03 -0400] "GET /ALBANIANTVUSA/index.m3u8 HTTP/1.1" 404 222 "-" "AppleCoreMedia/1.0.0.9A405 (iPad; U; CPU OS 5_0_1 like Mac OS X; zh_cn)" "tna5.bozztv.com"
95.129.46.151 - - [02/Jun/2024:07:39:03 -0400] "GET /aigaiotv1/index.m3u8 HTTP/1.1" 404 218 "https://ssh101.com/securelive/index.php?id=aigaiotv1" "Lavf/58.45.100" "tna5.bozztv.com"
162.212.176.104 - - [02/Jun/2024:07:39:12 -0400] "GET /crossdomain.xml HTTP/1.1" 200 296 "-" "Mozilla/5.0 (compatible; PRTG Network Monitor (www.paessler.com); Windows)" "tna5.bozztv.com"
95.129.46.151 - - [02/Jun/2024:07:39:14 -0400] "GET /aigaiotv1/index.m3u8 HTTP/1.1" 404 218 "https://ssh101.com/securelive/index.php?id=aigaiotv1" "Lavf/58.45.100" "tna5.bozztv.com"
95.129.46.151 - - [02/Jun/2024:07:39:24 -0400] "GET /aigaiotv1/index.m3u8 HTTP/1.1" 404 218 "https://ssh101.com/securelive/index.php?id=aigaiotv1" "Lavf/58.45.100" "tna5.bozztv.com"
95.129.46.151 - - [02/Jun/2024:07:39:35 -0400] "GET /aigaiotv1/index.m3u8 HTTP/1.1" 404 218 "https://ssh101.com/securelive/index.php?id=aigaiotv1" "Lavf/58.45.100" "tna5.bozztv.com"
95.129.46.151 - - [02/Jun/2024:07:39:46 -0400] "GET /aigaiotv1/index.m3u8 HTTP/1.1" 404 218 "https://ssh101.com/securelive/index.php?id=aigaiotv1" "Lavf/58.45.100" "tna5.bozztv.com"
95.129.46.151 - - [02/Jun/2024:07:39:57 -0400] "GET /aigaiotv1/index.m3u8 HTTP/1.1" 404 218 "https://ssh101.com/securelive/index.php?id=aigaiotv1" "Lavf/58.45.100" "tna5.bozztv.com"
62.210.125.163 - - [02/Jun/2024:07:40:03 -0400] "GET /ALBANIANTVUSA/index.m3u8 HTTP/1.1" 404 222 "-" "AppleCoreMedia/1.0.0.9A405 (iPad; U; CPU OS 5_0_1 like Mac OS X; zh_cn)" "tna5.bozztv.com"
95.129.46.151 - - [02/Jun/2024:07:40:07 -0400] "GET /aigaiotv1/index.m3u8 HTTP/1.1" 404 218 "https://ssh101.com/securelive/index.php?id=aigaiotv1" "Lavf/58.45.100" "tna5.bozztv.com"
162.212.176.104 - - [02/Jun/2024:07:40:12 -0400] "GET /crossdomain.xml HTTP/1.1" 200 296 "-" "Mozilla/5.0 (compatible; PRTG Network Monitor (www.paessler.com); Windows)" "tna5.bozztv.com"
95.129.46.151 - - [02/Jun/2024:07:40:18 -0400] "GET /aigaiotv1/index.m3u8 HTTP/1.1" 404 218 "https://ssh101.com/securelive/index.php?id=aigaiotv1" "Lavf/58.45.100" "tna5.bozztv.com"
95.129.46.151 - - [02/Jun/2024:07:40:29 -0400] "GET /aigaiotv1/index.m3u8 HTTP/1.1" 404 218 "https://ssh101.com/securelive/index.php?id=aigaiotv1" "Lavf/58.45.100" "tna5.bozztv.com"
95.129.46.151 - - [02/Jun/2024:07:40:40 -0400] "GET /aigaiotv1/index.m3u8 HTTP/1.1" 404 218 "https://ssh101.com/securelive/index.php?id=aigaiotv1" "Lavf/58.45.100" "tna5.bozztv.com"
95.129.46.151 - - [02/Jun/2024:07:40:50 -0400] "GET /aigaiotv1/index.m3u8 HTTP/1.1" 404 218 "https://ssh101.com/securelive/index.php?id=aigaiotv1" "Lavf/58.45.100" "tna5.bozztv.com"
95.129.46.151 - - [02/Jun/2024:07:41:01 -0400] "GET /aigaiotv1/index.m3u8 HTTP/1.1" 404 218 "https://ssh101.com/securelive/index.php?id=aigaiotv1" "Lavf/58.45.100" "tna5.bozztv.com"
62.210.125.163 - - [02/Jun/2024:07:41:04 -0400] "GET /ALBANIANTVUSA/index.m3u8 HTTP/1.1" 404 222 "-" "AppleCoreMedia/1.0.0.9A405 (iPad; U; CPU OS 5_0_1 like Mac OS X; zh_cn)" "tna5.bozztv.com"
162.212.176.104 - - [02/Jun/2024:07:41:12 -0400] "GET /crossdomain.xml HTTP/1.1" 200 296 "-" "Mozilla/5.0 (compatible; PRTG Network Monitor (www.paessler.com); Windows)" "tna5.bozztv.com"
95.129.46.151 - - [02/Jun/2024:07:41:12 -0400] "GET /aigaiotv1/index.m3u8 HTTP/1.1" 404 218 "https://ssh101.com/securelive/index.php?id=aigaiotv1" "Lavf/58.45.100" "tna5.bozztv.com"
95.129.46.151 - - [02/Jun/2024:07:41:23 -0400] "GET /aigaiotv1/index.m3u8 HTTP/1.1" 404 218 "https://ssh101.com/securelive/index.php?id=aigaiotv1" "Lavf/58.45.100" "tna5.bozztv.com"
95.129.46.151 - - [02/Jun/2024:07:41:33 -0400] "GET /aigaiotv1/index.m3u8 HTTP/1.1" 404 218 "https://ssh101.com/securelive/index.php?id=aigaiotv1" "Lavf/58.45.100" "tna5.bozztv.com"
95.129.46.151 - - [02/Jun/2024:07:41:44 -0400] "GET /aigaiotv1/index.m3u8 HTTP/1.1" 404 218 "https://ssh101.com/securelive/index.php?id=aigaiotv1" "Lavf/58.45.100" "tna5.bozztv.com"
77.83.38.247 - - [02/Jun/2024:07:41:47 -0400] "GET /jesstv/index.m3u8 HTTP/1.1" 404 215 "-" "Mozilla/5.0" "tna5.bozztv.com"
95.129.46.151 - - [02/Jun/2024:07:41:55 -0400] "GET /aigaiotv1/index.m3u8 HTTP/1.1" 404 218 "https://ssh101.com/securelive/index.php?id=aigaiotv1" "Lavf/58.45.100" "tna5.bozztv.com"
62.210.125.163 - - [02/Jun/2024:07:42:02 -0400] "GET /ALBANIANTVUSA/index.m3u8 HTTP/1.1" 404 222 "-" "AppleCoreMedia/1.0.0.9A405 (iPad; U; CPU OS 5_0_1 like Mac OS X; zh_cn)" "tna5.bozztv.com"
95.129.46.151 - - [02/Jun/2024:07:42:06 -0400] "GET /aigaiotv1/index.m3u8 HTTP/1.1" 404 218 "https://ssh101.com/securelive/index.php?id=aigaiotv1" "Lavf/58.45.100" "tna5.bozztv.com"
162.212.176.104 - - [02/Jun/2024:07:42:12 -0400] "GET /crossdomain.xml HTTP/1.1" 200 296 "-" "Mozilla/5.0 (compatible; PRTG Network Monitor (www.paessler.com); Windows)" "tna5.bozztv.com"
95.129.46.151 - - [02/Jun/2024:07:42:16 -0400] "GET /aigaiotv1/index.m3u8 HTTP/1.1" 404 218 "https://ssh101.com/securelive/index.php?id=aigaiotv1" "Lavf/58.45.100" "tna5.bozztv.com"
95.129.46.151 - - [02/Jun/2024:07:42:27 -0400] "GET /aigaiotv1/index.m3u8 HTTP/1.1" 404 218 "https://ssh101.com/securelive/index.php?id=aigaiotv1" "Lavf/58.45.100" "tna5.bozztv.com"
93.51.35.50 - - [02/Jun/2024:07:42:33 -0400] "GET /TSB3/index.m3u8 HTTP/1.1" 404 213 "-" "Mozilla/5.0 (Windows NT 10.0; Win64; x64) AppleWebKit/537.36 (KHTML, like Gecko) Chrome/71.0.3554.0 Safari/537.36" "tna5.bozztv.com"
95.129.46.151 - - [02/Jun/2024:07:42:38 -0400] "GET /aigaiotv1/index.m3u8 HTTP/1.1" 404 218 "https://ssh101.com/securelive/index.php?id=aigaiotv1" "Lavf/58.45.100" "tna5.bozztv.com"
95.129.46.151 - - [02/Jun/2024:07:42:49 -0400] "GET /aigaiotv1/index.m3u8 HTTP/1.1" 404 218 "https://ssh101.com/securelive/index.php?id=aigaiotv1" "Lavf/58.45.100" "tna5.bozztv.com"
95.129.46.151 - - [02/Jun/2024:07:42:59 -0400] "GET /aigaiotv1/index.m3u8 HTTP/1.1" 404 218 "https://ssh101.com/securelive/index.php?id=aigaiotv1" "Lavf/58.45.100" "tna5.bozztv.com"
62.210.125.163 - - [02/Jun/2024:07:43:02 -0400] "GET /ALBANIANTVUSA/index.m3u8 HTTP/1.1" 404 222 "-" "AppleCoreMedia/1.0.0.9A405 (iPad; U; CPU OS 5_0_1 like Mac OS X; zh_cn)" "tna5.bozztv.com"
95.129.46.151 - - [02/Jun/2024:07:43:10 -0400] "GET /aigaiotv1/index.m3u8 HTTP/1.1" 404 218 "https://ssh101.com/securelive/index.php?id=aigaiotv1" "Lavf/58.45.100" "tna5.bozztv.com"
162.212.176.104 - - [02/Jun/2024:07:43:12 -0400] "GET /crossdomain.xml HTTP/1.1" 200 296 "-" "Mozilla/5.0 (compatible; PRTG Network Monitor (www.paessler.com); Windows)" "tna5.bozztv.com"
95.129.46.151 - - [02/Jun/2024:07:43:21 -0400] "GET /aigaiotv1/index.m3u8 HTTP/1.1" 404 218 "https://ssh101.com/securelive/index.php?id=aigaiotv1" "Lavf/58.45.100" "tna5.bozztv.com"
95.129.46.151 - - [02/Jun/2024:07:43:32 -0400] "GET /aigaiotv1/index.m3u8 HTTP/1.1" 404 218 "https://ssh101.com/securelive/index.php?id=aigaiotv1" "Lavf/58.45.100" "tna5.bozztv.com"
95.129.46.151 - - [02/Jun/2024:07:43:42 -0400] "GET /aigaiotv1/index.m3u8 HTTP/1.1" 404 218 "https://ssh101.com/securelive/index.php?id=aigaiotv1" "Lavf/58.45.100" "tna5.bozztv.com"
95.129.46.151 - - [02/Jun/2024:07:43:53 -0400] "GET /aigaiotv1/index.m3u8 HTTP/1.1" 404 218 "https://ssh101.com/securelive/index.php?id=aigaiotv1" "Lavf/58.45.100" "tna5.bozztv.com"
62.210.125.163 - - [02/Jun/2024:07:44:02 -0400] "GET /ALBANIANTVUSA/index.m3u8 HTTP/1.1" 404 222 "-" "AppleCoreMedia/1.0.0.9A405 (iPad; U; CPU OS 5_0_1 like Mac OS X; zh_cn)" "tna5.bozztv.com"
95.129.46.151 - - [02/Jun/2024:07:44:04 -0400] "GET /aigaiotv1/index.m3u8 HTTP/1.1" 404 218 "https://ssh101.com/securelive/index.php?id=aigaiotv1" "Lavf/58.45.100" "tna5.bozztv.com"
162.212.176.104 - - [02/Jun/2024:07:44:12 -0400] "GET /crossdomain.xml HTTP/1.1" 200 296 "-" "Mozilla/5.0 (compatible; PRTG Network Monitor (www.paessler.com); Windows)" "tna5.bozztv.com"
95.129.46.151 - - [02/Jun/2024:07:44:15 -0400] "GET /aigaiotv1/index.m3u8 HTTP/1.1" 404 218 "https://ssh101.com/securelive/index.php?id=aigaiotv1" "Lavf/58.45.100" "tna5.bozztv.com"
95.129.46.151 - - [02/Jun/2024:07:44:25 -0400] "GET /aigaiotv1/index.m3u8 HTTP/1.1" 404 218 "https://ssh101.com/securelive/index.php?id=aigaiotv1" "Lavf/58.45.100" "tna5.bozztv.com"
95.129.46.151 - - [02/Jun/2024:07:44:36 -0400] "GET /aigaiotv1/index.m3u8 HTTP/1.1" 404 218 "https://ssh101.com/securelive/index.php?id=aigaiotv1" "Lavf/58.45.100" "tna5.bozztv.com"
95.129.46.151 - - [02/Jun/2024:07:44:47 -0400] "GET /aigaiotv1/index.m3u8 HTTP/1.1" 404 218 "https://ssh101.com/securelive/index.php?id=aigaiotv1" "Lavf/58.45.100" "tna5.bozztv.com"
95.129.46.151 - - [02/Jun/2024:07:44:58 -0400] "GET /aigaiotv1/index.m3u8 HTTP/1.1" 404 218 "https://ssh101.com/securelive/index.php?id=aigaiotv1" "Lavf/58.45.100" "tna5.bozztv.com"
62.210.125.163 - - [02/Jun/2024:07:45:02 -0400] "GET /ALBANIANTVUSA/index.m3u8 HTTP/1.1" 404 222 "-" "AppleCoreMedia/1.0.0.9A405 (iPad; U; CPU OS 5_0_1 like Mac OS X; zh_cn)" "tna5.bozztv.com"
95.129.46.151 - - [02/Jun/2024:07:45:08 -0400] "GET /aigaiotv1/index.m3u8 HTTP/1.1" 404 218 "https://ssh101.com/securelive/index.php?id=aigaiotv1" "Lavf/58.45.100" "tna5.bozztv.com"
162.212.176.104 - - [02/Jun/2024:07:45:12 -0400] "GET /crossdomain.xml HTTP/1.1" 200 296 "-" "Mozilla/5.0 (compatible; PRTG Network Monitor (www.paessler.com); Windows)" "tna5.bozztv.com"
95.129.46.151 - - [02/Jun/2024:07:45:19 -0400] "GET /aigaiotv1/index.m3u8 HTTP/1.1" 404 218 "https://ssh101.com/securelive/index.php?id=aigaiotv1" "Lavf/58.45.100" "tna5.bozztv.com"
95.129.46.151 - - [02/Jun/2024:07:45:30 -0400] "GET /aigaiotv1/index.m3u8 HTTP/1.1" 404 218 "https://ssh101.com/securelive/index.php?id=aigaiotv1" "Lavf/58.45.100" "tna5.bozztv.com"
95.129.46.151 - - [02/Jun/2024:07:45:41 -0400] "GET /aigaiotv1/index.m3u8 HTTP/1.1" 404 218 "https://ssh101.com/securelive/index.php?id=aigaiotv1" "Lavf/58.45.100" "tna5.bozztv.com"
95.129.46.151 - - [02/Jun/2024:07:45:51 -0400] "GET /aigaiotv1/index.m3u8 HTTP/1.1" 404 218 "https://ssh101.com/securelive/index.php?id=aigaiotv1" "Lavf/58.45.100" "tna5.bozztv.com"
95.129.46.151 - - [02/Jun/2024:07:46:02 -0400] "GET /aigaiotv1/index.m3u8 HTTP/1.1" 404 218 "https://ssh101.com/securelive/index.php?id=aigaiotv1" "Lavf/58.45.100" "tna5.bozztv.com"
62.210.125.163 - - [02/Jun/2024:07:46:02 -0400] "GET /ALBANIANTVUSA/index.m3u8 HTTP/1.1" 404 222 "-" "AppleCoreMedia/1.0.0.9A405 (iPad; U; CPU OS 5_0_1 like Mac OS X; zh_cn)" "tna5.bozztv.com"
162.212.176.104 - - [02/Jun/2024:07:46:12 -0400] "GET /crossdomain.xml HTTP/1.1" 200 296 "-" "Mozilla/5.0 (compatible; PRTG Network Monitor (www.paessler.com); Windows)" "tna5.bozztv.com"
95.129.46.151 - - [02/Jun/2024:07:46:13 -0400] "GET /aigaiotv1/index.m3u8 HTTP/1.1" 404 218 "https://ssh101.com/securelive/index.php?id=aigaiotv1" "Lavf/58.45.100" "tna5.bozztv.com"
95.129.46.151 - - [02/Jun/2024:07:46:24 -0400] "GET /aigaiotv1/index.m3u8 HTTP/1.1" 404 218 "https://ssh101.com/securelive/index.php?id=aigaiotv1" "Lavf/58.45.100" "tna5.bozztv.com"
95.129.46.151 - - [02/Jun/2024:07:46:34 -0400] "GET /aigaiotv1/index.m3u8 HTTP/1.1" 404 218 "https://ssh101.com/securelive/index.php?id=aigaiotv1" "Lavf/58.45.100" "tna5.bozztv.com"
95.129.46.151 - - [02/Jun/2024:07:46:45 -0400] "GET /aigaiotv1/index.m3u8 HTTP/1.1" 404 218 "https://ssh101.com/securelive/index.php?id=aigaiotv1" "Lavf/58.45.100" "tna5.bozztv.com"
95.129.46.151 - - [02/Jun/2024:07:46:56 -0400] "GET /aigaiotv1/index.m3u8 HTTP/1.1" 404 218 "https://ssh101.com/securelive/index.php?id=aigaiotv1" "Lavf/58.45.100" "tna5.bozztv.com"
62.210.125.163 - - [02/Jun/2024:07:47:03 -0400] "GET /ALBANIANTVUSA/index.m3u8 HTTP/1.1" 404 222 "-" "AppleCoreMedia/1.0.0.9A405 (iPad; U; CPU OS 5_0_1 like Mac OS X; zh_cn)" "tna5.bozztv.com"
95.129.46.151 - - [02/Jun/2024:07:47:07 -0400] "GET /aigaiotv1/index.m3u8 HTTP/1.1" 404 218 "https://ssh101.com/securelive/index.php?id=aigaiotv1" "Lavf/58.45.100" "tna5.bozztv.com"
162.212.176.104 - - [02/Jun/2024:07:47:12 -0400] "GET /crossdomain.xml HTTP/1.1" 200 296 "-" "Mozilla/5.0 (compatible; PRTG Network Monitor (www.paessler.com); Windows)" "tna5.bozztv.com"
95.129.46.151 - - [02/Jun/2024:07:47:17 -0400] "GET /aigaiotv1/index.m3u8 HTTP/1.1" 404 218 "https://ssh101.com/securelive/index.php?id=aigaiotv1" "Lavf/58.45.100" "tna5.bozztv.com"
95.129.46.151 - - [02/Jun/2024:07:47:28 -0400] "GET /aigaiotv1/index.m3u8 HTTP/1.1" 404 218 "https://ssh101.com/securelive/index.php?id=aigaiotv1" "Lavf/58.45.100" "tna5.bozztv.com"
95.129.46.151 - - [02/Jun/2024:07:47:39 -0400] "GET /aigaiotv1/index.m3u8 HTTP/1.1" 404 218 "https://ssh101.com/securelive/index.php?id=aigaiotv1" "Lavf/58.45.100" "tna5.bozztv.com"
95.129.46.151 - - [02/Jun/2024:07:47:50 -0400] "GET /aigaiotv1/index.m3u8 HTTP/1.1" 404 218 "https://ssh101.com/securelive/index.php?id=aigaiotv1" "Lavf/58.45.100" "tna5.bozztv.com"
95.129.46.151 - - [02/Jun/2024:07:48:00 -0400] "GET /aigaiotv1/index.m3u8 HTTP/1.1" 404 218 "https://ssh101.com/securelive/index.php?id=aigaiotv1" "Lavf/58.45.100" "tna5.bozztv.com"
62.210.125.163 - - [02/Jun/2024:07:48:03 -0400] "GET /ALBANIANTVUSA/index.m3u8 HTTP/1.1" 404 222 "-" "AppleCoreMedia/1.0.0.9A405 (iPad; U; CPU OS 5_0_1 like Mac OS X; zh_cn)" "tna5.bozztv.com"
95.129.46.151 - - [02/Jun/2024:07:48:11 -0400] "GET /aigaiotv1/index.m3u8 HTTP/1.1" 404 218 "https://ssh101.com/securelive/index.php?id=aigaiotv1" "Lavf/58.45.100" "tna5.bozztv.com"
162.212.176.104 - - [02/Jun/2024:07:48:12 -0400] "GET /crossdomain.xml HTTP/1.1" 200 296 "-" "Mozilla/5.0 (compatible; PRTG Network Monitor (www.paessler.com); Windows)" "tna5.bozztv.com"
95.129.46.151 - - [02/Jun/2024:07:48:22 -0400] "GET /aigaiotv1/index.m3u8 HTTP/1.1" 404 218 "https://ssh101.com/securelive/index.php?id=aigaiotv1" "Lavf/58.45.100" "tna5.bozztv.com"
95.129.46.151 - - [02/Jun/2024:07:48:33 -0400] "GET /aigaiotv1/index.m3u8 HTTP/1.1" 404 218 "https://ssh101.com/securelive/index.php?id=aigaiotv1" "Lavf/58.45.100" "tna5.bozztv.com"
95.129.46.151 - - [02/Jun/2024:07:48:43 -0400] "GET /aigaiotv1/index.m3u8 HTTP/1.1" 404 218 "https://ssh101.com/securelive/index.php?id=aigaiotv1" "Lavf/58.45.100" "tna5.bozztv.com"
95.129.46.151 - - [02/Jun/2024:07:48:54 -0400] "GET /aigaiotv1/index.m3u8 HTTP/1.1" 404 218 "https://ssh101.com/securelive/index.php?id=aigaiotv1" "Lavf/58.45.100" "tna5.bozztv.com"
136.244.111.11 - - [02/Jun/2024:07:49:02 -0400] "GET /live/mediaitaliaradio/index.m3u8 HTTP/1.1" 404 230 "-" "Lavf/58.45.100" "hls.ssh101.com"
62.210.125.163 - - [02/Jun/2024:07:49:05 -0400] "GET /ALBANIANTVUSA/index.m3u8 HTTP/1.1" 404 222 "-" "AppleCoreMedia/1.0.0.9A405 (iPad; U; CPU OS 5_0_1 like Mac OS X; zh_cn)" "tna5.bozztv.com"
95.129.46.151 - - [02/Jun/2024:07:49:05 -0400] "GET /aigaiotv1/index.m3u8 HTTP/1.1" 404 218 "https://ssh101.com/securelive/index.php?id=aigaiotv1" "Lavf/58.45.100" "tna5.bozztv.com"
162.212.176.104 - - [02/Jun/2024:07:49:12 -0400] "GET /crossdomain.xml HTTP/1.1" 200 296 "-" "Mozilla/5.0 (compatible; PRTG Network Monitor (www.paessler.com); Windows)" "tna5.bozztv.com"
95.129.46.151 - - [02/Jun/2024:07:49:16 -0400] "GET /aigaiotv1/index.m3u8 HTTP/1.1" 404 218 "https://ssh101.com/securelive/index.php?id=aigaiotv1" "Lavf/58.45.100" "tna5.bozztv.com"
95.129.46.151 - - [02/Jun/2024:07:49:26 -0400] "GET /aigaiotv1/index.m3u8 HTTP/1.1" 404 218 "https://ssh101.com/securelive/index.php?id=aigaiotv1" "Lavf/58.45.100" "tna5.bozztv.com"
95.129.46.151 - - [02/Jun/2024:07:49:37 -0400] "GET /aigaiotv1/index.m3u8 HTTP/1.1" 404 218 "https://ssh101.com/securelive/index.php?id=aigaiotv1" "Lavf/58.45.100" "tna5.bozztv.com"
95.129.46.151 - - [02/Jun/2024:07:49:48 -0400] "GET /aigaiotv1/index.m3u8 HTTP/1.1" 404 218 "https://ssh101.com/securelive/index.php?id=aigaiotv1" "Lavf/58.45.100" "tna5.bozztv.com"
95.129.46.151 - - [02/Jun/2024:07:49:59 -0400] "GET /aigaiotv1/index.m3u8 HTTP/1.1" 404 218 "https://ssh101.com/securelive/index.php?id=aigaiotv1" "Lavf/58.45.100" "tna5.bozztv.com"
62.210.125.163 - - [02/Jun/2024:07:50:03 -0400] "GET /ALBANIANTVUSA/index.m3u8 HTTP/1.1" 404 222 "-" "AppleCoreMedia/1.0.0.9A405 (iPad; U; CPU OS 5_0_1 like Mac OS X; zh_cn)" "tna5.bozztv.com"
95.129.46.151 - - [02/Jun/2024:07:50:09 -0400] "GET /aigaiotv1/index.m3u8 HTTP/1.1" 404 218 "https://ssh101.com/securelive/index.php?id=aigaiotv1" "Lavf/58.45.100" "tna5.bozztv.com"
162.212.176.104 - - [02/Jun/2024:07:50:12 -0400] "GET /crossdomain.xml HTTP/1.1" 200 296 "-" "Mozilla/5.0 (compatible; PRTG Network Monitor (www.paessler.com); Windows)" "tna5.bozztv.com"
95.129.46.151 - - [02/Jun/2024:07:50:20 -0400] "GET /aigaiotv1/index.m3u8 HTTP/1.1" 404 218 "https://ssh101.com/securelive/index.php?id=aigaiotv1" "Lavf/58.45.100" "tna5.bozztv.com"
95.129.46.151 - - [02/Jun/2024:07:50:31 -0400] "GET /aigaiotv1/index.m3u8 HTTP/1.1" 404 218 "https://ssh101.com/securelive/index.php?id=aigaiotv1" "Lavf/58.45.100" "tna5.bozztv.com"
95.129.46.151 - - [02/Jun/2024:07:50:42 -0400] "GET /aigaiotv1/index.m3u8 HTTP/1.1" 404 218 "https://ssh101.com/securelive/index.php?id=aigaiotv1" "Lavf/58.45.100" "tna5.bozztv.com"
95.129.46.151 - - [02/Jun/2024:07:50:52 -0400] "GET /aigaiotv1/index.m3u8 HTTP/1.1" 404 218 "https://ssh101.com/securelive/index.php?id=aigaiotv1" "Lavf/58.45.100" "tna5.bozztv.com"
62.210.125.163 - - [02/Jun/2024:07:51:02 -0400] "GET /ALBANIANTVUSA/index.m3u8 HTTP/1.1" 404 222 "-" "AppleCoreMedia/1.0.0.9A405 (iPad; U; CPU OS 5_0_1 like Mac OS X; zh_cn)" "tna5.bozztv.com"
95.129.46.151 - - [02/Jun/2024:07:51:03 -0400] "GET /aigaiotv1/index.m3u8 HTTP/1.1" 404 218 "https://ssh101.com/securelive/index.php?id=aigaiotv1" "Lavf/58.45.100" "tna5.bozztv.com"
162.212.176.104 - - [02/Jun/2024:07:51:12 -0400] "GET /crossdomain.xml HTTP/1.1" 200 296 "-" "Mozilla/5.0 (compatible; PRTG Network Monitor (www.paessler.com); Windows)" "tna5.bozztv.com"
95.129.46.151 - - [02/Jun/2024:07:51:14 -0400] "GET /aigaiotv1/index.m3u8 HTTP/1.1" 404 218 "https://ssh101.com/securelive/index.php?id=aigaiotv1" "Lavf/58.45.100" "tna5.bozztv.com"
95.129.46.151 - - [02/Jun/2024:07:51:25 -0400] "GET /aigaiotv1/index.m3u8 HTTP/1.1" 404 218 "https://ssh101.com/securelive/index.php?id=aigaiotv1" "Lavf/58.45.100" "tna5.bozztv.com"
95.129.46.151 - - [02/Jun/2024:07:51:35 -0400] "GET /aigaiotv1/index.m3u8 HTTP/1.1" 404 218 "https://ssh101.com/securelive/index.php?id=aigaiotv1" "Lavf/58.45.100" "tna5.bozztv.com"
95.129.46.151 - - [02/Jun/2024:07:51:46 -0400] "GET /aigaiotv1/index.m3u8 HTTP/1.1" 404 218 "https://ssh101.com/securelive/index.php?id=aigaiotv1" "Lavf/58.45.100" "tna5.bozztv.com"
95.129.46.151 - - [02/Jun/2024:07:51:57 -0400] "GET /aigaiotv1/index.m3u8 HTTP/1.1" 404 218 "https://ssh101.com/securelive/index.php?id=aigaiotv1" "Lavf/58.45.100" "tna5.bozztv.com"
62.210.125.163 - - [02/Jun/2024:07:52:03 -0400] "GET /ALBANIANTVUSA/index.m3u8 HTTP/1.1" 404 222 "-" "AppleCoreMedia/1.0.0.9A405 (iPad; U; CPU OS 5_0_1 like Mac OS X; zh_cn)" "tna5.bozztv.com"
95.129.46.151 - - [02/Jun/2024:07:52:08 -0400] "GET /aigaiotv1/index.m3u8 HTTP/1.1" 404 218 "https://ssh101.com/securelive/index.php?id=aigaiotv1" "Lavf/58.45.100" "tna5.bozztv.com"
162.212.176.104 - - [02/Jun/2024:07:52:12 -0400] "GET /crossdomain.xml HTTP/1.1" 200 296 "-" "Mozilla/5.0 (compatible; PRTG Network Monitor (www.paessler.com); Windows)" "tna5.bozztv.com"
95.129.46.151 - - [02/Jun/2024:07:52:18 -0400] "GET /aigaiotv1/index.m3u8 HTTP/1.1" 404 218 "https://ssh101.com/securelive/index.php?id=aigaiotv1" "Lavf/58.45.100" "tna5.bozztv.com"
95.129.46.151 - - [02/Jun/2024:07:52:29 -0400] "GET /aigaiotv1/index.m3u8 HTTP/1.1" 404 218 "https://ssh101.com/securelive/index.php?id=aigaiotv1" "Lavf/58.45.100" "tna5.bozztv.com"
195.154.87.70 - - [02/Jun/2024:07:52:33 -0400] "GET / HTTP/1.1" 302 209 "-" "Mozilla/5.0 (Windows NT 10.0; Win64; x64) AppleWebKit/537.36 (KHTML, like Gecko) Chrome/90.0.4430.85 Safari/537.36 Edg/90.0.818.46" "208.79.153.189"
95.129.46.151 - - [02/Jun/2024:07:52:40 -0400] "GET /aigaiotv1/index.m3u8 HTTP/1.1" 404 218 "https://ssh101.com/securelive/index.php?id=aigaiotv1" "Lavf/58.45.100" "tna5.bozztv.com"
95.129.46.151 - - [02/Jun/2024:07:52:51 -0400] "GET /aigaiotv1/index.m3u8 HTTP/1.1" 404 218 "https://ssh101.com/securelive/index.php?id=aigaiotv1" "Lavf/58.45.100" "tna5.bozztv.com"
95.129.46.151 - - [02/Jun/2024:07:53:01 -0400] "GET /aigaiotv1/index.m3u8 HTTP/1.1" 404 218 "https://ssh101.com/securelive/index.php?id=aigaiotv1" "Lavf/58.45.100" "tna5.bozztv.com"
62.210.125.163 - - [02/Jun/2024:07:53:03 -0400] "GET /ALBANIANTVUSA/index.m3u8 HTTP/1.1" 404 222 "-" "AppleCoreMedia/1.0.0.9A405 (iPad; U; CPU OS 5_0_1 like Mac OS X; zh_cn)" "tna5.bozztv.com"
162.212.176.104 - - [02/Jun/2024:07:53:12 -0400] "GET /crossdomain.xml HTTP/1.1" 200 296 "-" "Mozilla/5.0 (compatible; PRTG Network Monitor (www.paessler.com); Windows)" "tna5.bozztv.com"
95.129.46.151 - - [02/Jun/2024:07:53:12 -0400] "GET /aigaiotv1/index.m3u8 HTTP/1.1" 404 218 "https://ssh101.com/securelive/index.php?id=aigaiotv1" "Lavf/58.45.100" "tna5.bozztv.com"
95.129.46.151 - - [02/Jun/2024:07:53:23 -0400] "GET /aigaiotv1/index.m3u8 HTTP/1.1" 404 218 "https://ssh101.com/securelive/index.php?id=aigaiotv1" "Lavf/58.45.100" "tna5.bozztv.com"
95.129.46.151 - - [02/Jun/2024:07:53:34 -0400] "GET /aigaiotv1/index.m3u8 HTTP/1.1" 404 218 "https://ssh101.com/securelive/index.php?id=aigaiotv1" "Lavf/58.45.100" "tna5.bozztv.com"
95.129.46.151 - - [02/Jun/2024:07:53:44 -0400] "GET /aigaiotv1/index.m3u8 HTTP/1.1" 404 218 "https://ssh101.com/securelive/index.php?id=aigaiotv1" "Lavf/58.45.100" "tna5.bozztv.com"
95.129.46.151 - - [02/Jun/2024:07:53:55 -0400] "GET /aigaiotv1/index.m3u8 HTTP/1.1" 404 218 "https://ssh101.com/securelive/index.php?id=aigaiotv1" "Lavf/58.45.100" "tna5.bozztv.com"
62.210.125.163 - - [02/Jun/2024:07:54:04 -0400] "GET /ALBANIANTVUSA/index.m3u8 HTTP/1.1" 404 222 "-" "AppleCoreMedia/1.0.0.9A405 (iPad; U; CPU OS 5_0_1 like Mac OS X; zh_cn)" "tna5.bozztv.com"
95.129.46.151 - - [02/Jun/2024:07:54:06 -0400] "GET /aigaiotv1/index.m3u8 HTTP/1.1" 404 218 "https://ssh101.com/securelive/index.php?id=aigaiotv1" "Lavf/58.45.100" "tna5.bozztv.com"
162.212.176.104 - - [02/Jun/2024:07:54:12 -0400] "GET /crossdomain.xml HTTP/1.1" 200 296 "-" "Mozilla/5.0 (compatible; PRTG Network Monitor (www.paessler.com); Windows)" "tna5.bozztv.com"
95.129.46.151 - - [02/Jun/2024:07:54:17 -0400] "GET /aigaiotv1/index.m3u8 HTTP/1.1" 404 218 "https://ssh101.com/securelive/index.php?id=aigaiotv1" "Lavf/58.45.100" "tna5.bozztv.com"
77.83.38.247 - - [02/Jun/2024:07:54:19 -0400] "GET /aigaiotv1/index.m3u8 HTTP/1.1" 404 218 "-" "Mozilla/5.0" "tna5.bozztv.com"
95.129.46.151 - - [02/Jun/2024:07:54:27 -0400] "GET /aigaiotv1/index.m3u8 HTTP/1.1" 404 218 "https://ssh101.com/securelive/index.php?id=aigaiotv1" "Lavf/58.45.100" "tna5.bozztv.com"
95.129.46.151 - - [02/Jun/2024:07:54:38 -0400] "GET /aigaiotv1/index.m3u8 HTTP/1.1" 404 218 "https://ssh101.com/securelive/index.php?id=aigaiotv1" "Lavf/58.45.100" "tna5.bozztv.com"
95.129.46.151 - - [02/Jun/2024:07:54:49 -0400] "GET /aigaiotv1/index.m3u8 HTTP/1.1" 404 218 "https://ssh101.com/securelive/index.php?id=aigaiotv1" "Lavf/58.45.100" "tna5.bozztv.com"
95.129.46.151 - - [02/Jun/2024:07:55:00 -0400] "GET /aigaiotv1/index.m3u8 HTTP/1.1" 404 218 "https://ssh101.com/securelive/index.php?id=aigaiotv1" "Lavf/58.45.100" "tna5.bozztv.com"
62.210.125.163 - - [02/Jun/2024:07:55:03 -0400] "GET /ALBANIANTVUSA/index.m3u8 HTTP/1.1" 404 222 "-" "AppleCoreMedia/1.0.0.9A405 (iPad; U; CPU OS 5_0_1 like Mac OS X; zh_cn)" "tna5.bozztv.com"
95.129.46.151 - - [02/Jun/2024:07:55:10 -0400] "GET /aigaiotv1/index.m3u8 HTTP/1.1" 404 218 "https://ssh101.com/securelive/index.php?id=aigaiotv1" "Lavf/58.45.100" "tna5.bozztv.com"
162.212.176.104 - - [02/Jun/2024:07:55:12 -0400] "GET /crossdomain.xml HTTP/1.1" 200 296 "-" "Mozilla/5.0 (compatible; PRTG Network Monitor (www.paessler.com); Windows)" "tna5.bozztv.com"
95.129.46.151 - - [02/Jun/2024:07:55:21 -0400] "GET /aigaiotv1/index.m3u8 HTTP/1.1" 404 218 "https://ssh101.com/securelive/index.php?id=aigaiotv1" "Lavf/58.45.100" "tna5.bozztv.com"
95.129.46.151 - - [02/Jun/2024:07:55:32 -0400] "GET /aigaiotv1/index.m3u8 HTTP/1.1" 404 218 "https://ssh101.com/securelive/index.php?id=aigaiotv1" "Lavf/58.45.100" "tna5.bozztv.com"
95.129.46.151 - - [02/Jun/2024:07:55:43 -0400] "GET /aigaiotv1/index.m3u8 HTTP/1.1" 404 218 "https://ssh101.com/securelive/index.php?id=aigaiotv1" "Lavf/58.45.100" "tna5.bozztv.com"
95.129.46.151 - - [02/Jun/2024:07:55:53 -0400] "GET /aigaiotv1/index.m3u8 HTTP/1.1" 404 218 "https://ssh101.com/securelive/index.php?id=aigaiotv1" "Lavf/58.45.100" "tna5.bozztv.com"
62.210.125.163 - - [02/Jun/2024:07:56:02 -0400] "GET /ALBANIANTVUSA/index.m3u8 HTTP/1.1" 404 222 "-" "AppleCoreMedia/1.0.0.9A405 (iPad; U; CPU OS 5_0_1 like Mac OS X; zh_cn)" "tna5.bozztv.com"
95.129.46.151 - - [02/Jun/2024:07:56:04 -0400] "GET /aigaiotv1/index.m3u8 HTTP/1.1" 404 218 "https://ssh101.com/securelive/index.php?id=aigaiotv1" "Lavf/58.45.100" "tna5.bozztv.com"
138.201.221.138 - - [02/Jun/2024:07:56:10 -0400] "GET /Cusco/index.m3u8 HTTP/1.1" 404 214 "-" "Mozilla/5.0" "tna5.bozztv.com"
162.212.176.104 - - [02/Jun/2024:07:56:12 -0400] "GET /crossdomain.xml HTTP/1.1" 200 296 "-" "Mozilla/5.0 (compatible; PRTG Network Monitor (www.paessler.com); Windows)" "tna5.bozztv.com"
95.129.46.151 - - [02/Jun/2024:07:56:15 -0400] "GET /aigaiotv1/index.m3u8 HTTP/1.1" 404 218 "https://ssh101.com/securelive/index.php?id=aigaiotv1" "Lavf/58.45.100" "tna5.bozztv.com"
95.129.46.151 - - [02/Jun/2024:07:56:26 -0400] "GET /aigaiotv1/index.m3u8 HTTP/1.1" 404 218 "https://ssh101.com/securelive/index.php?id=aigaiotv1" "Lavf/58.45.100" "tna5.bozztv.com"
95.129.46.151 - - [02/Jun/2024:07:56:36 -0400] "GET /aigaiotv1/index.m3u8 HTTP/1.1" 404 218 "https://ssh101.com/securelive/index.php?id=aigaiotv1" "Lavf/58.45.100" "tna5.bozztv.com"
95.129.46.151 - - [02/Jun/2024:07:56:47 -0400] "GET /aigaiotv1/index.m3u8 HTTP/1.1" 404 218 "https://ssh101.com/securelive/index.php?id=aigaiotv1" "Lavf/58.45.100" "tna5.bozztv.com"
95.129.46.151 - - [02/Jun/2024:07:56:58 -0400] "GET /aigaiotv1/index.m3u8 HTTP/1.1" 404 218 "https://ssh101.com/securelive/index.php?id=aigaiotv1" "Lavf/58.45.100" "tna5.bozztv.com"
62.210.125.163 - - [02/Jun/2024:07:57:03 -0400] "GET /ALBANIANTVUSA/index.m3u8 HTTP/1.1" 404 222 "-" "AppleCoreMedia/1.0.0.9A405 (iPad; U; CPU OS 5_0_1 like Mac OS X; zh_cn)" "tna5.bozztv.com"
95.129.46.151 - - [02/Jun/2024:07:57:09 -0400] "GET /aigaiotv1/index.m3u8 HTTP/1.1" 404 218 "https://ssh101.com/securelive/index.php?id=aigaiotv1" "Lavf/58.45.100" "tna5.bozztv.com"
162.212.176.104 - - [02/Jun/2024:07:57:12 -0400] "GET /crossdomain.xml HTTP/1.1" 200 296 "-" "Mozilla/5.0 (compatible; PRTG Network Monitor (www.paessler.com); Windows)" "tna5.bozztv.com"
95.129.46.151 - - [02/Jun/2024:07:57:19 -0400] "GET /aigaiotv1/index.m3u8 HTTP/1.1" 404 218 "https://ssh101.com/securelive/index.php?id=aigaiotv1" "Lavf/58.45.100" "tna5.bozztv.com"
95.129.46.151 - - [02/Jun/2024:07:57:30 -0400] "GET /aigaiotv1/index.m3u8 HTTP/1.1" 404 218 "https://ssh101.com/securelive/index.php?id=aigaiotv1" "Lavf/58.45.100" "tna5.bozztv.com"
95.129.46.151 - - [02/Jun/2024:07:57:41 -0400] "GET /aigaiotv1/index.m3u8 HTTP/1.1" 404 218 "https://ssh101.com/securelive/index.php?id=aigaiotv1" "Lavf/58.45.100" "tna5.bozztv.com"
95.129.46.151 - - [02/Jun/2024:07:57:52 -0400] "GET /aigaiotv1/index.m3u8 HTTP/1.1" 404 218 "https://ssh101.com/securelive/index.php?id=aigaiotv1" "Lavf/58.45.100" "tna5.bozztv.com"
95.129.46.151 - - [02/Jun/2024:07:58:02 -0400] "GET /aigaiotv1/index.m3u8 HTTP/1.1" 404 218 "https://ssh101.com/securelive/index.php?id=aigaiotv1" "Lavf/58.45.100" "tna5.bozztv.com"
62.210.125.163 - - [02/Jun/2024:07:58:03 -0400] "GET /ALBANIANTVUSA/index.m3u8 HTTP/1.1" 404 222 "-" "AppleCoreMedia/1.0.0.9A405 (iPad; U; CPU OS 5_0_1 like Mac OS X; zh_cn)" "tna5.bozztv.com"
162.212.176.104 - - [02/Jun/2024:07:58:12 -0400] "GET /crossdomain.xml HTTP/1.1" 200 296 "-" "Mozilla/5.0 (compatible; PRTG Network Monitor (www.paessler.com); Windows)" "tna5.bozztv.com"
95.129.46.151 - - [02/Jun/2024:07:58:13 -0400] "GET /aigaiotv1/index.m3u8 HTTP/1.1" 404 218 "https://ssh101.com/securelive/index.php?id=aigaiotv1" "Lavf/58.45.100" "tna5.bozztv.com"
95.129.46.151 - - [02/Jun/2024:07:58:24 -0400] "GET /aigaiotv1/index.m3u8 HTTP/1.1" 404 218 "https://ssh101.com/securelive/index.php?id=aigaiotv1" "Lavf/58.45.100" "tna5.bozztv.com"
95.129.46.151 - - [02/Jun/2024:07:58:35 -0400] "GET /aigaiotv1/index.m3u8 HTTP/1.1" 404 218 "https://ssh101.com/securelive/index.php?id=aigaiotv1" "Lavf/58.45.100" "tna5.bozztv.com"
95.129.46.151 - - [02/Jun/2024:07:58:45 -0400] "GET /aigaiotv1/index.m3u8 HTTP/1.1" 404 218 "https://ssh101.com/securelive/index.php?id=aigaiotv1" "Lavf/58.45.100" "tna5.bozztv.com"
95.129.46.151 - - [02/Jun/2024:07:58:56 -0400] "GET /aigaiotv1/index.m3u8 HTTP/1.1" 404 218 "https://ssh101.com/securelive/index.php?id=aigaiotv1" "Lavf/58.45.100" "tna5.bozztv.com"
62.210.125.163 - - [02/Jun/2024:07:59:03 -0400] "GET /ALBANIANTVUSA/index.m3u8 HTTP/1.1" 404 222 "-" "AppleCoreMedia/1.0.0.9A405 (iPad; U; CPU OS 5_0_1 like Mac OS X; zh_cn)" "tna5.bozztv.com"
95.129.46.151 - - [02/Jun/2024:07:59:07 -0400] "GET /aigaiotv1/index.m3u8 HTTP/1.1" 404 218 "https://ssh101.com/securelive/index.php?id=aigaiotv1" "Lavf/58.45.100" "tna5.bozztv.com"
162.212.176.104 - - [02/Jun/2024:07:59:12 -0400] "GET /crossdomain.xml HTTP/1.1" 200 296 "-" "Mozilla/5.0 (compatible; PRTG Network Monitor (www.paessler.com); Windows)" "tna5.bozztv.com"
95.129.46.151 - - [02/Jun/2024:07:59:18 -0400] "GET /aigaiotv1/index.m3u8 HTTP/1.1" 404 218 "https://ssh101.com/securelive/index.php?id=aigaiotv1" "Lavf/58.45.100" "tna5.bozztv.com"
95.129.46.151 - - [02/Jun/2024:07:59:28 -0400] "GET /aigaiotv1/index.m3u8 HTTP/1.1" 404 218 "https://ssh101.com/securelive/index.php?id=aigaiotv1" "Lavf/58.45.100" "tna5.bozztv.com"
95.129.46.151 - - [02/Jun/2024:07:59:39 -0400] "GET /aigaiotv1/index.m3u8 HTTP/1.1" 404 218 "https://ssh101.com/securelive/index.php?id=aigaiotv1" "Lavf/58.45.100" "tna5.bozztv.com"
95.129.46.151 - - [02/Jun/2024:07:59:50 -0400] "GET /aigaiotv1/index.m3u8 HTTP/1.1" 404 218 "https://ssh101.com/securelive/index.php?id=aigaiotv1" "Lavf/58.45.100" "tna5.bozztv.com"
95.129.46.151 - - [02/Jun/2024:08:00:01 -0400] "GET /aigaiotv1/index.m3u8 HTTP/1.1" 404 218 "https://ssh101.com/securelive/index.php?id=aigaiotv1" "Lavf/58.45.100" "tna5.bozztv.com"
62.210.125.163 - - [02/Jun/2024:08:00:03 -0400] "GET /ALBANIANTVUSA/index.m3u8 HTTP/1.1" 404 222 "-" "AppleCoreMedia/1.0.0.9A405 (iPad; U; CPU OS 5_0_1 like Mac OS X; zh_cn)" "tna5.bozztv.com"
95.129.46.151 - - [02/Jun/2024:08:00:11 -0400] "GET /aigaiotv1/index.m3u8 HTTP/1.1" 404 218 "https://ssh101.com/securelive/index.php?id=aigaiotv1" "Lavf/58.45.100" "tna5.bozztv.com"
162.212.176.104 - - [02/Jun/2024:08:00:12 -0400] "GET /crossdomain.xml HTTP/1.1" 200 296 "-" "Mozilla/5.0 (compatible; PRTG Network Monitor (www.paessler.com); Windows)" "tna5.bozztv.com"
95.129.46.151 - - [02/Jun/2024:08:00:22 -0400] "GET /aigaiotv1/index.m3u8 HTTP/1.1" 404 218 "https://ssh101.com/securelive/index.php?id=aigaiotv1" "Lavf/58.45.100" "tna5.bozztv.com"
95.129.46.151 - - [02/Jun/2024:08:00:33 -0400] "GET /aigaiotv1/index.m3u8 HTTP/1.1" 404 218 "https://ssh101.com/securelive/index.php?id=aigaiotv1" "Lavf/58.45.100" "tna5.bozztv.com"
95.129.46.151 - - [02/Jun/2024:08:00:44 -0400] "GET /aigaiotv1/index.m3u8 HTTP/1.1" 404 218 "https://ssh101.com/securelive/index.php?id=aigaiotv1" "Lavf/58.45.100" "tna5.bozztv.com"
95.129.46.151 - - [02/Jun/2024:08:00:54 -0400] "GET /aigaiotv1/index.m3u8 HTTP/1.1" 404 218 "https://ssh101.com/securelive/index.php?id=aigaiotv1" "Lavf/58.45.100" "tna5.bozztv.com"
62.210.125.163 - - [02/Jun/2024:08:01:03 -0400] "GET /ALBANIANTVUSA/index.m3u8 HTTP/1.1" 404 222 "-" "AppleCoreMedia/1.0.0.9A405 (iPad; U; CPU OS 5_0_1 like Mac OS X; zh_cn)" "tna5.bozztv.com"
95.129.46.151 - - [02/Jun/2024:08:01:05 -0400] "GET /aigaiotv1/index.m3u8 HTTP/1.1" 404 218 "https://ssh101.com/securelive/index.php?id=aigaiotv1" "Lavf/58.45.100" "tna5.bozztv.com"
162.212.176.104 - - [02/Jun/2024:08:01:12 -0400] "GET /crossdomain.xml HTTP/1.1" 200 296 "-" "Mozilla/5.0 (compatible; PRTG Network Monitor (www.paessler.com); Windows)" "tna5.bozztv.com"
95.129.46.151 - - [02/Jun/2024:08:01:16 -0400] "GET /aigaiotv1/index.m3u8 HTTP/1.1" 404 218 "https://ssh101.com/securelive/index.php?id=aigaiotv1" "Lavf/58.45.100" "tna5.bozztv.com"
95.129.46.151 - - [02/Jun/2024:08:01:27 -0400] "GET /aigaiotv1/index.m3u8 HTTP/1.1" 404 218 "https://ssh101.com/securelive/index.php?id=aigaiotv1" "Lavf/58.45.100" "tna5.bozztv.com"
95.129.46.151 - - [02/Jun/2024:08:01:37 -0400] "GET /aigaiotv1/index.m3u8 HTTP/1.1" 404 218 "https://ssh101.com/securelive/index.php?id=aigaiotv1" "Lavf/58.45.100" "tna5.bozztv.com"
95.129.46.151 - - [02/Jun/2024:08:01:48 -0400] "GET /aigaiotv1/index.m3u8 HTTP/1.1" 404 218 "https://ssh101.com/securelive/index.php?id=aigaiotv1" "Lavf/58.45.100" "tna5.bozztv.com"
93.51.35.50 - - [02/Jun/2024:08:01:53 -0400] "GET /TSB3/index.m3u8 HTTP/1.1" 404 213 "-" "Mozilla/5.0 (Windows NT 10.0; Win64; x64) AppleWebKit/537.36 (KHTML, like Gecko) Chrome/71.0.3554.0 Safari/537.36" "tna5.bozztv.com"
95.129.46.151 - - [02/Jun/2024:08:01:59 -0400] "GET /aigaiotv1/index.m3u8 HTTP/1.1" 404 218 "https://ssh101.com/securelive/index.php?id=aigaiotv1" "Lavf/58.45.100" "tna5.bozztv.com"
62.210.125.163 - - [02/Jun/2024:08:02:03 -0400] "GET /ALBANIANTVUSA/index.m3u8 HTTP/1.1" 404 222 "-" "AppleCoreMedia/1.0.0.9A405 (iPad; U; CPU OS 5_0_1 like Mac OS X; zh_cn)" "tna5.bozztv.com"
87.253.164.82 - - [02/Jun/2024:08:02:07 -0400] "HEAD / HTTP/1.1" 403 - "-" "python-requests/2.25.1" "hls.ssh101.com"
95.129.46.151 - - [02/Jun/2024:08:02:10 -0400] "GET /aigaiotv1/index.m3u8 HTTP/1.1" 404 218 "https://ssh101.com/securelive/index.php?id=aigaiotv1" "Lavf/58.45.100" "tna5.bozztv.com"
162.212.176.104 - - [02/Jun/2024:08:02:12 -0400] "GET /crossdomain.xml HTTP/1.1" 200 296 "-" "Mozilla/5.0 (compatible; PRTG Network Monitor (www.paessler.com); Windows)" "tna5.bozztv.com"
95.129.46.151 - - [02/Jun/2024:08:02:20 -0400] "GET /aigaiotv1/index.m3u8 HTTP/1.1" 404 218 "https://ssh101.com/securelive/index.php?id=aigaiotv1" "Lavf/58.45.100" "tna5.bozztv.com"
95.129.46.151 - - [02/Jun/2024:08:02:31 -0400] "GET /aigaiotv1/index.m3u8 HTTP/1.1" 404 218 "https://ssh101.com/securelive/index.php?id=aigaiotv1" "Lavf/58.45.100" "tna5.bozztv.com"
95.129.46.151 - - [02/Jun/2024:08:02:42 -0400] "GET /aigaiotv1/index.m3u8 HTTP/1.1" 404 218 "https://ssh101.com/securelive/index.php?id=aigaiotv1" "Lavf/58.45.100" "tna5.bozztv.com"
95.129.46.151 - - [02/Jun/2024:08:02:53 -0400] "GET /aigaiotv1/index.m3u8 HTTP/1.1" 404 218 "https://ssh101.com/securelive/index.php?id=aigaiotv1" "Lavf/58.45.100" "tna5.bozztv.com"
62.210.125.163 - - [02/Jun/2024:08:03:02 -0400] "GET /ALBANIANTVUSA/index.m3u8 HTTP/1.1" 404 222 "-" "AppleCoreMedia/1.0.0.9A405 (iPad; U; CPU OS 5_0_1 like Mac OS X; zh_cn)" "tna5.bozztv.com"
95.129.46.151 - - [02/Jun/2024:08:03:03 -0400] "GET /aigaiotv1/index.m3u8 HTTP/1.1" 404 218 "https://ssh101.com/securelive/index.php?id=aigaiotv1" "Lavf/58.45.100" "tna5.bozztv.com"
162.212.176.104 - - [02/Jun/2024:08:03:12 -0400] "GET /crossdomain.xml HTTP/1.1" 200 296 "-" "Mozilla/5.0 (compatible; PRTG Network Monitor (www.paessler.com); Windows)" "tna5.bozztv.com"
95.129.46.151 - - [02/Jun/2024:08:03:14 -0400] "GET /aigaiotv1/index.m3u8 HTTP/1.1" 404 218 "https://ssh101.com/securelive/index.php?id=aigaiotv1" "Lavf/58.45.100" "tna5.bozztv.com"
95.129.46.151 - - [02/Jun/2024:08:03:25 -0400] "GET /aigaiotv1/index.m3u8 HTTP/1.1" 404 218 "https://ssh101.com/securelive/index.php?id=aigaiotv1" "Lavf/58.45.100" "tna5.bozztv.com"
95.129.46.151 - - [02/Jun/2024:08:03:36 -0400] "GET /aigaiotv1/index.m3u8 HTTP/1.1" 404 218 "https://ssh101.com/securelive/index.php?id=aigaiotv1" "Lavf/58.45.100" "tna5.bozztv.com"
95.129.46.151 - - [02/Jun/2024:08:03:46 -0400] "GET /aigaiotv1/index.m3u8 HTTP/1.1" 404 218 "https://ssh101.com/securelive/index.php?id=aigaiotv1" "Lavf/58.45.100" "tna5.bozztv.com"
95.129.46.151 - - [02/Jun/2024:08:03:57 -0400] "GET /aigaiotv1/index.m3u8 HTTP/1.1" 404 218 "https://ssh101.com/securelive/index.php?id=aigaiotv1" "Lavf/58.45.100" "tna5.bozztv.com"
62.210.125.163 - - [02/Jun/2024:08:04:02 -0400] "GET /ALBANIANTVUSA/index.m3u8 HTTP/1.1" 404 222 "-" "AppleCoreMedia/1.0.0.9A405 (iPad; U; CPU OS 5_0_1 like Mac OS X; zh_cn)" "tna5.bozztv.com"
95.129.46.151 - - [02/Jun/2024:08:04:08 -0400] "GET /aigaiotv1/index.m3u8 HTTP/1.1" 404 218 "https://ssh101.com/securelive/index.php?id=aigaiotv1" "Lavf/58.45.100" "tna5.bozztv.com"
162.212.176.104 - - [02/Jun/2024:08:04:12 -0400] "GET /crossdomain.xml HTTP/1.1" 200 296 "-" "Mozilla/5.0 (compatible; PRTG Network Monitor (www.paessler.com); Windows)" "tna5.bozztv.com"
95.129.46.151 - - [02/Jun/2024:08:04:19 -0400] "GET /aigaiotv1/index.m3u8 HTTP/1.1" 404 218 "https://ssh101.com/securelive/index.php?id=aigaiotv1" "Lavf/58.45.100" "tna5.bozztv.com"
95.129.46.151 - - [02/Jun/2024:08:04:29 -0400] "GET /aigaiotv1/index.m3u8 HTTP/1.1" 404 218 "https://ssh101.com/securelive/index.php?id=aigaiotv1" "Lavf/58.45.100" "tna5.bozztv.com"
95.129.46.151 - - [02/Jun/2024:08:04:40 -0400] "GET /aigaiotv1/index.m3u8 HTTP/1.1" 404 218 "https://ssh101.com/securelive/index.php?id=aigaiotv1" "Lavf/58.45.100" "tna5.bozztv.com"
95.129.46.151 - - [02/Jun/2024:08:04:51 -0400] "GET /aigaiotv1/index.m3u8 HTTP/1.1" 404 218 "https://ssh101.com/securelive/index.php?id=aigaiotv1" "Lavf/58.45.100" "tna5.bozztv.com"
95.129.46.151 - - [02/Jun/2024:08:05:02 -0400] "GET /aigaiotv1/index.m3u8 HTTP/1.1" 404 218 "https://ssh101.com/securelive/index.php?id=aigaiotv1" "Lavf/58.45.100" "tna5.bozztv.com"
62.210.125.163 - - [02/Jun/2024:08:05:02 -0400] "GET /ALBANIANTVUSA/index.m3u8 HTTP/1.1" 404 222 "-" "AppleCoreMedia/1.0.0.9A405 (iPad; U; CPU OS 5_0_1 like Mac OS X; zh_cn)" "tna5.bozztv.com"
162.212.176.104 - - [02/Jun/2024:08:05:12 -0400] "GET /crossdomain.xml HTTP/1.1" 200 296 "-" "Mozilla/5.0 (compatible; PRTG Network Monitor (www.paessler.com); Windows)" "tna5.bozztv.com"
95.129.46.151 - - [02/Jun/2024:08:05:12 -0400] "GET /aigaiotv1/index.m3u8 HTTP/1.1" 404 218 "https://ssh101.com/securelive/index.php?id=aigaiotv1" "Lavf/58.45.100" "tna5.bozztv.com"
95.129.46.151 - - [02/Jun/2024:08:05:23 -0400] "GET /aigaiotv1/index.m3u8 HTTP/1.1" 404 218 "https://ssh101.com/securelive/index.php?id=aigaiotv1" "Lavf/58.45.100" "tna5.bozztv.com"
95.129.46.151 - - [02/Jun/2024:08:05:34 -0400] "GET /aigaiotv1/index.m3u8 HTTP/1.1" 404 218 "https://ssh101.com/securelive/index.php?id=aigaiotv1" "Lavf/58.45.100" "tna5.bozztv.com"
95.129.46.151 - - [02/Jun/2024:08:05:45 -0400] "GET /aigaiotv1/index.m3u8 HTTP/1.1" 404 218 "https://ssh101.com/securelive/index.php?id=aigaiotv1" "Lavf/58.45.100" "tna5.bozztv.com"
95.129.46.151 - - [02/Jun/2024:08:05:55 -0400] "GET /aigaiotv1/index.m3u8 HTTP/1.1" 404 218 "https://ssh101.com/securelive/index.php?id=aigaiotv1" "Lavf/58.45.100" "tna5.bozztv.com"
62.210.125.163 - - [02/Jun/2024:08:06:03 -0400] "GET /ALBANIANTVUSA/index.m3u8 HTTP/1.1" 404 222 "-" "AppleCoreMedia/1.0.0.9A405 (iPad; U; CPU OS 5_0_1 like Mac OS X; zh_cn)" "tna5.bozztv.com"
95.129.46.151 - - [02/Jun/2024:08:06:06 -0400] "GET /aigaiotv1/index.m3u8 HTTP/1.1" 404 218 "https://ssh101.com/securelive/index.php?id=aigaiotv1" "Lavf/58.45.100" "tna5.bozztv.com"
162.212.176.104 - - [02/Jun/2024:08:06:12 -0400] "GET /crossdomain.xml HTTP/1.1" 200 296 "-" "Mozilla/5.0 (compatible; PRTG Network Monitor (www.paessler.com); Windows)" "tna5.bozztv.com"
95.129.46.151 - - [02/Jun/2024:08:06:17 -0400] "GET /aigaiotv1/index.m3u8 HTTP/1.1" 404 218 "https://ssh101.com/securelive/index.php?id=aigaiotv1" "Lavf/58.45.100" "tna5.bozztv.com"
95.129.46.151 - - [02/Jun/2024:08:06:28 -0400] "GET /aigaiotv1/index.m3u8 HTTP/1.1" 404 218 "https://ssh101.com/securelive/index.php?id=aigaiotv1" "Lavf/58.45.100" "tna5.bozztv.com"
95.129.46.151 - - [02/Jun/2024:08:06:38 -0400] "GET /aigaiotv1/index.m3u8 HTTP/1.1" 404 218 "https://ssh101.com/securelive/index.php?id=aigaiotv1" "Lavf/58.45.100" "tna5.bozztv.com"
46.174.191.29 - - [02/Jun/2024:08:06:45 -0400] "GET / HTTP/1.0" 302 209 "-" "Mozilla/5.0 (Windows NT 6.1; WOW64; Trident/7.0; AS; rv:11.0) like Gecko" "-"
95.129.46.151 - - [02/Jun/2024:08:06:49 -0400] "GET /aigaiotv1/index.m3u8 HTTP/1.1" 404 218 "https://ssh101.com/securelive/index.php?id=aigaiotv1" "Lavf/58.45.100" "tna5.bozztv.com"
95.129.46.151 - - [02/Jun/2024:08:07:00 -0400] "GET /aigaiotv1/index.m3u8 HTTP/1.1" 404 218 "https://ssh101.com/securelive/index.php?id=aigaiotv1" "Lavf/58.45.100" "tna5.bozztv.com"
62.210.125.163 - - [02/Jun/2024:08:07:03 -0400] "GET /ALBANIANTVUSA/index.m3u8 HTTP/1.1" 404 222 "-" "AppleCoreMedia/1.0.0.9A405 (iPad; U; CPU OS 5_0_1 like Mac OS X; zh_cn)" "tna5.bozztv.com"
95.129.46.151 - - [02/Jun/2024:08:07:11 -0400] "GET /aigaiotv1/index.m3u8 HTTP/1.1" 404 218 "https://ssh101.com/securelive/index.php?id=aigaiotv1" "Lavf/58.45.100" "tna5.bozztv.com"
162.212.176.104 - - [02/Jun/2024:08:07:12 -0400] "GET /crossdomain.xml HTTP/1.1" 200 296 "-" "Mozilla/5.0 (compatible; PRTG Network Monitor (www.paessler.com); Windows)" "tna5.bozztv.com"
95.129.46.151 - - [02/Jun/2024:08:07:21 -0400] "GET /aigaiotv1/index.m3u8 HTTP/1.1" 404 218 "https://ssh101.com/securelive/index.php?id=aigaiotv1" "Lavf/58.45.100" "tna5.bozztv.com"
46.101.15.201 - - [02/Jun/2024:08:07:22 -0400] "GET / HTTP/1.1" 403 202 "-" "Mozilla/5.0 (Macintosh; Intel Mac OS X 10_15_7) AppleWebKit/537.36 (KHTML, like Gecko) Chrome/121.0.0.0 Safari/537.36" "tna5.bozztv.com"
46.101.15.201 - - [02/Jun/2024:08:07:23 -0400] "GET / HTTP/1.1" 403 202 "-" "Mozilla/5.0 (Macintosh; Intel Mac OS X 10_15_7) AppleWebKit/537.36 (KHTML, like Gecko) Chrome/121.0.0.0 Safari/537.36" "tna5.bozztv.com"
