162.212.176.104 - - [02/Jun/2024:10:19:12 -0400] "GET /crossdomain.xml HTTP/1.1" 200 296 "-" "Mozilla/5.0 (compatible; PRTG Network Monitor (www.paessler.com); Windows)" "tna5.bozztv.com"
95.129.46.151 - - [02/Jun/2024:10:19:14 -0400] "GET /aigaiotv1/index.m3u8 HTTP/1.1" 404 218 "https://ssh101.com/securelive/index.php?id=aigaiotv1" "Lavf/58.45.100" "tna5.bozztv.com"
95.129.46.151 - - [02/Jun/2024:10:19:25 -0400] "GET /aigaiotv1/index.m3u8 HTTP/1.1" 404 218 "https://ssh101.com/securelive/index.php?id=aigaiotv1" "Lavf/58.45.100" "tna5.bozztv.com"
95.129.46.151 - - [02/Jun/2024:10:19:36 -0400] "GET /aigaiotv1/index.m3u8 HTTP/1.1" 404 218 "https://ssh101.com/securelive/index.php?id=aigaiotv1" "Lavf/58.45.100" "tna5.bozztv.com"
95.129.46.151 - - [02/Jun/2024:10:19:46 -0400] "GET /aigaiotv1/index.m3u8 HTTP/1.1" 404 218 "https://ssh101.com/securelive/index.php?id=aigaiotv1" "Lavf/58.45.100" "tna5.bozztv.com"
95.129.46.151 - - [02/Jun/2024:10:19:57 -0400] "GET /aigaiotv1/index.m3u8 HTTP/1.1" 404 218 "https://ssh101.com/securelive/index.php?id=aigaiotv1" "Lavf/58.45.100" "tna5.bozztv.com"
62.210.125.163 - - [02/Jun/2024:10:20:03 -0400] "GET /ALBANIANTVUSA/index.m3u8 HTTP/1.1" 404 222 "-" "AppleCoreMedia/1.0.0.9A405 (iPad; U; CPU OS 5_0_1 like Mac OS X; zh_cn)" "tna5.bozztv.com"
95.129.46.151 - - [02/Jun/2024:10:20:08 -0400] "GET /aigaiotv1/index.m3u8 HTTP/1.1" 404 218 "https://ssh101.com/securelive/index.php?id=aigaiotv1" "Lavf/58.45.100" "tna5.bozztv.com"
162.212.176.104 - - [02/Jun/2024:10:20:12 -0400] "GET /crossdomain.xml HTTP/1.1" 200 296 "-" "Mozilla/5.0 (compatible; PRTG Network Monitor (www.paessler.com); Windows)" "tna5.bozztv.com"
95.129.46.151 - - [02/Jun/2024:10:20:19 -0400] "GET /aigaiotv1/index.m3u8 HTTP/1.1" 404 218 "https://ssh101.com/securelive/index.php?id=aigaiotv1" "Lavf/58.45.100" "tna5.bozztv.com"
95.129.46.151 - - [02/Jun/2024:10:20:29 -0400] "GET /aigaiotv1/index.m3u8 HTTP/1.1" 404 218 "https://ssh101.com/securelive/index.php?id=aigaiotv1" "Lavf/58.45.100" "tna5.bozztv.com"
95.129.46.151 - - [02/Jun/2024:10:20:40 -0400] "GET /aigaiotv1/index.m3u8 HTTP/1.1" 404 218 "https://ssh101.com/securelive/index.php?id=aigaiotv1" "Lavf/58.45.100" "tna5.bozztv.com"
95.129.46.151 - - [02/Jun/2024:10:20:51 -0400] "GET /aigaiotv1/index.m3u8 HTTP/1.1" 404 218 "https://ssh101.com/securelive/index.php?id=aigaiotv1" "Lavf/58.45.100" "tna5.bozztv.com"
95.129.46.151 - - [02/Jun/2024:10:21:02 -0400] "GET /aigaiotv1/index.m3u8 HTTP/1.1" 404 218 "https://ssh101.com/securelive/index.php?id=aigaiotv1" "Lavf/58.45.100" "tna5.bozztv.com"
62.210.125.163 - - [02/Jun/2024:10:21:04 -0400] "GET /ALBANIANTVUSA/index.m3u8 HTTP/1.1" 404 222 "-" "AppleCoreMedia/1.0.0.9A405 (iPad; U; CPU OS 5_0_1 like Mac OS X; zh_cn)" "tna5.bozztv.com"
162.212.176.104 - - [02/Jun/2024:10:21:12 -0400] "GET /crossdomain.xml HTTP/1.1" 200 296 "-" "Mozilla/5.0 (compatible; PRTG Network Monitor (www.paessler.com); Windows)" "tna5.bozztv.com"
95.129.46.151 - - [02/Jun/2024:10:21:12 -0400] "GET /aigaiotv1/index.m3u8 HTTP/1.1" 404 218 "https://ssh101.com/securelive/index.php?id=aigaiotv1" "Lavf/58.45.100" "tna5.bozztv.com"
95.129.46.151 - - [02/Jun/2024:10:21:23 -0400] "GET /aigaiotv1/index.m3u8 HTTP/1.1" 404 218 "https://ssh101.com/securelive/index.php?id=aigaiotv1" "Lavf/58.45.100" "tna5.bozztv.com"
95.129.46.151 - - [02/Jun/2024:10:21:34 -0400] "GET /aigaiotv1/index.m3u8 HTTP/1.1" 404 218 "https://ssh101.com/securelive/index.php?id=aigaiotv1" "Lavf/58.45.100" "tna5.bozztv.com"
95.129.46.151 - - [02/Jun/2024:10:21:45 -0400] "GET /aigaiotv1/index.m3u8 HTTP/1.1" 404 218 "https://ssh101.com/securelive/index.php?id=aigaiotv1" "Lavf/58.45.100" "tna5.bozztv.com"
95.129.46.151 - - [02/Jun/2024:10:21:55 -0400] "GET /aigaiotv1/index.m3u8 HTTP/1.1" 404 218 "https://ssh101.com/securelive/index.php?id=aigaiotv1" "Lavf/58.45.100" "tna5.bozztv.com"
62.210.125.163 - - [02/Jun/2024:10:22:03 -0400] "GET /ALBANIANTVUSA/index.m3u8 HTTP/1.1" 404 222 "-" "AppleCoreMedia/1.0.0.9A405 (iPad; U; CPU OS 5_0_1 like Mac OS X; zh_cn)" "tna5.bozztv.com"
95.129.46.151 - - [02/Jun/2024:10:22:06 -0400] "GET /aigaiotv1/index.m3u8 HTTP/1.1" 404 218 "https://ssh101.com/securelive/index.php?id=aigaiotv1" "Lavf/58.45.100" "tna5.bozztv.com"
162.212.176.104 - - [02/Jun/2024:10:22:12 -0400] "GET /crossdomain.xml HTTP/1.1" 200 296 "-" "Mozilla/5.0 (compatible; PRTG Network Monitor (www.paessler.com); Windows)" "tna5.bozztv.com"
95.129.46.151 - - [02/Jun/2024:10:22:17 -0400] "GET /aigaiotv1/index.m3u8 HTTP/1.1" 404 218 "https://ssh101.com/securelive/index.php?id=aigaiotv1" "Lavf/58.45.100" "tna5.bozztv.com"
95.129.46.151 - - [02/Jun/2024:10:22:28 -0400] "GET /aigaiotv1/index.m3u8 HTTP/1.1" 404 218 "https://ssh101.com/securelive/index.php?id=aigaiotv1" "Lavf/58.45.100" "tna5.bozztv.com"
95.129.46.151 - - [02/Jun/2024:10:22:38 -0400] "GET /aigaiotv1/index.m3u8 HTTP/1.1" 404 218 "https://ssh101.com/securelive/index.php?id=aigaiotv1" "Lavf/58.45.100" "tna5.bozztv.com"
95.129.46.151 - - [02/Jun/2024:10:22:49 -0400] "GET /aigaiotv1/index.m3u8 HTTP/1.1" 404 218 "https://ssh101.com/securelive/index.php?id=aigaiotv1" "Lavf/58.45.100" "tna5.bozztv.com"
95.129.46.151 - - [02/Jun/2024:10:23:00 -0400] "GET /aigaiotv1/index.m3u8 HTTP/1.1" 404 218 "https://ssh101.com/securelive/index.php?id=aigaiotv1" "Lavf/58.45.100" "tna5.bozztv.com"
62.210.125.163 - - [02/Jun/2024:10:23:04 -0400] "GET /ALBANIANTVUSA/index.m3u8 HTTP/1.1" 404 222 "-" "AppleCoreMedia/1.0.0.9A405 (iPad; U; CPU OS 5_0_1 like Mac OS X; zh_cn)" "tna5.bozztv.com"
95.129.46.151 - - [02/Jun/2024:10:23:11 -0400] "GET /aigaiotv1/index.m3u8 HTTP/1.1" 404 218 "https://ssh101.com/securelive/index.php?id=aigaiotv1" "Lavf/58.45.100" "tna5.bozztv.com"
162.212.176.104 - - [02/Jun/2024:10:23:12 -0400] "GET /crossdomain.xml HTTP/1.1" 200 296 "-" "Mozilla/5.0 (compatible; PRTG Network Monitor (www.paessler.com); Windows)" "tna5.bozztv.com"
95.129.46.151 - - [02/Jun/2024:10:23:21 -0400] "GET /aigaiotv1/index.m3u8 HTTP/1.1" 404 218 "https://ssh101.com/securelive/index.php?id=aigaiotv1" "Lavf/58.45.100" "tna5.bozztv.com"
95.129.46.151 - - [02/Jun/2024:10:23:32 -0400] "GET /aigaiotv1/index.m3u8 HTTP/1.1" 404 218 "https://ssh101.com/securelive/index.php?id=aigaiotv1" "Lavf/58.45.100" "tna5.bozztv.com"
95.129.46.151 - - [02/Jun/2024:10:23:43 -0400] "GET /aigaiotv1/index.m3u8 HTTP/1.1" 404 218 "https://ssh101.com/securelive/index.php?id=aigaiotv1" "Lavf/58.45.100" "tna5.bozztv.com"
95.129.46.151 - - [02/Jun/2024:10:23:54 -0400] "GET /aigaiotv1/index.m3u8 HTTP/1.1" 404 218 "https://ssh101.com/securelive/index.php?id=aigaiotv1" "Lavf/58.45.100" "tna5.bozztv.com"
62.210.125.163 - - [02/Jun/2024:10:24:03 -0400] "GET /ALBANIANTVUSA/index.m3u8 HTTP/1.1" 404 222 "-" "AppleCoreMedia/1.0.0.9A405 (iPad; U; CPU OS 5_0_1 like Mac OS X; zh_cn)" "tna5.bozztv.com"
95.129.46.151 - - [02/Jun/2024:10:24:04 -0400] "GET /aigaiotv1/index.m3u8 HTTP/1.1" 404 218 "https://ssh101.com/securelive/index.php?id=aigaiotv1" "Lavf/58.45.100" "tna5.bozztv.com"
162.212.176.104 - - [02/Jun/2024:10:24:12 -0400] "GET /crossdomain.xml HTTP/1.1" 200 296 "-" "Mozilla/5.0 (compatible; PRTG Network Monitor (www.paessler.com); Windows)" "tna5.bozztv.com"
95.129.46.151 - - [02/Jun/2024:10:24:15 -0400] "GET /aigaiotv1/index.m3u8 HTTP/1.1" 404 218 "https://ssh101.com/securelive/index.php?id=aigaiotv1" "Lavf/58.45.100" "tna5.bozztv.com"
87.187.16.171 - - [02/Jun/2024:10:24:20 -0400] "GET /aigaiotv1/index.m3u8 HTTP/1.1" 404 218 "-" "Mozilla/5.0 (Linux; Android 6.0; Nexus 5 Build/MRhls Mozilla/5.0 (Linux; Android 10; K) AppleWebKit/537.36 (KHTML, like Gecko) Chrome/116.0.0.0 Mobile Safari/537.36A58N) AppleWebKit/537.36 (KHTML, like Gecko) Chrome/121.0.0.0 Mobile Safari/537.36" "tna5.bozztv.com"
87.187.16.171 - - [02/Jun/2024:10:24:20 -0400] "GET /aigaiotv1/index.m3u8 HTTP/1.1" 404 218 "-" "Mozilla/5.0 (Linux; Android 6.0; Nexus 5 Build/MRhls Mozilla/5.0 (Linux; Android 10; K) AppleWebKit/537.36 (KHTML, like Gecko) Chrome/116.0.0.0 Mobile Safari/537.36A58N) AppleWebKit/537.36 (KHTML, like Gecko) Chrome/121.0.0.0 Mobile Safari/537.36" "tna5.bozztv.com"
95.129.46.151 - - [02/Jun/2024:10:24:26 -0400] "GET /aigaiotv1/index.m3u8 HTTP/1.1" 404 218 "https://ssh101.com/securelive/index.php?id=aigaiotv1" "Lavf/58.45.100" "tna5.bozztv.com"
95.129.46.151 - - [02/Jun/2024:10:24:37 -0400] "GET /aigaiotv1/index.m3u8 HTTP/1.1" 404 218 "https://ssh101.com/securelive/index.php?id=aigaiotv1" "Lavf/58.45.100" "tna5.bozztv.com"
95.129.46.151 - - [02/Jun/2024:10:24:47 -0400] "GET /aigaiotv1/index.m3u8 HTTP/1.1" 404 218 "https://ssh101.com/securelive/index.php?id=aigaiotv1" "Lavf/58.45.100" "tna5.bozztv.com"
95.129.46.151 - - [02/Jun/2024:10:24:58 -0400] "GET /aigaiotv1/index.m3u8 HTTP/1.1" 404 218 "https://ssh101.com/securelive/index.php?id=aigaiotv1" "Lavf/58.45.100" "tna5.bozztv.com"
62.210.125.163 - - [02/Jun/2024:10:25:03 -0400] "GET /ALBANIANTVUSA/index.m3u8 HTTP/1.1" 404 222 "-" "AppleCoreMedia/1.0.0.9A405 (iPad; U; CPU OS 5_0_1 like Mac OS X; zh_cn)" "tna5.bozztv.com"
95.129.46.151 - - [02/Jun/2024:10:25:09 -0400] "GET /aigaiotv1/index.m3u8 HTTP/1.1" 404 218 "https://ssh101.com/securelive/index.php?id=aigaiotv1" "Lavf/58.45.100" "tna5.bozztv.com"
162.212.176.104 - - [02/Jun/2024:10:25:12 -0400] "GET /crossdomain.xml HTTP/1.1" 200 296 "-" "Mozilla/5.0 (compatible; PRTG Network Monitor (www.paessler.com); Windows)" "tna5.bozztv.com"
95.129.46.151 - - [02/Jun/2024:10:25:20 -0400] "GET /aigaiotv1/index.m3u8 HTTP/1.1" 404 218 "https://ssh101.com/securelive/index.php?id=aigaiotv1" "Lavf/58.45.100" "tna5.bozztv.com"
95.129.46.151 - - [02/Jun/2024:10:25:30 -0400] "GET /aigaiotv1/index.m3u8 HTTP/1.1" 404 218 "https://ssh101.com/securelive/index.php?id=aigaiotv1" "Lavf/58.45.100" "tna5.bozztv.com"
95.129.46.151 - - [02/Jun/2024:10:25:41 -0400] "GET /aigaiotv1/index.m3u8 HTTP/1.1" 404 218 "https://ssh101.com/securelive/index.php?id=aigaiotv1" "Lavf/58.45.100" "tna5.bozztv.com"
95.129.46.151 - - [02/Jun/2024:10:25:52 -0400] "GET /aigaiotv1/index.m3u8 HTTP/1.1" 404 218 "https://ssh101.com/securelive/index.php?id=aigaiotv1" "Lavf/58.45.100" "tna5.bozztv.com"
95.129.46.151 - - [02/Jun/2024:10:26:03 -0400] "GET /aigaiotv1/index.m3u8 HTTP/1.1" 404 218 "https://ssh101.com/securelive/index.php?id=aigaiotv1" "Lavf/58.45.100" "tna5.bozztv.com"
62.210.125.163 - - [02/Jun/2024:10:26:03 -0400] "GET /ALBANIANTVUSA/index.m3u8 HTTP/1.1" 404 222 "-" "AppleCoreMedia/1.0.0.9A405 (iPad; U; CPU OS 5_0_1 like Mac OS X; zh_cn)" "tna5.bozztv.com"
162.212.176.104 - - [02/Jun/2024:10:26:12 -0400] "GET /crossdomain.xml HTTP/1.1" 200 296 "-" "Mozilla/5.0 (compatible; PRTG Network Monitor (www.paessler.com); Windows)" "tna5.bozztv.com"
95.129.46.151 - - [02/Jun/2024:10:26:13 -0400] "GET /aigaiotv1/index.m3u8 HTTP/1.1" 404 218 "https://ssh101.com/securelive/index.php?id=aigaiotv1" "Lavf/58.45.100" "tna5.bozztv.com"
95.129.46.151 - - [02/Jun/2024:10:26:24 -0400] "GET /aigaiotv1/index.m3u8 HTTP/1.1" 404 218 "https://ssh101.com/securelive/index.php?id=aigaiotv1" "Lavf/58.45.100" "tna5.bozztv.com"
95.129.46.151 - - [02/Jun/2024:10:26:35 -0400] "GET /aigaiotv1/index.m3u8 HTTP/1.1" 404 218 "https://ssh101.com/securelive/index.php?id=aigaiotv1" "Lavf/58.45.100" "tna5.bozztv.com"
95.129.46.151 - - [02/Jun/2024:10:26:46 -0400] "GET /aigaiotv1/index.m3u8 HTTP/1.1" 404 218 "https://ssh101.com/securelive/index.php?id=aigaiotv1" "Lavf/58.45.100" "tna5.bozztv.com"
95.129.46.151 - - [02/Jun/2024:10:26:56 -0400] "GET /aigaiotv1/index.m3u8 HTTP/1.1" 404 218 "https://ssh101.com/securelive/index.php?id=aigaiotv1" "Lavf/58.45.100" "tna5.bozztv.com"
62.210.125.163 - - [02/Jun/2024:10:27:02 -0400] "GET /ALBANIANTVUSA/index.m3u8 HTTP/1.1" 404 222 "-" "AppleCoreMedia/1.0.0.9A405 (iPad; U; CPU OS 5_0_1 like Mac OS X; zh_cn)" "tna5.bozztv.com"
95.129.46.151 - - [02/Jun/2024:10:27:07 -0400] "GET /aigaiotv1/index.m3u8 HTTP/1.1" 404 218 "https://ssh101.com/securelive/index.php?id=aigaiotv1" "Lavf/58.45.100" "tna5.bozztv.com"
162.212.176.104 - - [02/Jun/2024:10:27:12 -0400] "GET /crossdomain.xml HTTP/1.1" 200 296 "-" "Mozilla/5.0 (compatible; PRTG Network Monitor (www.paessler.com); Windows)" "tna5.bozztv.com"
95.129.46.151 - - [02/Jun/2024:10:27:18 -0400] "GET /aigaiotv1/index.m3u8 HTTP/1.1" 404 218 "https://ssh101.com/securelive/index.php?id=aigaiotv1" "Lavf/58.45.100" "tna5.bozztv.com"
95.129.46.151 - - [02/Jun/2024:10:27:29 -0400] "GET /aigaiotv1/index.m3u8 HTTP/1.1" 404 218 "https://ssh101.com/securelive/index.php?id=aigaiotv1" "Lavf/58.45.100" "tna5.bozztv.com"
95.129.46.151 - - [02/Jun/2024:10:27:39 -0400] "GET /aigaiotv1/index.m3u8 HTTP/1.1" 404 218 "https://ssh101.com/securelive/index.php?id=aigaiotv1" "Lavf/58.45.100" "tna5.bozztv.com"
138.246.253.24 - - [02/Jun/2024:10:27:45 -0400] "\x16\x03\x01" 400 226 "-" "-" "-"
95.129.46.151 - - [02/Jun/2024:10:27:50 -0400] "GET /aigaiotv1/index.m3u8 HTTP/1.1" 404 218 "https://ssh101.com/securelive/index.php?id=aigaiotv1" "Lavf/58.45.100" "tna5.bozztv.com"
95.129.46.151 - - [02/Jun/2024:10:28:01 -0400] "GET /aigaiotv1/index.m3u8 HTTP/1.1" 404 218 "https://ssh101.com/securelive/index.php?id=aigaiotv1" "Lavf/58.45.100" "tna5.bozztv.com"
62.210.125.163 - - [02/Jun/2024:10:28:02 -0400] "GET /ALBANIANTVUSA/index.m3u8 HTTP/1.1" 404 222 "-" "AppleCoreMedia/1.0.0.9A405 (iPad; U; CPU OS 5_0_1 like Mac OS X; zh_cn)" "tna5.bozztv.com"
162.212.176.104 - - [02/Jun/2024:10:28:12 -0400] "GET /crossdomain.xml HTTP/1.1" 200 296 "-" "Mozilla/5.0 (compatible; PRTG Network Monitor (www.paessler.com); Windows)" "tna5.bozztv.com"
95.129.46.151 - - [02/Jun/2024:10:28:12 -0400] "GET /aigaiotv1/index.m3u8 HTTP/1.1" 404 218 "https://ssh101.com/securelive/index.php?id=aigaiotv1" "Lavf/58.45.100" "tna5.bozztv.com"
95.129.46.151 - - [02/Jun/2024:10:28:22 -0400] "GET /aigaiotv1/index.m3u8 HTTP/1.1" 404 218 "https://ssh101.com/securelive/index.php?id=aigaiotv1" "Lavf/58.45.100" "tna5.bozztv.com"
95.129.46.151 - - [02/Jun/2024:10:28:33 -0400] "GET /aigaiotv1/index.m3u8 HTTP/1.1" 404 218 "https://ssh101.com/securelive/index.php?id=aigaiotv1" "Lavf/58.45.100" "tna5.bozztv.com"
95.129.46.151 - - [02/Jun/2024:10:28:44 -0400] "GET /aigaiotv1/index.m3u8 HTTP/1.1" 404 218 "https://ssh101.com/securelive/index.php?id=aigaiotv1" "Lavf/58.45.100" "tna5.bozztv.com"
95.129.46.151 - - [02/Jun/2024:10:28:55 -0400] "GET /aigaiotv1/index.m3u8 HTTP/1.1" 404 218 "https://ssh101.com/securelive/index.php?id=aigaiotv1" "Lavf/58.45.100" "tna5.bozztv.com"
62.210.125.163 - - [02/Jun/2024:10:29:02 -0400] "GET /ALBANIANTVUSA/index.m3u8 HTTP/1.1" 404 222 "-" "AppleCoreMedia/1.0.0.9A405 (iPad; U; CPU OS 5_0_1 like Mac OS X; zh_cn)" "tna5.bozztv.com"
95.129.46.151 - - [02/Jun/2024:10:29:05 -0400] "GET /aigaiotv1/index.m3u8 HTTP/1.1" 404 218 "https://ssh101.com/securelive/index.php?id=aigaiotv1" "Lavf/58.45.100" "tna5.bozztv.com"
162.212.176.104 - - [02/Jun/2024:10:29:12 -0400] "GET /crossdomain.xml HTTP/1.1" 200 296 "-" "Mozilla/5.0 (compatible; PRTG Network Monitor (www.paessler.com); Windows)" "tna5.bozztv.com"
95.129.46.151 - - [02/Jun/2024:10:29:16 -0400] "GET /aigaiotv1/index.m3u8 HTTP/1.1" 404 218 "https://ssh101.com/securelive/index.php?id=aigaiotv1" "Lavf/58.45.100" "tna5.bozztv.com"
95.129.46.151 - - [02/Jun/2024:10:29:27 -0400] "GET /aigaiotv1/index.m3u8 HTTP/1.1" 404 218 "https://ssh101.com/securelive/index.php?id=aigaiotv1" "Lavf/58.45.100" "tna5.bozztv.com"
95.129.46.151 - - [02/Jun/2024:10:29:38 -0400] "GET /aigaiotv1/index.m3u8 HTTP/1.1" 404 218 "https://ssh101.com/securelive/index.php?id=aigaiotv1" "Lavf/58.45.100" "tna5.bozztv.com"
95.129.46.151 - - [02/Jun/2024:10:29:48 -0400] "GET /aigaiotv1/index.m3u8 HTTP/1.1" 404 218 "https://ssh101.com/securelive/index.php?id=aigaiotv1" "Lavf/58.45.100" "tna5.bozztv.com"
95.129.46.151 - - [02/Jun/2024:10:29:59 -0400] "GET /aigaiotv1/index.m3u8 HTTP/1.1" 404 218 "https://ssh101.com/securelive/index.php?id=aigaiotv1" "Lavf/58.45.100" "tna5.bozztv.com"
62.210.125.163 - - [02/Jun/2024:10:30:03 -0400] "GET /ALBANIANTVUSA/index.m3u8 HTTP/1.1" 404 222 "-" "AppleCoreMedia/1.0.0.9A405 (iPad; U; CPU OS 5_0_1 like Mac OS X; zh_cn)" "tna5.bozztv.com"
95.129.46.151 - - [02/Jun/2024:10:30:10 -0400] "GET /aigaiotv1/index.m3u8 HTTP/1.1" 404 218 "https://ssh101.com/securelive/index.php?id=aigaiotv1" "Lavf/58.45.100" "tna5.bozztv.com"
162.212.176.104 - - [02/Jun/2024:10:30:12 -0400] "GET /crossdomain.xml HTTP/1.1" 200 296 "-" "Mozilla/5.0 (compatible; PRTG Network Monitor (www.paessler.com); Windows)" "tna5.bozztv.com"
95.129.46.151 - - [02/Jun/2024:10:30:21 -0400] "GET /aigaiotv1/index.m3u8 HTTP/1.1" 404 218 "https://ssh101.com/securelive/index.php?id=aigaiotv1" "Lavf/58.45.100" "tna5.bozztv.com"
93.51.35.50 - - [02/Jun/2024:10:30:31 -0400] "GET /TSB3/index.m3u8 HTTP/1.1" 404 213 "-" "Mozilla/5.0 (Windows NT 10.0; Win64; x64) AppleWebKit/537.36 (KHTML, like Gecko) Chrome/71.0.3554.0 Safari/537.36" "tna5.bozztv.com"
95.129.46.151 - - [02/Jun/2024:10:30:31 -0400] "GET /aigaiotv1/index.m3u8 HTTP/1.1" 404 218 "https://ssh101.com/securelive/index.php?id=aigaiotv1" "Lavf/58.45.100" "tna5.bozztv.com"
95.129.46.151 - - [02/Jun/2024:10:30:42 -0400] "GET /aigaiotv1/index.m3u8 HTTP/1.1" 404 218 "https://ssh101.com/securelive/index.php?id=aigaiotv1" "Lavf/58.45.100" "tna5.bozztv.com"
95.129.46.151 - - [02/Jun/2024:10:30:53 -0400] "GET /aigaiotv1/index.m3u8 HTTP/1.1" 404 218 "https://ssh101.com/securelive/index.php?id=aigaiotv1" "Lavf/58.45.100" "tna5.bozztv.com"
62.210.125.163 - - [02/Jun/2024:10:31:03 -0400] "GET /ALBANIANTVUSA/index.m3u8 HTTP/1.1" 404 222 "-" "AppleCoreMedia/1.0.0.9A405 (iPad; U; CPU OS 5_0_1 like Mac OS X; zh_cn)" "tna5.bozztv.com"
95.129.46.151 - - [02/Jun/2024:10:31:04 -0400] "GET /aigaiotv1/index.m3u8 HTTP/1.1" 404 218 "https://ssh101.com/securelive/index.php?id=aigaiotv1" "Lavf/58.45.100" "tna5.bozztv.com"
162.212.176.104 - - [02/Jun/2024:10:31:12 -0400] "GET /crossdomain.xml HTTP/1.1" 200 296 "-" "Mozilla/5.0 (compatible; PRTG Network Monitor (www.paessler.com); Windows)" "tna5.bozztv.com"
95.129.46.151 - - [02/Jun/2024:10:31:14 -0400] "GET /aigaiotv1/index.m3u8 HTTP/1.1" 404 218 "https://ssh101.com/securelive/index.php?id=aigaiotv1" "Lavf/58.45.100" "tna5.bozztv.com"
95.129.46.151 - - [02/Jun/2024:10:31:25 -0400] "GET /aigaiotv1/index.m3u8 HTTP/1.1" 404 218 "https://ssh101.com/securelive/index.php?id=aigaiotv1" "Lavf/58.45.100" "tna5.bozztv.com"
95.129.46.151 - - [02/Jun/2024:10:31:36 -0400] "GET /aigaiotv1/index.m3u8 HTTP/1.1" 404 218 "https://ssh101.com/securelive/index.php?id=aigaiotv1" "Lavf/58.45.100" "tna5.bozztv.com"
95.129.46.151 - - [02/Jun/2024:10:31:47 -0400] "GET /aigaiotv1/index.m3u8 HTTP/1.1" 404 218 "https://ssh101.com/securelive/index.php?id=aigaiotv1" "Lavf/58.45.100" "tna5.bozztv.com"
95.129.46.151 - - [02/Jun/2024:10:31:57 -0400] "GET /aigaiotv1/index.m3u8 HTTP/1.1" 404 218 "https://ssh101.com/securelive/index.php?id=aigaiotv1" "Lavf/58.45.100" "tna5.bozztv.com"
165.227.130.230 - - [02/Jun/2024:10:31:58 -0400] "GET /cgi-bin/authLogin.cgi HTTP/1.1" 404 219 "-" "Go-http-client/1.1" "208.79.153.190:443"
62.210.125.163 - - [02/Jun/2024:10:32:03 -0400] "GET /ALBANIANTVUSA/index.m3u8 HTTP/1.1" 404 222 "-" "AppleCoreMedia/1.0.0.9A405 (iPad; U; CPU OS 5_0_1 like Mac OS X; zh_cn)" "tna5.bozztv.com"
95.129.46.151 - - [02/Jun/2024:10:32:08 -0400] "GET /aigaiotv1/index.m3u8 HTTP/1.1" 404 218 "https://ssh101.com/securelive/index.php?id=aigaiotv1" "Lavf/58.45.100" "tna5.bozztv.com"
162.212.176.104 - - [02/Jun/2024:10:32:12 -0400] "GET /crossdomain.xml HTTP/1.1" 200 296 "-" "Mozilla/5.0 (compatible; PRTG Network Monitor (www.paessler.com); Windows)" "tna5.bozztv.com"
95.129.46.151 - - [02/Jun/2024:10:32:19 -0400] "GET /aigaiotv1/index.m3u8 HTTP/1.1" 404 218 "https://ssh101.com/securelive/index.php?id=aigaiotv1" "Lavf/58.45.100" "tna5.bozztv.com"
95.129.46.151 - - [02/Jun/2024:10:32:30 -0400] "GET /aigaiotv1/index.m3u8 HTTP/1.1" 404 218 "https://ssh101.com/securelive/index.php?id=aigaiotv1" "Lavf/58.45.100" "tna5.bozztv.com"
95.129.46.151 - - [02/Jun/2024:10:32:40 -0400] "GET /aigaiotv1/index.m3u8 HTTP/1.1" 404 218 "https://ssh101.com/securelive/index.php?id=aigaiotv1" "Lavf/58.45.100" "tna5.bozztv.com"
95.129.46.151 - - [02/Jun/2024:10:32:51 -0400] "GET /aigaiotv1/index.m3u8 HTTP/1.1" 404 218 "https://ssh101.com/securelive/index.php?id=aigaiotv1" "Lavf/58.45.100" "tna5.bozztv.com"
95.129.46.151 - - [02/Jun/2024:10:33:02 -0400] "GET /aigaiotv1/index.m3u8 HTTP/1.1" 404 218 "https://ssh101.com/securelive/index.php?id=aigaiotv1" "Lavf/58.45.100" "tna5.bozztv.com"
62.210.125.163 - - [02/Jun/2024:10:33:03 -0400] "GET /ALBANIANTVUSA/index.m3u8 HTTP/1.1" 404 222 "-" "AppleCoreMedia/1.0.0.9A405 (iPad; U; CPU OS 5_0_1 like Mac OS X; zh_cn)" "tna5.bozztv.com"
162.212.176.104 - - [02/Jun/2024:10:33:12 -0400] "GET /crossdomain.xml HTTP/1.1" 200 296 "-" "Mozilla/5.0 (compatible; PRTG Network Monitor (www.paessler.com); Windows)" "tna5.bozztv.com"
95.129.46.151 - - [02/Jun/2024:10:33:13 -0400] "GET /aigaiotv1/index.m3u8 HTTP/1.1" 404 218 "https://ssh101.com/securelive/index.php?id=aigaiotv1" "Lavf/58.45.100" "tna5.bozztv.com"
95.129.46.151 - - [02/Jun/2024:10:33:23 -0400] "GET /aigaiotv1/index.m3u8 HTTP/1.1" 404 218 "https://ssh101.com/securelive/index.php?id=aigaiotv1" "Lavf/58.45.100" "tna5.bozztv.com"
95.129.46.151 - - [02/Jun/2024:10:33:34 -0400] "GET /aigaiotv1/index.m3u8 HTTP/1.1" 404 218 "https://ssh101.com/securelive/index.php?id=aigaiotv1" "Lavf/58.45.100" "tna5.bozztv.com"
95.129.46.151 - - [02/Jun/2024:10:33:45 -0400] "GET /aigaiotv1/index.m3u8 HTTP/1.1" 404 218 "https://ssh101.com/securelive/index.php?id=aigaiotv1" "Lavf/58.45.100" "tna5.bozztv.com"
95.129.46.151 - - [02/Jun/2024:10:33:56 -0400] "GET /aigaiotv1/index.m3u8 HTTP/1.1" 404 218 "https://ssh101.com/securelive/index.php?id=aigaiotv1" "Lavf/58.45.100" "tna5.bozztv.com"
62.210.125.163 - - [02/Jun/2024:10:34:02 -0400] "GET /ALBANIANTVUSA/index.m3u8 HTTP/1.1" 404 222 "-" "AppleCoreMedia/1.0.0.9A405 (iPad; U; CPU OS 5_0_1 like Mac OS X; zh_cn)" "tna5.bozztv.com"
95.129.46.151 - - [02/Jun/2024:10:34:06 -0400] "GET /aigaiotv1/index.m3u8 HTTP/1.1" 404 218 "https://ssh101.com/securelive/index.php?id=aigaiotv1" "Lavf/58.45.100" "tna5.bozztv.com"
209.38.28.88 - - [02/Jun/2024:10:34:10 -0400] "\x16\x03\x01" 400 226 "-" "-" "-"
209.38.28.88 - - [02/Jun/2024:10:34:10 -0400] "\x16\x03\x01" 400 226 "-" "-" "-"
209.38.28.88 - - [02/Jun/2024:10:34:11 -0400] "GET / HTTP/1.1" 302 209 "-" "Mozilla/5.0 (Windows NT 10.0; Win64; x64) AppleWebKit/537.36 (KHTML, like Gecko) Chrome/108.0.0.0 Safari/537.36" "208.79.153.189"
162.212.176.104 - - [02/Jun/2024:10:34:12 -0400] "GET /crossdomain.xml HTTP/1.1" 200 296 "-" "Mozilla/5.0 (compatible; PRTG Network Monitor (www.paessler.com); Windows)" "tna5.bozztv.com"
95.129.46.151 - - [02/Jun/2024:10:34:17 -0400] "GET /aigaiotv1/index.m3u8 HTTP/1.1" 404 218 "https://ssh101.com/securelive/index.php?id=aigaiotv1" "Lavf/58.45.100" "tna5.bozztv.com"
209.38.28.88 - - [02/Jun/2024:10:34:20 -0400] "GET /form.html HTTP/1.1" 302 218 "-" "curl/8.1.2" "208.79.153.189"
209.38.28.88 - - [02/Jun/2024:10:34:21 -0400] "GET /upl.php HTTP/1.1" 302 216 "-" "Mozilla/5.0" "208.79.153.189"
209.38.28.88 - - [02/Jun/2024:10:34:22 -0400] "\x16\x03\x01" 400 226 "-" "-" "-"
209.38.28.88 - - [02/Jun/2024:10:34:22 -0400] "GET /geoip/ HTTP/1.1" 302 215 "-" "Mozilla/5.0 (Windows NT 10.0; Win64; x64) AppleWebKit/537.36 (KHTML, like Gecko) Chrome/108.0.0.0 Safari/537.36" "208.79.153.189"
209.38.28.88 - - [02/Jun/2024:10:34:23 -0400] "GET /favicon.ico HTTP/1.1" 302 220 "-" "Mozilla/5.0 (Windows NT 10.0; Win64; x64) AppleWebKit/537.36 (KHTML, like Gecko) Chrome/108.0.0.0 Safari/537.36" "208.79.153.189"
209.38.28.88 - - [02/Jun/2024:10:34:23 -0400] "GET /1.php HTTP/1.1" 302 214 "-" "Mozilla/5.0 (Windows NT 10.0; Win64; x64) AppleWebKit/537.36 (KHTML, like Gecko) Chrome/108.0.0.0 Safari/537.36" "208.79.153.189"
209.38.28.88 - - [02/Jun/2024:10:34:23 -0400] "GET /bundle.js HTTP/1.1" 302 218 "-" "Mozilla/5.0 (Windows NT 10.0; Win64; x64) AppleWebKit/537.36 (KHTML, like Gecko) Chrome/108.0.0.0 Safari/537.36" "208.79.153.189"
209.38.28.88 - - [02/Jun/2024:10:34:24 -0400] "GET /files/ HTTP/1.1" 302 215 "-" "Mozilla/5.0 (Windows NT 10.0; Win64; x64) AppleWebKit/537.36 (KHTML, like Gecko) Chrome/108.0.0.0 Safari/537.36" "208.79.153.189"
209.38.28.88 - - [02/Jun/2024:10:34:25 -0400] "GET /systembc/password.php HTTP/1.1" 302 230 "-" "Mozilla/5.0 (Windows NT 10.0; Win64; x64) AppleWebKit/537.36 (KHTML, like Gecko) Chrome/108.0.0.0 Safari/537.36" "208.79.153.189"
209.38.28.88 - - [02/Jun/2024:10:34:26 -0400] "GET /password.php HTTP/1.1" 302 221 "-" "Mozilla/5.0 (Windows NT 10.0; Win64; x64) AppleWebKit/537.36 (KHTML, like Gecko) Chrome/108.0.0.0 Safari/537.36" "208.79.153.189"
209.38.28.88 - - [02/Jun/2024:10:34:26 -0400] "GET /info.php HTTP/1.1" 302 217 "-" "Mozilla/5.0 (Windows NT 10.0; Win64; x64) AppleWebKit/537.36 (KHTML, like Gecko) Chrome/108.0.0.0 Safari/537.36" "208.79.153.189"
95.129.46.151 - - [02/Jun/2024:10:34:28 -0400] "GET /aigaiotv1/index.m3u8 HTTP/1.1" 404 218 "https://ssh101.com/securelive/index.php?id=aigaiotv1" "Lavf/58.45.100" "tna5.bozztv.com"
95.129.46.151 - - [02/Jun/2024:10:34:39 -0400] "GET /aigaiotv1/index.m3u8 HTTP/1.1" 404 218 "https://ssh101.com/securelive/index.php?id=aigaiotv1" "Lavf/58.45.100" "tna5.bozztv.com"
95.129.46.151 - - [02/Jun/2024:10:34:49 -0400] "GET /aigaiotv1/index.m3u8 HTTP/1.1" 404 218 "https://ssh101.com/securelive/index.php?id=aigaiotv1" "Lavf/58.45.100" "tna5.bozztv.com"
95.129.46.151 - - [02/Jun/2024:10:35:00 -0400] "GET /aigaiotv1/index.m3u8 HTTP/1.1" 404 218 "https://ssh101.com/securelive/index.php?id=aigaiotv1" "Lavf/58.45.100" "tna5.bozztv.com"
62.210.125.163 - - [02/Jun/2024:10:35:02 -0400] "GET /ALBANIANTVUSA/index.m3u8 HTTP/1.1" 404 222 "-" "AppleCoreMedia/1.0.0.9A405 (iPad; U; CPU OS 5_0_1 like Mac OS X; zh_cn)" "tna5.bozztv.com"
95.129.46.151 - - [02/Jun/2024:10:35:11 -0400] "GET /aigaiotv1/index.m3u8 HTTP/1.1" 404 218 "https://ssh101.com/securelive/index.php?id=aigaiotv1" "Lavf/58.45.100" "tna5.bozztv.com"
162.212.176.104 - - [02/Jun/2024:10:35:12 -0400] "GET /crossdomain.xml HTTP/1.1" 200 296 "-" "Mozilla/5.0 (compatible; PRTG Network Monitor (www.paessler.com); Windows)" "tna5.bozztv.com"
95.129.46.151 - - [02/Jun/2024:10:35:22 -0400] "GET /aigaiotv1/index.m3u8 HTTP/1.1" 404 218 "https://ssh101.com/securelive/index.php?id=aigaiotv1" "Lavf/58.45.100" "tna5.bozztv.com"
95.129.46.151 - - [02/Jun/2024:10:35:32 -0400] "GET /aigaiotv1/index.m3u8 HTTP/1.1" 404 218 "https://ssh101.com/securelive/index.php?id=aigaiotv1" "Lavf/58.45.100" "tna5.bozztv.com"
95.129.46.151 - - [02/Jun/2024:10:35:43 -0400] "GET /aigaiotv1/index.m3u8 HTTP/1.1" 404 218 "https://ssh101.com/securelive/index.php?id=aigaiotv1" "Lavf/58.45.100" "tna5.bozztv.com"
95.129.46.151 - - [02/Jun/2024:10:35:54 -0400] "GET /aigaiotv1/index.m3u8 HTTP/1.1" 404 218 "https://ssh101.com/securelive/index.php?id=aigaiotv1" "Lavf/58.45.100" "tna5.bozztv.com"
62.210.125.163 - - [02/Jun/2024:10:36:02 -0400] "GET /ALBANIANTVUSA/index.m3u8 HTTP/1.1" 404 222 "-" "AppleCoreMedia/1.0.0.9A405 (iPad; U; CPU OS 5_0_1 like Mac OS X; zh_cn)" "tna5.bozztv.com"
95.129.46.151 - - [02/Jun/2024:10:36:05 -0400] "GET /aigaiotv1/index.m3u8 HTTP/1.1" 404 218 "https://ssh101.com/securelive/index.php?id=aigaiotv1" "Lavf/58.45.100" "tna5.bozztv.com"
162.212.176.104 - - [02/Jun/2024:10:36:12 -0400] "GET /crossdomain.xml HTTP/1.1" 200 296 "-" "Mozilla/5.0 (compatible; PRTG Network Monitor (www.paessler.com); Windows)" "tna5.bozztv.com"
95.129.46.151 - - [02/Jun/2024:10:36:16 -0400] "GET /aigaiotv1/index.m3u8 HTTP/1.1" 404 218 "https://ssh101.com/securelive/index.php?id=aigaiotv1" "Lavf/58.45.100" "tna5.bozztv.com"
95.129.46.151 - - [02/Jun/2024:10:36:26 -0400] "GET /aigaiotv1/index.m3u8 HTTP/1.1" 404 218 "https://ssh101.com/securelive/index.php?id=aigaiotv1" "Lavf/58.45.100" "tna5.bozztv.com"
95.129.46.151 - - [02/Jun/2024:10:36:37 -0400] "GET /aigaiotv1/index.m3u8 HTTP/1.1" 404 218 "https://ssh101.com/securelive/index.php?id=aigaiotv1" "Lavf/58.45.100" "tna5.bozztv.com"
95.129.46.151 - - [02/Jun/2024:10:36:48 -0400] "GET /aigaiotv1/index.m3u8 HTTP/1.1" 404 218 "https://ssh101.com/securelive/index.php?id=aigaiotv1" "Lavf/58.45.100" "tna5.bozztv.com"
95.129.46.151 - - [02/Jun/2024:10:36:59 -0400] "GET /aigaiotv1/index.m3u8 HTTP/1.1" 404 218 "https://ssh101.com/securelive/index.php?id=aigaiotv1" "Lavf/58.45.100" "tna5.bozztv.com"
62.210.125.163 - - [02/Jun/2024:10:37:03 -0400] "GET /ALBANIANTVUSA/index.m3u8 HTTP/1.1" 404 222 "-" "AppleCoreMedia/1.0.0.9A405 (iPad; U; CPU OS 5_0_1 like Mac OS X; zh_cn)" "tna5.bozztv.com"
95.129.46.151 - - [02/Jun/2024:10:37:09 -0400] "GET /aigaiotv1/index.m3u8 HTTP/1.1" 404 218 "https://ssh101.com/securelive/index.php?id=aigaiotv1" "Lavf/58.45.100" "tna5.bozztv.com"
162.212.176.104 - - [02/Jun/2024:10:37:12 -0400] "GET /crossdomain.xml HTTP/1.1" 200 296 "-" "Mozilla/5.0 (compatible; PRTG Network Monitor (www.paessler.com); Windows)" "tna5.bozztv.com"
95.129.46.151 - - [02/Jun/2024:10:37:20 -0400] "GET /aigaiotv1/index.m3u8 HTTP/1.1" 404 218 "https://ssh101.com/securelive/index.php?id=aigaiotv1" "Lavf/58.45.100" "tna5.bozztv.com"
95.129.46.151 - - [02/Jun/2024:10:37:31 -0400] "GET /aigaiotv1/index.m3u8 HTTP/1.1" 404 218 "https://ssh101.com/securelive/index.php?id=aigaiotv1" "Lavf/58.45.100" "tna5.bozztv.com"
185.191.126.213 - - [02/Jun/2024:10:37:35 -0400] "GET / HTTP/1.1" 302 209 "-" "-" "208.79.153.189:80"
95.129.46.151 - - [02/Jun/2024:10:37:42 -0400] "GET /aigaiotv1/index.m3u8 HTTP/1.1" 404 218 "https://ssh101.com/securelive/index.php?id=aigaiotv1" "Lavf/58.45.100" "tna5.bozztv.com"
95.129.46.151 - - [02/Jun/2024:10:37:52 -0400] "GET /aigaiotv1/index.m3u8 HTTP/1.1" 404 218 "https://ssh101.com/securelive/index.php?id=aigaiotv1" "Lavf/58.45.100" "tna5.bozztv.com"
62.210.125.163 - - [02/Jun/2024:10:38:02 -0400] "GET /ALBANIANTVUSA/index.m3u8 HTTP/1.1" 404 222 "-" "AppleCoreMedia/1.0.0.9A405 (iPad; U; CPU OS 5_0_1 like Mac OS X; zh_cn)" "tna5.bozztv.com"
95.129.46.151 - - [02/Jun/2024:10:38:03 -0400] "GET /aigaiotv1/index.m3u8 HTTP/1.1" 404 218 "https://ssh101.com/securelive/index.php?id=aigaiotv1" "Lavf/58.45.100" "tna5.bozztv.com"
162.212.176.104 - - [02/Jun/2024:10:38:12 -0400] "GET /crossdomain.xml HTTP/1.1" 200 296 "-" "Mozilla/5.0 (compatible; PRTG Network Monitor (www.paessler.com); Windows)" "tna5.bozztv.com"
95.129.46.151 - - [02/Jun/2024:10:38:14 -0400] "GET /aigaiotv1/index.m3u8 HTTP/1.1" 404 218 "https://ssh101.com/securelive/index.php?id=aigaiotv1" "Lavf/58.45.100" "tna5.bozztv.com"
95.129.46.151 - - [02/Jun/2024:10:38:25 -0400] "GET /aigaiotv1/index.m3u8 HTTP/1.1" 404 218 "https://ssh101.com/securelive/index.php?id=aigaiotv1" "Lavf/58.45.100" "tna5.bozztv.com"
95.129.46.151 - - [02/Jun/2024:10:38:35 -0400] "GET /aigaiotv1/index.m3u8 HTTP/1.1" 404 218 "https://ssh101.com/securelive/index.php?id=aigaiotv1" "Lavf/58.45.100" "tna5.bozztv.com"
95.129.46.151 - - [02/Jun/2024:10:38:46 -0400] "GET /aigaiotv1/index.m3u8 HTTP/1.1" 404 218 "https://ssh101.com/securelive/index.php?id=aigaiotv1" "Lavf/58.45.100" "tna5.bozztv.com"
95.129.46.151 - - [02/Jun/2024:10:38:57 -0400] "GET /aigaiotv1/index.m3u8 HTTP/1.1" 404 218 "https://ssh101.com/securelive/index.php?id=aigaiotv1" "Lavf/58.45.100" "tna5.bozztv.com"
62.210.125.163 - - [02/Jun/2024:10:39:02 -0400] "GET /ALBANIANTVUSA/index.m3u8 HTTP/1.1" 404 222 "-" "AppleCoreMedia/1.0.0.9A405 (iPad; U; CPU OS 5_0_1 like Mac OS X; zh_cn)" "tna5.bozztv.com"
95.129.46.151 - - [02/Jun/2024:10:39:08 -0400] "GET /aigaiotv1/index.m3u8 HTTP/1.1" 404 218 "https://ssh101.com/securelive/index.php?id=aigaiotv1" "Lavf/58.45.100" "tna5.bozztv.com"
162.212.176.104 - - [02/Jun/2024:10:39:12 -0400] "GET /crossdomain.xml HTTP/1.1" 200 296 "-" "Mozilla/5.0 (compatible; PRTG Network Monitor (www.paessler.com); Windows)" "tna5.bozztv.com"
95.129.46.151 - - [02/Jun/2024:10:39:18 -0400] "GET /aigaiotv1/index.m3u8 HTTP/1.1" 404 218 "https://ssh101.com/securelive/index.php?id=aigaiotv1" "Lavf/58.45.100" "tna5.bozztv.com"
95.129.46.151 - - [02/Jun/2024:10:39:29 -0400] "GET /aigaiotv1/index.m3u8 HTTP/1.1" 404 218 "https://ssh101.com/securelive/index.php?id=aigaiotv1" "Lavf/58.45.100" "tna5.bozztv.com"
95.129.46.151 - - [02/Jun/2024:10:39:40 -0400] "GET /aigaiotv1/index.m3u8 HTTP/1.1" 404 218 "https://ssh101.com/securelive/index.php?id=aigaiotv1" "Lavf/58.45.100" "tna5.bozztv.com"
95.129.46.151 - - [02/Jun/2024:10:39:51 -0400] "GET /aigaiotv1/index.m3u8 HTTP/1.1" 404 218 "https://ssh101.com/securelive/index.php?id=aigaiotv1" "Lavf/58.45.100" "tna5.bozztv.com"
95.129.46.151 - - [02/Jun/2024:10:40:01 -0400] "GET /aigaiotv1/index.m3u8 HTTP/1.1" 404 218 "https://ssh101.com/securelive/index.php?id=aigaiotv1" "Lavf/58.45.100" "tna5.bozztv.com"
62.210.125.163 - - [02/Jun/2024:10:40:03 -0400] "GET /ALBANIANTVUSA/index.m3u8 HTTP/1.1" 404 222 "-" "AppleCoreMedia/1.0.0.9A405 (iPad; U; CPU OS 5_0_1 like Mac OS X; zh_cn)" "tna5.bozztv.com"
162.212.176.104 - - [02/Jun/2024:10:40:12 -0400] "GET /crossdomain.xml HTTP/1.1" 200 296 "-" "Mozilla/5.0 (compatible; PRTG Network Monitor (www.paessler.com); Windows)" "tna5.bozztv.com"
95.129.46.151 - - [02/Jun/2024:10:40:12 -0400] "GET /aigaiotv1/index.m3u8 HTTP/1.1" 404 218 "https://ssh101.com/securelive/index.php?id=aigaiotv1" "Lavf/58.45.100" "tna5.bozztv.com"
95.129.46.151 - - [02/Jun/2024:10:40:23 -0400] "GET /aigaiotv1/index.m3u8 HTTP/1.1" 404 218 "https://ssh101.com/securelive/index.php?id=aigaiotv1" "Lavf/58.45.100" "tna5.bozztv.com"
95.129.46.151 - - [02/Jun/2024:10:40:34 -0400] "GET /aigaiotv1/index.m3u8 HTTP/1.1" 404 218 "https://ssh101.com/securelive/index.php?id=aigaiotv1" "Lavf/58.45.100" "tna5.bozztv.com"
95.129.46.151 - - [02/Jun/2024:10:40:44 -0400] "GET /aigaiotv1/index.m3u8 HTTP/1.1" 404 218 "https://ssh101.com/securelive/index.php?id=aigaiotv1" "Lavf/58.45.100" "tna5.bozztv.com"
95.129.46.151 - - [02/Jun/2024:10:40:55 -0400] "GET /aigaiotv1/index.m3u8 HTTP/1.1" 404 218 "https://ssh101.com/securelive/index.php?id=aigaiotv1" "Lavf/58.45.100" "tna5.bozztv.com"
62.210.125.163 - - [02/Jun/2024:10:41:02 -0400] "GET /ALBANIANTVUSA/index.m3u8 HTTP/1.1" 404 222 "-" "AppleCoreMedia/1.0.0.9A405 (iPad; U; CPU OS 5_0_1 like Mac OS X; zh_cn)" "tna5.bozztv.com"
95.129.46.151 - - [02/Jun/2024:10:41:06 -0400] "GET /aigaiotv1/index.m3u8 HTTP/1.1" 404 218 "https://ssh101.com/securelive/index.php?id=aigaiotv1" "Lavf/58.45.100" "tna5.bozztv.com"
162.212.176.104 - - [02/Jun/2024:10:41:12 -0400] "GET /crossdomain.xml HTTP/1.1" 200 296 "-" "Mozilla/5.0 (compatible; PRTG Network Monitor (www.paessler.com); Windows)" "tna5.bozztv.com"
95.129.46.151 - - [02/Jun/2024:10:41:17 -0400] "GET /aigaiotv1/index.m3u8 HTTP/1.1" 404 218 "https://ssh101.com/securelive/index.php?id=aigaiotv1" "Lavf/58.45.100" "tna5.bozztv.com"
95.129.46.151 - - [02/Jun/2024:10:41:27 -0400] "GET /aigaiotv1/index.m3u8 HTTP/1.1" 404 218 "https://ssh101.com/securelive/index.php?id=aigaiotv1" "Lavf/58.45.100" "tna5.bozztv.com"
95.129.46.151 - - [02/Jun/2024:10:41:38 -0400] "GET /aigaiotv1/index.m3u8 HTTP/1.1" 404 218 "https://ssh101.com/securelive/index.php?id=aigaiotv1" "Lavf/58.45.100" "tna5.bozztv.com"
95.129.46.151 - - [02/Jun/2024:10:41:49 -0400] "GET /aigaiotv1/index.m3u8 HTTP/1.1" 404 218 "https://ssh101.com/securelive/index.php?id=aigaiotv1" "Lavf/58.45.100" "tna5.bozztv.com"
95.129.46.151 - - [02/Jun/2024:10:42:00 -0400] "GET /aigaiotv1/index.m3u8 HTTP/1.1" 404 218 "https://ssh101.com/securelive/index.php?id=aigaiotv1" "Lavf/58.45.100" "tna5.bozztv.com"
62.210.125.163 - - [02/Jun/2024:10:42:02 -0400] "GET /ALBANIANTVUSA/index.m3u8 HTTP/1.1" 404 222 "-" "AppleCoreMedia/1.0.0.9A405 (iPad; U; CPU OS 5_0_1 like Mac OS X; zh_cn)" "tna5.bozztv.com"
77.83.38.247 - - [02/Jun/2024:10:42:05 -0400] "GET /jesstv/index.m3u8 HTTP/1.1" 404 215 "-" "Mozilla/5.0" "tna5.bozztv.com"
77.83.38.247 - - [02/Jun/2024:10:42:09 -0400] "GET /jesstv/index.m3u8 HTTP/1.1" 404 215 "-" "Mozilla/5.0" "tna5.bozztv.com"
95.129.46.151 - - [02/Jun/2024:10:42:10 -0400] "GET /aigaiotv1/index.m3u8 HTTP/1.1" 404 218 "https://ssh101.com/securelive/index.php?id=aigaiotv1" "Lavf/58.45.100" "tna5.bozztv.com"
162.212.176.104 - - [02/Jun/2024:10:42:12 -0400] "GET /crossdomain.xml HTTP/1.1" 200 296 "-" "Mozilla/5.0 (compatible; PRTG Network Monitor (www.paessler.com); Windows)" "tna5.bozztv.com"
95.129.46.151 - - [02/Jun/2024:10:42:21 -0400] "GET /aigaiotv1/index.m3u8 HTTP/1.1" 404 218 "https://ssh101.com/securelive/index.php?id=aigaiotv1" "Lavf/58.45.100" "tna5.bozztv.com"
95.129.46.151 - - [02/Jun/2024:10:42:32 -0400] "GET /aigaiotv1/index.m3u8 HTTP/1.1" 404 218 "https://ssh101.com/securelive/index.php?id=aigaiotv1" "Lavf/58.45.100" "tna5.bozztv.com"
95.129.46.151 - - [02/Jun/2024:10:42:43 -0400] "GET /aigaiotv1/index.m3u8 HTTP/1.1" 404 218 "https://ssh101.com/securelive/index.php?id=aigaiotv1" "Lavf/58.45.100" "tna5.bozztv.com"
95.129.46.151 - - [02/Jun/2024:10:42:53 -0400] "GET /aigaiotv1/index.m3u8 HTTP/1.1" 404 218 "https://ssh101.com/securelive/index.php?id=aigaiotv1" "Lavf/58.45.100" "tna5.bozztv.com"
62.210.125.163 - - [02/Jun/2024:10:43:02 -0400] "GET /ALBANIANTVUSA/index.m3u8 HTTP/1.1" 404 222 "-" "AppleCoreMedia/1.0.0.9A405 (iPad; U; CPU OS 5_0_1 like Mac OS X; zh_cn)" "tna5.bozztv.com"
95.129.46.151 - - [02/Jun/2024:10:43:04 -0400] "GET /aigaiotv1/index.m3u8 HTTP/1.1" 404 218 "https://ssh101.com/securelive/index.php?id=aigaiotv1" "Lavf/58.45.100" "tna5.bozztv.com"
162.212.176.104 - - [02/Jun/2024:10:43:12 -0400] "GET /crossdomain.xml HTTP/1.1" 200 296 "-" "Mozilla/5.0 (compatible; PRTG Network Monitor (www.paessler.com); Windows)" "tna5.bozztv.com"
95.129.46.151 - - [02/Jun/2024:10:43:15 -0400] "GET /aigaiotv1/index.m3u8 HTTP/1.1" 404 218 "https://ssh101.com/securelive/index.php?id=aigaiotv1" "Lavf/58.45.100" "tna5.bozztv.com"
95.129.46.151 - - [02/Jun/2024:10:43:26 -0400] "GET /aigaiotv1/index.m3u8 HTTP/1.1" 404 218 "https://ssh101.com/securelive/index.php?id=aigaiotv1" "Lavf/58.45.100" "tna5.bozztv.com"
95.129.46.151 - - [02/Jun/2024:10:43:36 -0400] "GET /aigaiotv1/index.m3u8 HTTP/1.1" 404 218 "https://ssh101.com/securelive/index.php?id=aigaiotv1" "Lavf/58.45.100" "tna5.bozztv.com"
95.129.46.151 - - [02/Jun/2024:10:43:47 -0400] "GET /aigaiotv1/index.m3u8 HTTP/1.1" 404 218 "https://ssh101.com/securelive/index.php?id=aigaiotv1" "Lavf/58.45.100" "tna5.bozztv.com"
95.129.46.151 - - [02/Jun/2024:10:43:58 -0400] "GET /aigaiotv1/index.m3u8 HTTP/1.1" 404 218 "https://ssh101.com/securelive/index.php?id=aigaiotv1" "Lavf/58.45.100" "tna5.bozztv.com"
62.210.125.163 - - [02/Jun/2024:10:44:03 -0400] "GET /ALBANIANTVUSA/index.m3u8 HTTP/1.1" 404 222 "-" "AppleCoreMedia/1.0.0.9A405 (iPad; U; CPU OS 5_0_1 like Mac OS X; zh_cn)" "tna5.bozztv.com"
95.129.46.151 - - [02/Jun/2024:10:44:09 -0400] "GET /aigaiotv1/index.m3u8 HTTP/1.1" 404 218 "https://ssh101.com/securelive/index.php?id=aigaiotv1" "Lavf/58.45.100" "tna5.bozztv.com"
162.212.176.104 - - [02/Jun/2024:10:44:12 -0400] "GET /crossdomain.xml HTTP/1.1" 200 296 "-" "Mozilla/5.0 (compatible; PRTG Network Monitor (www.paessler.com); Windows)" "tna5.bozztv.com"
95.129.46.151 - - [02/Jun/2024:10:44:19 -0400] "GET /aigaiotv1/index.m3u8 HTTP/1.1" 404 218 "https://ssh101.com/securelive/index.php?id=aigaiotv1" "Lavf/58.45.100" "tna5.bozztv.com"
95.129.46.151 - - [02/Jun/2024:10:44:30 -0400] "GET /aigaiotv1/index.m3u8 HTTP/1.1" 404 218 "https://ssh101.com/securelive/index.php?id=aigaiotv1" "Lavf/58.45.100" "tna5.bozztv.com"
95.129.46.151 - - [02/Jun/2024:10:44:41 -0400] "GET /aigaiotv1/index.m3u8 HTTP/1.1" 404 218 "https://ssh101.com/securelive/index.php?id=aigaiotv1" "Lavf/58.45.100" "tna5.bozztv.com"
95.129.46.151 - - [02/Jun/2024:10:44:52 -0400] "GET /aigaiotv1/index.m3u8 HTTP/1.1" 404 218 "https://ssh101.com/securelive/index.php?id=aigaiotv1" "Lavf/58.45.100" "tna5.bozztv.com"
95.129.46.151 - - [02/Jun/2024:10:45:02 -0400] "GET /aigaiotv1/index.m3u8 HTTP/1.1" 404 218 "https://ssh101.com/securelive/index.php?id=aigaiotv1" "Lavf/58.45.100" "tna5.bozztv.com"
62.210.125.163 - - [02/Jun/2024:10:45:03 -0400] "GET /ALBANIANTVUSA/index.m3u8 HTTP/1.1" 404 222 "-" "AppleCoreMedia/1.0.0.9A405 (iPad; U; CPU OS 5_0_1 like Mac OS X; zh_cn)" "tna5.bozztv.com"
162.212.176.104 - - [02/Jun/2024:10:45:12 -0400] "GET /crossdomain.xml HTTP/1.1" 200 296 "-" "Mozilla/5.0 (compatible; PRTG Network Monitor (www.paessler.com); Windows)" "tna5.bozztv.com"
95.129.46.151 - - [02/Jun/2024:10:45:13 -0400] "GET /aigaiotv1/index.m3u8 HTTP/1.1" 404 218 "https://ssh101.com/securelive/index.php?id=aigaiotv1" "Lavf/58.45.100" "tna5.bozztv.com"
95.129.46.151 - - [02/Jun/2024:10:45:24 -0400] "GET /aigaiotv1/index.m3u8 HTTP/1.1" 404 218 "https://ssh101.com/securelive/index.php?id=aigaiotv1" "Lavf/58.45.100" "tna5.bozztv.com"
95.129.46.151 - - [02/Jun/2024:10:45:35 -0400] "GET /aigaiotv1/index.m3u8 HTTP/1.1" 404 218 "https://ssh101.com/securelive/index.php?id=aigaiotv1" "Lavf/58.45.100" "tna5.bozztv.com"
95.129.46.151 - - [02/Jun/2024:10:45:45 -0400] "GET /aigaiotv1/index.m3u8 HTTP/1.1" 404 218 "https://ssh101.com/securelive/index.php?id=aigaiotv1" "Lavf/58.45.100" "tna5.bozztv.com"
95.129.46.151 - - [02/Jun/2024:10:45:56 -0400] "GET /aigaiotv1/index.m3u8 HTTP/1.1" 404 218 "https://ssh101.com/securelive/index.php?id=aigaiotv1" "Lavf/58.45.100" "tna5.bozztv.com"
62.210.125.163 - - [02/Jun/2024:10:46:03 -0400] "GET /ALBANIANTVUSA/index.m3u8 HTTP/1.1" 404 222 "-" "AppleCoreMedia/1.0.0.9A405 (iPad; U; CPU OS 5_0_1 like Mac OS X; zh_cn)" "tna5.bozztv.com"
93.51.35.50 - - [02/Jun/2024:10:46:05 -0400] "GET /TSB3/index.m3u8 HTTP/1.1" 404 213 "-" "Mozilla/5.0 (Windows NT 10.0; Win64; x64) AppleWebKit/537.36 (KHTML, like Gecko) Chrome/71.0.3554.0 Safari/537.36" "tna5.bozztv.com"
95.129.46.151 - - [02/Jun/2024:10:46:07 -0400] "GET /aigaiotv1/index.m3u8 HTTP/1.1" 404 218 "https://ssh101.com/securelive/index.php?id=aigaiotv1" "Lavf/58.45.100" "tna5.bozztv.com"
162.212.176.104 - - [02/Jun/2024:10:46:12 -0400] "GET /crossdomain.xml HTTP/1.1" 200 296 "-" "Mozilla/5.0 (compatible; PRTG Network Monitor (www.paessler.com); Windows)" "tna5.bozztv.com"
95.129.46.151 - - [02/Jun/2024:10:46:18 -0400] "GET /aigaiotv1/index.m3u8 HTTP/1.1" 404 218 "https://ssh101.com/securelive/index.php?id=aigaiotv1" "Lavf/58.45.100" "tna5.bozztv.com"
95.129.46.151 - - [02/Jun/2024:10:46:28 -0400] "GET /aigaiotv1/index.m3u8 HTTP/1.1" 404 218 "https://ssh101.com/securelive/index.php?id=aigaiotv1" "Lavf/58.45.100" "tna5.bozztv.com"
95.129.46.151 - - [02/Jun/2024:10:46:39 -0400] "GET /aigaiotv1/index.m3u8 HTTP/1.1" 404 218 "https://ssh101.com/securelive/index.php?id=aigaiotv1" "Lavf/58.45.100" "tna5.bozztv.com"
95.129.46.151 - - [02/Jun/2024:10:46:50 -0400] "GET /aigaiotv1/index.m3u8 HTTP/1.1" 404 218 "https://ssh101.com/securelive/index.php?id=aigaiotv1" "Lavf/58.45.100" "tna5.bozztv.com"
95.129.46.151 - - [02/Jun/2024:10:47:01 -0400] "GET /aigaiotv1/index.m3u8 HTTP/1.1" 404 218 "https://ssh101.com/securelive/index.php?id=aigaiotv1" "Lavf/58.45.100" "tna5.bozztv.com"
62.210.125.163 - - [02/Jun/2024:10:47:03 -0400] "GET /ALBANIANTVUSA/index.m3u8 HTTP/1.1" 404 222 "-" "AppleCoreMedia/1.0.0.9A405 (iPad; U; CPU OS 5_0_1 like Mac OS X; zh_cn)" "tna5.bozztv.com"
95.129.46.151 - - [02/Jun/2024:10:47:11 -0400] "GET /aigaiotv1/index.m3u8 HTTP/1.1" 404 218 "https://ssh101.com/securelive/index.php?id=aigaiotv1" "Lavf/58.45.100" "tna5.bozztv.com"
162.212.176.104 - - [02/Jun/2024:10:47:12 -0400] "GET /crossdomain.xml HTTP/1.1" 200 296 "-" "Mozilla/5.0 (compatible; PRTG Network Monitor (www.paessler.com); Windows)" "tna5.bozztv.com"
95.129.46.151 - - [02/Jun/2024:10:47:22 -0400] "GET /aigaiotv1/index.m3u8 HTTP/1.1" 404 218 "https://ssh101.com/securelive/index.php?id=aigaiotv1" "Lavf/58.45.100" "tna5.bozztv.com"
95.129.46.151 - - [02/Jun/2024:10:47:33 -0400] "GET /aigaiotv1/index.m3u8 HTTP/1.1" 404 218 "https://ssh101.com/securelive/index.php?id=aigaiotv1" "Lavf/58.45.100" "tna5.bozztv.com"
95.129.46.151 - - [02/Jun/2024:10:47:44 -0400] "GET /aigaiotv1/index.m3u8 HTTP/1.1" 404 218 "https://ssh101.com/securelive/index.php?id=aigaiotv1" "Lavf/58.45.100" "tna5.bozztv.com"
95.129.46.151 - - [02/Jun/2024:10:47:54 -0400] "GET /aigaiotv1/index.m3u8 HTTP/1.1" 404 218 "https://ssh101.com/securelive/index.php?id=aigaiotv1" "Lavf/58.45.100" "tna5.bozztv.com"
62.210.125.163 - - [02/Jun/2024:10:48:03 -0400] "GET /ALBANIANTVUSA/index.m3u8 HTTP/1.1" 404 222 "-" "AppleCoreMedia/1.0.0.9A405 (iPad; U; CPU OS 5_0_1 like Mac OS X; zh_cn)" "tna5.bozztv.com"
95.129.46.151 - - [02/Jun/2024:10:48:05 -0400] "GET /aigaiotv1/index.m3u8 HTTP/1.1" 404 218 "https://ssh101.com/securelive/index.php?id=aigaiotv1" "Lavf/58.45.100" "tna5.bozztv.com"
162.212.176.104 - - [02/Jun/2024:10:48:12 -0400] "GET /crossdomain.xml HTTP/1.1" 200 296 "-" "Mozilla/5.0 (compatible; PRTG Network Monitor (www.paessler.com); Windows)" "tna5.bozztv.com"
95.129.46.151 - - [02/Jun/2024:10:48:16 -0400] "GET /aigaiotv1/index.m3u8 HTTP/1.1" 404 218 "https://ssh101.com/securelive/index.php?id=aigaiotv1" "Lavf/58.45.100" "tna5.bozztv.com"
95.129.46.151 - - [02/Jun/2024:10:48:27 -0400] "GET /aigaiotv1/index.m3u8 HTTP/1.1" 404 218 "https://ssh101.com/securelive/index.php?id=aigaiotv1" "Lavf/58.45.100" "tna5.bozztv.com"
95.129.46.151 - - [02/Jun/2024:10:48:37 -0400] "GET /aigaiotv1/index.m3u8 HTTP/1.1" 404 218 "https://ssh101.com/securelive/index.php?id=aigaiotv1" "Lavf/58.45.100" "tna5.bozztv.com"
95.129.46.151 - - [02/Jun/2024:10:48:48 -0400] "GET /aigaiotv1/index.m3u8 HTTP/1.1" 404 218 "https://ssh101.com/securelive/index.php?id=aigaiotv1" "Lavf/58.45.100" "tna5.bozztv.com"
95.129.46.151 - - [02/Jun/2024:10:48:59 -0400] "GET /aigaiotv1/index.m3u8 HTTP/1.1" 404 218 "https://ssh101.com/securelive/index.php?id=aigaiotv1" "Lavf/58.45.100" "tna5.bozztv.com"
62.210.125.163 - - [02/Jun/2024:10:49:03 -0400] "GET /ALBANIANTVUSA/index.m3u8 HTTP/1.1" 404 222 "-" "AppleCoreMedia/1.0.0.9A405 (iPad; U; CPU OS 5_0_1 like Mac OS X; zh_cn)" "tna5.bozztv.com"
95.129.46.151 - - [02/Jun/2024:10:49:10 -0400] "GET /aigaiotv1/index.m3u8 HTTP/1.1" 404 218 "https://ssh101.com/securelive/index.php?id=aigaiotv1" "Lavf/58.45.100" "tna5.bozztv.com"
162.212.176.104 - - [02/Jun/2024:10:49:12 -0400] "GET /crossdomain.xml HTTP/1.1" 200 296 "-" "Mozilla/5.0 (compatible; PRTG Network Monitor (www.paessler.com); Windows)" "tna5.bozztv.com"
83.97.73.245 - - [02/Jun/2024:10:49:16 -0400] "\x16\x03\x01" 400 226 "-" "-" "-"
95.129.46.151 - - [02/Jun/2024:10:49:20 -0400] "GET /aigaiotv1/index.m3u8 HTTP/1.1" 404 218 "https://ssh101.com/securelive/index.php?id=aigaiotv1" "Lavf/58.45.100" "tna5.bozztv.com"
95.129.46.151 - - [02/Jun/2024:10:49:31 -0400] "GET /aigaiotv1/index.m3u8 HTTP/1.1" 404 218 "https://ssh101.com/securelive/index.php?id=aigaiotv1" "Lavf/58.45.100" "tna5.bozztv.com"
95.129.46.151 - - [02/Jun/2024:10:49:42 -0400] "GET /aigaiotv1/index.m3u8 HTTP/1.1" 404 218 "https://ssh101.com/securelive/index.php?id=aigaiotv1" "Lavf/58.45.100" "tna5.bozztv.com"
95.129.46.151 - - [02/Jun/2024:10:49:53 -0400] "GET /aigaiotv1/index.m3u8 HTTP/1.1" 404 218 "https://ssh101.com/securelive/index.php?id=aigaiotv1" "Lavf/58.45.100" "tna5.bozztv.com"
62.210.125.163 - - [02/Jun/2024:10:50:03 -0400] "GET /ALBANIANTVUSA/index.m3u8 HTTP/1.1" 404 222 "-" "AppleCoreMedia/1.0.0.9A405 (iPad; U; CPU OS 5_0_1 like Mac OS X; zh_cn)" "tna5.bozztv.com"
95.129.46.151 - - [02/Jun/2024:10:50:03 -0400] "GET /aigaiotv1/index.m3u8 HTTP/1.1" 404 218 "https://ssh101.com/securelive/index.php?id=aigaiotv1" "Lavf/58.45.100" "tna5.bozztv.com"
162.212.176.104 - - [02/Jun/2024:10:50:12 -0400] "GET /crossdomain.xml HTTP/1.1" 200 296 "-" "Mozilla/5.0 (compatible; PRTG Network Monitor (www.paessler.com); Windows)" "tna5.bozztv.com"
95.129.46.151 - - [02/Jun/2024:10:50:14 -0400] "GET /aigaiotv1/index.m3u8 HTTP/1.1" 404 218 "https://ssh101.com/securelive/index.php?id=aigaiotv1" "Lavf/58.45.100" "tna5.bozztv.com"
95.129.46.151 - - [02/Jun/2024:10:50:25 -0400] "GET /aigaiotv1/index.m3u8 HTTP/1.1" 404 218 "https://ssh101.com/securelive/index.php?id=aigaiotv1" "Lavf/58.45.100" "tna5.bozztv.com"
95.129.46.151 - - [02/Jun/2024:10:50:36 -0400] "GET /aigaiotv1/index.m3u8 HTTP/1.1" 404 218 "https://ssh101.com/securelive/index.php?id=aigaiotv1" "Lavf/58.45.100" "tna5.bozztv.com"
95.129.46.151 - - [02/Jun/2024:10:50:46 -0400] "GET /aigaiotv1/index.m3u8 HTTP/1.1" 404 218 "https://ssh101.com/securelive/index.php?id=aigaiotv1" "Lavf/58.45.100" "tna5.bozztv.com"
95.129.46.151 - - [02/Jun/2024:10:50:57 -0400] "GET /aigaiotv1/index.m3u8 HTTP/1.1" 404 218 "https://ssh101.com/securelive/index.php?id=aigaiotv1" "Lavf/58.45.100" "tna5.bozztv.com"
62.210.125.163 - - [02/Jun/2024:10:51:03 -0400] "GET /ALBANIANTVUSA/index.m3u8 HTTP/1.1" 404 222 "-" "AppleCoreMedia/1.0.0.9A405 (iPad; U; CPU OS 5_0_1 like Mac OS X; zh_cn)" "tna5.bozztv.com"
95.129.46.151 - - [02/Jun/2024:10:51:08 -0400] "GET /aigaiotv1/index.m3u8 HTTP/1.1" 404 218 "https://ssh101.com/securelive/index.php?id=aigaiotv1" "Lavf/58.45.100" "tna5.bozztv.com"
162.212.176.104 - - [02/Jun/2024:10:51:12 -0400] "GET /crossdomain.xml HTTP/1.1" 200 296 "-" "Mozilla/5.0 (compatible; PRTG Network Monitor (www.paessler.com); Windows)" "tna5.bozztv.com"
95.129.46.151 - - [02/Jun/2024:10:51:19 -0400] "GET /aigaiotv1/index.m3u8 HTTP/1.1" 404 218 "https://ssh101.com/securelive/index.php?id=aigaiotv1" "Lavf/58.45.100" "tna5.bozztv.com"
95.129.46.151 - - [02/Jun/2024:10:51:29 -0400] "GET /aigaiotv1/index.m3u8 HTTP/1.1" 404 218 "https://ssh101.com/securelive/index.php?id=aigaiotv1" "Lavf/58.45.100" "tna5.bozztv.com"
95.129.46.151 - - [02/Jun/2024:10:51:40 -0400] "GET /aigaiotv1/index.m3u8 HTTP/1.1" 404 218 "https://ssh101.com/securelive/index.php?id=aigaiotv1" "Lavf/58.45.100" "tna5.bozztv.com"
95.129.46.151 - - [02/Jun/2024:10:51:51 -0400] "GET /aigaiotv1/index.m3u8 HTTP/1.1" 404 218 "https://ssh101.com/securelive/index.php?id=aigaiotv1" "Lavf/58.45.100" "tna5.bozztv.com"
