95.129.46.151 - - [02/Jun/2024:14:07:33 -0400] "GET /aigaiotv1/index.m3u8 HTTP/1.1" 404 218 "https://ssh101.com/securelive/index.php?id=aigaiotv1" "Lavf/58.45.100" "tna5.bozztv.com"
95.129.46.151 - - [02/Jun/2024:14:07:44 -0400] "GET /aigaiotv1/index.m3u8 HTTP/1.1" 404 218 "https://ssh101.com/securelive/index.php?id=aigaiotv1" "Lavf/58.45.100" "tna5.bozztv.com"
95.129.46.151 - - [02/Jun/2024:14:07:55 -0400] "GET /aigaiotv1/index.m3u8 HTTP/1.1" 404 218 "https://ssh101.com/securelive/index.php?id=aigaiotv1" "Lavf/58.45.100" "tna5.bozztv.com"
105.108.174.127 - - [02/Jun/2024:14:07:57 -0400] "GET /jesstv/index.m3u8 HTTP/1.1" 404 215 "https://ssh101.com/" "Mozilla/5.0 (Linux; Android 6.0; Nexus 5 Build/MRhls Mozilla/5.0 (Linux; Android 10; K) AppleWebKit/537.36 (KHTML, like Gecko) Chrome/116.0.0.0 Mobile Safari/537.36A58N) AppleWebKit/537.36 (KHTML, like Gecko) Chrome/121.0.0.0 Mobile Safari/537.36" "tna5.bozztv.com"
105.108.174.127 - - [02/Jun/2024:14:07:58 -0400] "GET /jesstv/index.m3u8 HTTP/1.1" 404 215 "https://ssh101.com/" "Mozilla/5.0 (Linux; Android 6.0; Nexus 5 Build/MRhls Mozilla/5.0 (Linux; Android 10; K) AppleWebKit/537.36 (KHTML, like Gecko) Chrome/116.0.0.0 Mobile Safari/537.36A58N) AppleWebKit/537.36 (KHTML, like Gecko) Chrome/121.0.0.0 Mobile Safari/537.36" "tna5.bozztv.com"
105.108.174.127 - - [02/Jun/2024:14:08:00 -0400] "GET /jesstv/index.m3u8 HTTP/1.1" 404 215 "https://ssh101.com/" "Mozilla/5.0 (Linux; Android 6.0; Nexus 5 Build/MRhls Mozilla/5.0 (Linux; Android 10; K) AppleWebKit/537.36 (KHTML, like Gecko) Chrome/116.0.0.0 Mobile Safari/537.36A58N) AppleWebKit/537.36 (KHTML, like Gecko) Chrome/121.0.0.0 Mobile Safari/537.36" "tna5.bozztv.com"
105.108.174.127 - - [02/Jun/2024:14:08:02 -0400] "GET /jesstv/index.m3u8 HTTP/1.1" 404 215 "https://ssh101.com/" "Mozilla/5.0 (Linux; Android 6.0; Nexus 5 Build/MRhls Mozilla/5.0 (Linux; Android 10; K) AppleWebKit/537.36 (KHTML, like Gecko) Chrome/116.0.0.0 Mobile Safari/537.36A58N) AppleWebKit/537.36 (KHTML, like Gecko) Chrome/121.0.0.0 Mobile Safari/537.36" "tna5.bozztv.com"
62.210.125.163 - - [02/Jun/2024:14:08:03 -0400] "GET /ALBANIANTVUSA/index.m3u8 HTTP/1.1" 404 222 "-" "AppleCoreMedia/1.0.0.9A405 (iPad; U; CPU OS 5_0_1 like Mac OS X; zh_cn)" "tna5.bozztv.com"
105.108.174.127 - - [02/Jun/2024:14:08:03 -0400] "GET /jesstv/index.m3u8 HTTP/1.1" 404 215 "https://ssh101.com/" "Mozilla/5.0 (Linux; Android 6.0; Nexus 5 Build/MRhls Mozilla/5.0 (Linux; Android 10; K) AppleWebKit/537.36 (KHTML, like Gecko) Chrome/116.0.0.0 Mobile Safari/537.36A58N) AppleWebKit/537.36 (KHTML, like Gecko) Chrome/121.0.0.0 Mobile Safari/537.36" "tna5.bozztv.com"
105.108.174.127 - - [02/Jun/2024:14:08:04 -0400] "GET /jesstv/index.m3u8 HTTP/1.1" 404 215 "https://ssh101.com/" "Mozilla/5.0 (Linux; Android 6.0; Nexus 5 Build/MRhls Mozilla/5.0 (Linux; Android 10; K) AppleWebKit/537.36 (KHTML, like Gecko) Chrome/116.0.0.0 Mobile Safari/537.36A58N) AppleWebKit/537.36 (KHTML, like Gecko) Chrome/121.0.0.0 Mobile Safari/537.36" "tna5.bozztv.com"
95.129.46.151 - - [02/Jun/2024:14:08:06 -0400] "GET /aigaiotv1/index.m3u8 HTTP/1.1" 404 218 "https://ssh101.com/securelive/index.php?id=aigaiotv1" "Lavf/58.45.100" "tna5.bozztv.com"
105.108.174.127 - - [02/Jun/2024:14:08:06 -0400] "GET /jesstv/index.m3u8 HTTP/1.1" 404 215 "https://ssh101.com/" "Mozilla/5.0 (Linux; Android 6.0; Nexus 5 Build/MRhls Mozilla/5.0 (Linux; Android 10; K) AppleWebKit/537.36 (KHTML, like Gecko) Chrome/116.0.0.0 Mobile Safari/537.36A58N) AppleWebKit/537.36 (KHTML, like Gecko) Chrome/121.0.0.0 Mobile Safari/537.36" "tna5.bozztv.com"
105.108.174.127 - - [02/Jun/2024:14:08:09 -0400] "GET /jesstv/index.m3u8 HTTP/1.1" 404 215 "https://ssh101.com/" "Mozilla/5.0 (Linux; Android 6.0; Nexus 5 Build/MRhls Mozilla/5.0 (Linux; Android 10; K) AppleWebKit/537.36 (KHTML, like Gecko) Chrome/116.0.0.0 Mobile Safari/537.36A58N) AppleWebKit/537.36 (KHTML, like Gecko) Chrome/121.0.0.0 Mobile Safari/537.36" "tna5.bozztv.com"
105.108.174.127 - - [02/Jun/2024:14:08:10 -0400] "GET /jesstv/index.m3u8 HTTP/1.1" 404 215 "-" "Mozilla/5.0 (Linux; Android 6.0; Nexus 5 Build/MRhls Mozilla/5.0 (Linux; Android 10; K) AppleWebKit/537.36 (KHTML, like Gecko) Chrome/116.0.0.0 Mobile Safari/537.36A58N) AppleWebKit/537.36 (KHTML, like Gecko) Chrome/121.0.0.0 Mobile Safari/537.36" "tna5.bozztv.com"
105.108.174.127 - - [02/Jun/2024:14:08:10 -0400] "GET /jesstv/index.m3u8 HTTP/1.1" 404 215 "-" "Mozilla/5.0 (Linux; Android 6.0; Nexus 5 Build/MRhls Mozilla/5.0 (Linux; Android 10; K) AppleWebKit/537.36 (KHTML, like Gecko) Chrome/116.0.0.0 Mobile Safari/537.36A58N) AppleWebKit/537.36 (KHTML, like Gecko) Chrome/121.0.0.0 Mobile Safari/537.36" "tna5.bozztv.com"
162.212.176.104 - - [02/Jun/2024:14:08:12 -0400] "GET /crossdomain.xml HTTP/1.1" 200 296 "-" "Mozilla/5.0 (compatible; PRTG Network Monitor (www.paessler.com); Windows)" "tna5.bozztv.com"
105.108.174.127 - - [02/Jun/2024:14:08:12 -0400] "GET /jesstv/index.m3u8 HTTP/1.1" 404 215 "-" "Mozilla/5.0 (Linux; Android 6.0; Nexus 5 Build/MRhls Mozilla/5.0 (Linux; Android 10; K) AppleWebKit/537.36 (KHTML, like Gecko) Chrome/116.0.0.0 Mobile Safari/537.36A58N) AppleWebKit/537.36 (KHTML, like Gecko) Chrome/121.0.0.0 Mobile Safari/537.36" "tna5.bozztv.com"
95.129.46.151 - - [02/Jun/2024:14:08:16 -0400] "GET /aigaiotv1/index.m3u8 HTTP/1.1" 404 218 "https://ssh101.com/securelive/index.php?id=aigaiotv1" "Lavf/58.45.100" "tna5.bozztv.com"
95.129.46.151 - - [02/Jun/2024:14:08:27 -0400] "GET /aigaiotv1/index.m3u8 HTTP/1.1" 404 218 "https://ssh101.com/securelive/index.php?id=aigaiotv1" "Lavf/58.45.100" "tna5.bozztv.com"
95.129.46.151 - - [02/Jun/2024:14:08:38 -0400] "GET /aigaiotv1/index.m3u8 HTTP/1.1" 404 218 "https://ssh101.com/securelive/index.php?id=aigaiotv1" "Lavf/58.45.100" "tna5.bozztv.com"
95.129.46.151 - - [02/Jun/2024:14:08:49 -0400] "GET /aigaiotv1/index.m3u8 HTTP/1.1" 404 218 "https://ssh101.com/securelive/index.php?id=aigaiotv1" "Lavf/58.45.100" "tna5.bozztv.com"
95.129.46.151 - - [02/Jun/2024:14:08:59 -0400] "GET /aigaiotv1/index.m3u8 HTTP/1.1" 404 218 "https://ssh101.com/securelive/index.php?id=aigaiotv1" "Lavf/58.45.100" "tna5.bozztv.com"
62.210.125.163 - - [02/Jun/2024:14:09:02 -0400] "GET /ALBANIANTVUSA/index.m3u8 HTTP/1.1" 404 222 "-" "AppleCoreMedia/1.0.0.9A405 (iPad; U; CPU OS 5_0_1 like Mac OS X; zh_cn)" "tna5.bozztv.com"
95.129.46.151 - - [02/Jun/2024:14:09:10 -0400] "GET /aigaiotv1/index.m3u8 HTTP/1.1" 404 218 "https://ssh101.com/securelive/index.php?id=aigaiotv1" "Lavf/58.45.100" "tna5.bozztv.com"
162.212.176.104 - - [02/Jun/2024:14:09:12 -0400] "GET /crossdomain.xml HTTP/1.1" 200 296 "-" "Mozilla/5.0 (compatible; PRTG Network Monitor (www.paessler.com); Windows)" "tna5.bozztv.com"
95.129.46.151 - - [02/Jun/2024:14:09:21 -0400] "GET /aigaiotv1/index.m3u8 HTTP/1.1" 404 218 "https://ssh101.com/securelive/index.php?id=aigaiotv1" "Lavf/58.45.100" "tna5.bozztv.com"
95.129.46.151 - - [02/Jun/2024:14:09:32 -0400] "GET /aigaiotv1/index.m3u8 HTTP/1.1" 404 218 "https://ssh101.com/securelive/index.php?id=aigaiotv1" "Lavf/58.45.100" "tna5.bozztv.com"
95.129.46.151 - - [02/Jun/2024:14:09:42 -0400] "GET /aigaiotv1/index.m3u8 HTTP/1.1" 404 218 "https://ssh101.com/securelive/index.php?id=aigaiotv1" "Lavf/58.45.100" "tna5.bozztv.com"
95.129.46.151 - - [02/Jun/2024:14:09:53 -0400] "GET /aigaiotv1/index.m3u8 HTTP/1.1" 404 218 "https://ssh101.com/securelive/index.php?id=aigaiotv1" "Lavf/58.45.100" "tna5.bozztv.com"
62.210.125.163 - - [02/Jun/2024:14:10:02 -0400] "GET /ALBANIANTVUSA/index.m3u8 HTTP/1.1" 404 222 "-" "AppleCoreMedia/1.0.0.9A405 (iPad; U; CPU OS 5_0_1 like Mac OS X; zh_cn)" "tna5.bozztv.com"
95.129.46.151 - - [02/Jun/2024:14:10:04 -0400] "GET /aigaiotv1/index.m3u8 HTTP/1.1" 404 218 "https://ssh101.com/securelive/index.php?id=aigaiotv1" "Lavf/58.45.100" "tna5.bozztv.com"
162.212.176.104 - - [02/Jun/2024:14:10:12 -0400] "GET /crossdomain.xml HTTP/1.1" 200 296 "-" "Mozilla/5.0 (compatible; PRTG Network Monitor (www.paessler.com); Windows)" "tna5.bozztv.com"
95.129.46.151 - - [02/Jun/2024:14:10:15 -0400] "GET /aigaiotv1/index.m3u8 HTTP/1.1" 404 218 "https://ssh101.com/securelive/index.php?id=aigaiotv1" "Lavf/58.45.100" "tna5.bozztv.com"
95.129.46.151 - - [02/Jun/2024:14:10:25 -0400] "GET /aigaiotv1/index.m3u8 HTTP/1.1" 404 218 "https://ssh101.com/securelive/index.php?id=aigaiotv1" "Lavf/58.45.100" "tna5.bozztv.com"
197.202.91.112 - - [02/Jun/2024:14:10:27 -0400] "GET /aigaiotv1/index.m3u8 HTTP/1.1" 404 218 "-" "Mozilla/5.0 (Linux; Android 6.0; Nexus 5 Build/MRhls Mozilla/5.0 (Linux; Android 10; K) AppleWebKit/537.36 (KHTML, like Gecko) Chrome/116.0.0.0 Mobile Safari/537.36A58N) AppleWebKit/537.36 (KHTML, like Gecko) Chrome/121.0.0.0 Mobile Safari/537.36" "tna5.bozztv.com"
197.202.91.112 - - [02/Jun/2024:14:10:28 -0400] "GET /aigaiotv1/index.m3u8 HTTP/1.1" 404 218 "-" "Mozilla/5.0 (Linux; Android 6.0; Nexus 5 Build/MRhls Mozilla/5.0 (Linux; Android 10; K) AppleWebKit/537.36 (KHTML, like Gecko) Chrome/116.0.0.0 Mobile Safari/537.36A58N) AppleWebKit/537.36 (KHTML, like Gecko) Chrome/121.0.0.0 Mobile Safari/537.36" "tna5.bozztv.com"
197.202.91.112 - - [02/Jun/2024:14:10:29 -0400] "GET /aigaiotv1/index.m3u8 HTTP/1.1" 404 218 "-" "Mozilla/5.0 (Linux; Android 6.0; Nexus 5 Build/MRhls Mozilla/5.0 (Linux; Android 10; K) AppleWebKit/537.36 (KHTML, like Gecko) Chrome/116.0.0.0 Mobile Safari/537.36A58N) AppleWebKit/537.36 (KHTML, like Gecko) Chrome/121.0.0.0 Mobile Safari/537.36" "tna5.bozztv.com"
197.202.91.112 - - [02/Jun/2024:14:10:32 -0400] "GET /aigaiotv1/index.m3u8 HTTP/1.1" 404 218 "-" "Mozilla/5.0 (Linux; Android 6.0; Nexus 5 Build/MRhls Mozilla/5.0 (Linux; Android 10; K) AppleWebKit/537.36 (KHTML, like Gecko) Chrome/116.0.0.0 Mobile Safari/537.36A58N) AppleWebKit/537.36 (KHTML, like Gecko) Chrome/121.0.0.0 Mobile Safari/537.36" "tna5.bozztv.com"
95.129.46.151 - - [02/Jun/2024:14:10:36 -0400] "GET /aigaiotv1/index.m3u8 HTTP/1.1" 404 218 "https://ssh101.com/securelive/index.php?id=aigaiotv1" "Lavf/58.45.100" "tna5.bozztv.com"
95.129.46.151 - - [02/Jun/2024:14:10:47 -0400] "GET /aigaiotv1/index.m3u8 HTTP/1.1" 404 218 "https://ssh101.com/securelive/index.php?id=aigaiotv1" "Lavf/58.45.100" "tna5.bozztv.com"
95.129.46.151 - - [02/Jun/2024:14:10:58 -0400] "GET /aigaiotv1/index.m3u8 HTTP/1.1" 404 218 "https://ssh101.com/securelive/index.php?id=aigaiotv1" "Lavf/58.45.100" "tna5.bozztv.com"
62.210.125.163 - - [02/Jun/2024:14:11:03 -0400] "GET /ALBANIANTVUSA/index.m3u8 HTTP/1.1" 404 222 "-" "AppleCoreMedia/1.0.0.9A405 (iPad; U; CPU OS 5_0_1 like Mac OS X; zh_cn)" "tna5.bozztv.com"
95.129.46.151 - - [02/Jun/2024:14:11:08 -0400] "GET /aigaiotv1/index.m3u8 HTTP/1.1" 404 218 "https://ssh101.com/securelive/index.php?id=aigaiotv1" "Lavf/58.45.100" "tna5.bozztv.com"
162.212.176.104 - - [02/Jun/2024:14:11:12 -0400] "GET /crossdomain.xml HTTP/1.1" 200 296 "-" "Mozilla/5.0 (compatible; PRTG Network Monitor (www.paessler.com); Windows)" "tna5.bozztv.com"
95.129.46.151 - - [02/Jun/2024:14:11:19 -0400] "GET /aigaiotv1/index.m3u8 HTTP/1.1" 404 218 "https://ssh101.com/securelive/index.php?id=aigaiotv1" "Lavf/58.45.100" "tna5.bozztv.com"
95.129.46.151 - - [02/Jun/2024:14:11:30 -0400] "GET /aigaiotv1/index.m3u8 HTTP/1.1" 404 218 "https://ssh101.com/securelive/index.php?id=aigaiotv1" "Lavf/58.45.100" "tna5.bozztv.com"
87.253.164.82 - - [02/Jun/2024:14:11:30 -0400] "HEAD / HTTP/1.1" 403 - "-" "python-requests/2.25.1" "hls.ssh101.com"
95.129.46.151 - - [02/Jun/2024:14:11:41 -0400] "GET /aigaiotv1/index.m3u8 HTTP/1.1" 404 218 "https://ssh101.com/securelive/index.php?id=aigaiotv1" "Lavf/58.45.100" "tna5.bozztv.com"
95.129.46.151 - - [02/Jun/2024:14:11:51 -0400] "GET /aigaiotv1/index.m3u8 HTTP/1.1" 404 218 "https://ssh101.com/securelive/index.php?id=aigaiotv1" "Lavf/58.45.100" "tna5.bozztv.com"
95.129.46.151 - - [02/Jun/2024:14:12:02 -0400] "GET /aigaiotv1/index.m3u8 HTTP/1.1" 404 218 "https://ssh101.com/securelive/index.php?id=aigaiotv1" "Lavf/58.45.100" "tna5.bozztv.com"
62.210.125.163 - - [02/Jun/2024:14:12:03 -0400] "GET /ALBANIANTVUSA/index.m3u8 HTTP/1.1" 404 222 "-" "AppleCoreMedia/1.0.0.9A405 (iPad; U; CPU OS 5_0_1 like Mac OS X; zh_cn)" "tna5.bozztv.com"
162.212.176.104 - - [02/Jun/2024:14:12:12 -0400] "GET /crossdomain.xml HTTP/1.1" 200 296 "-" "Mozilla/5.0 (compatible; PRTG Network Monitor (www.paessler.com); Windows)" "tna5.bozztv.com"
95.129.46.151 - - [02/Jun/2024:14:12:13 -0400] "GET /aigaiotv1/index.m3u8 HTTP/1.1" 404 218 "https://ssh101.com/securelive/index.php?id=aigaiotv1" "Lavf/58.45.100" "tna5.bozztv.com"
95.129.46.151 - - [02/Jun/2024:14:12:24 -0400] "GET /aigaiotv1/index.m3u8 HTTP/1.1" 404 218 "https://ssh101.com/securelive/index.php?id=aigaiotv1" "Lavf/58.45.100" "tna5.bozztv.com"
95.129.46.151 - - [02/Jun/2024:14:12:34 -0400] "GET /aigaiotv1/index.m3u8 HTTP/1.1" 404 218 "https://ssh101.com/securelive/index.php?id=aigaiotv1" "Lavf/58.45.100" "tna5.bozztv.com"
93.51.35.50 - - [02/Jun/2024:14:12:44 -0400] "GET /TSB3/index.m3u8 HTTP/1.1" 404 213 "-" "Mozilla/5.0 (Windows NT 10.0; Win64; x64) AppleWebKit/537.36 (KHTML, like Gecko) Chrome/71.0.3554.0 Safari/537.36" "tna5.bozztv.com"
95.129.46.151 - - [02/Jun/2024:14:12:45 -0400] "GET /aigaiotv1/index.m3u8 HTTP/1.1" 404 218 "https://ssh101.com/securelive/index.php?id=aigaiotv1" "Lavf/58.45.100" "tna5.bozztv.com"
95.129.46.151 - - [02/Jun/2024:14:12:56 -0400] "GET /aigaiotv1/index.m3u8 HTTP/1.1" 404 218 "https://ssh101.com/securelive/index.php?id=aigaiotv1" "Lavf/58.45.100" "tna5.bozztv.com"
62.210.125.163 - - [02/Jun/2024:14:13:03 -0400] "GET /ALBANIANTVUSA/index.m3u8 HTTP/1.1" 404 222 "-" "AppleCoreMedia/1.0.0.9A405 (iPad; U; CPU OS 5_0_1 like Mac OS X; zh_cn)" "tna5.bozztv.com"
95.129.46.151 - - [02/Jun/2024:14:13:07 -0400] "GET /aigaiotv1/index.m3u8 HTTP/1.1" 404 218 "https://ssh101.com/securelive/index.php?id=aigaiotv1" "Lavf/58.45.100" "tna5.bozztv.com"
162.212.176.104 - - [02/Jun/2024:14:13:12 -0400] "GET /crossdomain.xml HTTP/1.1" 200 296 "-" "Mozilla/5.0 (compatible; PRTG Network Monitor (www.paessler.com); Windows)" "tna5.bozztv.com"
95.129.46.151 - - [02/Jun/2024:14:13:17 -0400] "GET /aigaiotv1/index.m3u8 HTTP/1.1" 404 218 "https://ssh101.com/securelive/index.php?id=aigaiotv1" "Lavf/58.45.100" "tna5.bozztv.com"
95.129.46.151 - - [02/Jun/2024:14:13:28 -0400] "GET /aigaiotv1/index.m3u8 HTTP/1.1" 404 218 "https://ssh101.com/securelive/index.php?id=aigaiotv1" "Lavf/58.45.100" "tna5.bozztv.com"
95.129.46.151 - - [02/Jun/2024:14:13:39 -0400] "GET /aigaiotv1/index.m3u8 HTTP/1.1" 404 218 "https://ssh101.com/securelive/index.php?id=aigaiotv1" "Lavf/58.45.100" "tna5.bozztv.com"
95.129.46.151 - - [02/Jun/2024:14:13:50 -0400] "GET /aigaiotv1/index.m3u8 HTTP/1.1" 404 218 "https://ssh101.com/securelive/index.php?id=aigaiotv1" "Lavf/58.45.100" "tna5.bozztv.com"
95.129.46.151 - - [02/Jun/2024:14:14:00 -0400] "GET /aigaiotv1/index.m3u8 HTTP/1.1" 404 218 "https://ssh101.com/securelive/index.php?id=aigaiotv1" "Lavf/58.45.100" "tna5.bozztv.com"
62.210.125.163 - - [02/Jun/2024:14:14:03 -0400] "GET /ALBANIANTVUSA/index.m3u8 HTTP/1.1" 404 222 "-" "AppleCoreMedia/1.0.0.9A405 (iPad; U; CPU OS 5_0_1 like Mac OS X; zh_cn)" "tna5.bozztv.com"
95.129.46.151 - - [02/Jun/2024:14:14:11 -0400] "GET /aigaiotv1/index.m3u8 HTTP/1.1" 404 218 "https://ssh101.com/securelive/index.php?id=aigaiotv1" "Lavf/58.45.100" "tna5.bozztv.com"
162.212.176.104 - - [02/Jun/2024:14:14:12 -0400] "GET /crossdomain.xml HTTP/1.1" 200 296 "-" "Mozilla/5.0 (compatible; PRTG Network Monitor (www.paessler.com); Windows)" "tna5.bozztv.com"
95.129.46.151 - - [02/Jun/2024:14:14:22 -0400] "GET /aigaiotv1/index.m3u8 HTTP/1.1" 404 218 "https://ssh101.com/securelive/index.php?id=aigaiotv1" "Lavf/58.45.100" "tna5.bozztv.com"
95.129.46.151 - - [02/Jun/2024:14:14:33 -0400] "GET /aigaiotv1/index.m3u8 HTTP/1.1" 404 218 "https://ssh101.com/securelive/index.php?id=aigaiotv1" "Lavf/58.45.100" "tna5.bozztv.com"
95.129.46.151 - - [02/Jun/2024:14:14:43 -0400] "GET /aigaiotv1/index.m3u8 HTTP/1.1" 404 218 "https://ssh101.com/securelive/index.php?id=aigaiotv1" "Lavf/58.45.100" "tna5.bozztv.com"
95.129.46.151 - - [02/Jun/2024:14:14:54 -0400] "GET /aigaiotv1/index.m3u8 HTTP/1.1" 404 218 "https://ssh101.com/securelive/index.php?id=aigaiotv1" "Lavf/58.45.100" "tna5.bozztv.com"
36.182.49.112 - - [02/Jun/2024:14:14:57 -0400] "\x16\x03\x01" 400 226 "-" "-" "-"
62.210.125.163 - - [02/Jun/2024:14:15:02 -0400] "GET /ALBANIANTVUSA/index.m3u8 HTTP/1.1" 404 222 "-" "AppleCoreMedia/1.0.0.9A405 (iPad; U; CPU OS 5_0_1 like Mac OS X; zh_cn)" "tna5.bozztv.com"
95.129.46.151 - - [02/Jun/2024:14:15:05 -0400] "GET /aigaiotv1/index.m3u8 HTTP/1.1" 404 218 "https://ssh101.com/securelive/index.php?id=aigaiotv1" "Lavf/58.45.100" "tna5.bozztv.com"
162.212.176.104 - - [02/Jun/2024:14:15:12 -0400] "GET /crossdomain.xml HTTP/1.1" 200 296 "-" "Mozilla/5.0 (compatible; PRTG Network Monitor (www.paessler.com); Windows)" "tna5.bozztv.com"
95.129.46.151 - - [02/Jun/2024:14:15:16 -0400] "GET /aigaiotv1/index.m3u8 HTTP/1.1" 404 218 "https://ssh101.com/securelive/index.php?id=aigaiotv1" "Lavf/58.45.100" "tna5.bozztv.com"
95.129.46.151 - - [02/Jun/2024:14:15:26 -0400] "GET /aigaiotv1/index.m3u8 HTTP/1.1" 404 218 "https://ssh101.com/securelive/index.php?id=aigaiotv1" "Lavf/58.45.100" "tna5.bozztv.com"
95.129.46.151 - - [02/Jun/2024:14:15:37 -0400] "GET /aigaiotv1/index.m3u8 HTTP/1.1" 404 218 "https://ssh101.com/securelive/index.php?id=aigaiotv1" "Lavf/58.45.100" "tna5.bozztv.com"
95.129.46.151 - - [02/Jun/2024:14:15:48 -0400] "GET /aigaiotv1/index.m3u8 HTTP/1.1" 404 218 "https://ssh101.com/securelive/index.php?id=aigaiotv1" "Lavf/58.45.100" "tna5.bozztv.com"
95.129.46.151 - - [02/Jun/2024:14:15:59 -0400] "GET /aigaiotv1/index.m3u8 HTTP/1.1" 404 218 "https://ssh101.com/securelive/index.php?id=aigaiotv1" "Lavf/58.45.100" "tna5.bozztv.com"
62.210.125.163 - - [02/Jun/2024:14:16:03 -0400] "GET /ALBANIANTVUSA/index.m3u8 HTTP/1.1" 404 222 "-" "AppleCoreMedia/1.0.0.9A405 (iPad; U; CPU OS 5_0_1 like Mac OS X; zh_cn)" "tna5.bozztv.com"
95.129.46.151 - - [02/Jun/2024:14:16:09 -0400] "GET /aigaiotv1/index.m3u8 HTTP/1.1" 404 218 "https://ssh101.com/securelive/index.php?id=aigaiotv1" "Lavf/58.45.100" "tna5.bozztv.com"
162.212.176.104 - - [02/Jun/2024:14:16:12 -0400] "GET /crossdomain.xml HTTP/1.1" 200 296 "-" "Mozilla/5.0 (compatible; PRTG Network Monitor (www.paessler.com); Windows)" "tna5.bozztv.com"
95.129.46.151 - - [02/Jun/2024:14:16:20 -0400] "GET /aigaiotv1/index.m3u8 HTTP/1.1" 404 218 "https://ssh101.com/securelive/index.php?id=aigaiotv1" "Lavf/58.45.100" "tna5.bozztv.com"
95.129.46.151 - - [02/Jun/2024:14:16:31 -0400] "GET /aigaiotv1/index.m3u8 HTTP/1.1" 404 218 "https://ssh101.com/securelive/index.php?id=aigaiotv1" "Lavf/58.45.100" "tna5.bozztv.com"
95.129.46.151 - - [02/Jun/2024:14:16:42 -0400] "GET /aigaiotv1/index.m3u8 HTTP/1.1" 404 218 "https://ssh101.com/securelive/index.php?id=aigaiotv1" "Lavf/58.45.100" "tna5.bozztv.com"
95.129.46.151 - - [02/Jun/2024:14:16:52 -0400] "GET /aigaiotv1/index.m3u8 HTTP/1.1" 404 218 "https://ssh101.com/securelive/index.php?id=aigaiotv1" "Lavf/58.45.100" "tna5.bozztv.com"
62.210.125.163 - - [02/Jun/2024:14:17:03 -0400] "GET /ALBANIANTVUSA/index.m3u8 HTTP/1.1" 404 222 "-" "AppleCoreMedia/1.0.0.9A405 (iPad; U; CPU OS 5_0_1 like Mac OS X; zh_cn)" "tna5.bozztv.com"
95.129.46.151 - - [02/Jun/2024:14:17:03 -0400] "GET /aigaiotv1/index.m3u8 HTTP/1.1" 404 218 "https://ssh101.com/securelive/index.php?id=aigaiotv1" "Lavf/58.45.100" "tna5.bozztv.com"
162.212.176.104 - - [02/Jun/2024:14:17:12 -0400] "GET /crossdomain.xml HTTP/1.1" 200 296 "-" "Mozilla/5.0 (compatible; PRTG Network Monitor (www.paessler.com); Windows)" "tna5.bozztv.com"
95.129.46.151 - - [02/Jun/2024:14:17:14 -0400] "GET /aigaiotv1/index.m3u8 HTTP/1.1" 404 218 "https://ssh101.com/securelive/index.php?id=aigaiotv1" "Lavf/58.45.100" "tna5.bozztv.com"
95.129.46.151 - - [02/Jun/2024:14:17:25 -0400] "GET /aigaiotv1/index.m3u8 HTTP/1.1" 404 218 "https://ssh101.com/securelive/index.php?id=aigaiotv1" "Lavf/58.45.100" "tna5.bozztv.com"
95.129.46.151 - - [02/Jun/2024:14:17:35 -0400] "GET /aigaiotv1/index.m3u8 HTTP/1.1" 404 218 "https://ssh101.com/securelive/index.php?id=aigaiotv1" "Lavf/58.45.100" "tna5.bozztv.com"
95.129.46.151 - - [02/Jun/2024:14:17:46 -0400] "GET /aigaiotv1/index.m3u8 HTTP/1.1" 404 218 "https://ssh101.com/securelive/index.php?id=aigaiotv1" "Lavf/58.45.100" "tna5.bozztv.com"
95.129.46.151 - - [02/Jun/2024:14:17:57 -0400] "GET /aigaiotv1/index.m3u8 HTTP/1.1" 404 218 "https://ssh101.com/securelive/index.php?id=aigaiotv1" "Lavf/58.45.100" "tna5.bozztv.com"
62.210.125.163 - - [02/Jun/2024:14:18:02 -0400] "GET /ALBANIANTVUSA/index.m3u8 HTTP/1.1" 404 222 "-" "AppleCoreMedia/1.0.0.9A405 (iPad; U; CPU OS 5_0_1 like Mac OS X; zh_cn)" "tna5.bozztv.com"
95.129.46.151 - - [02/Jun/2024:14:18:08 -0400] "GET /aigaiotv1/index.m3u8 HTTP/1.1" 404 218 "https://ssh101.com/securelive/index.php?id=aigaiotv1" "Lavf/58.45.100" "tna5.bozztv.com"
162.212.176.104 - - [02/Jun/2024:14:18:12 -0400] "GET /crossdomain.xml HTTP/1.1" 200 296 "-" "Mozilla/5.0 (compatible; PRTG Network Monitor (www.paessler.com); Windows)" "tna5.bozztv.com"
95.129.46.151 - - [02/Jun/2024:14:18:18 -0400] "GET /aigaiotv1/index.m3u8 HTTP/1.1" 404 218 "https://ssh101.com/securelive/index.php?id=aigaiotv1" "Lavf/58.45.100" "tna5.bozztv.com"
95.129.46.151 - - [02/Jun/2024:14:18:29 -0400] "GET /aigaiotv1/index.m3u8 HTTP/1.1" 404 218 "https://ssh101.com/securelive/index.php?id=aigaiotv1" "Lavf/58.45.100" "tna5.bozztv.com"
95.129.46.151 - - [02/Jun/2024:14:18:40 -0400] "GET /aigaiotv1/index.m3u8 HTTP/1.1" 404 218 "https://ssh101.com/securelive/index.php?id=aigaiotv1" "Lavf/58.45.100" "tna5.bozztv.com"
95.129.46.151 - - [02/Jun/2024:14:18:50 -0400] "GET /aigaiotv1/index.m3u8 HTTP/1.1" 404 218 "https://ssh101.com/securelive/index.php?id=aigaiotv1" "Lavf/58.45.100" "tna5.bozztv.com"
95.129.46.151 - - [02/Jun/2024:14:19:01 -0400] "GET /aigaiotv1/index.m3u8 HTTP/1.1" 404 218 "https://ssh101.com/securelive/index.php?id=aigaiotv1" "Lavf/58.45.100" "tna5.bozztv.com"
62.210.125.163 - - [02/Jun/2024:14:19:02 -0400] "GET /ALBANIANTVUSA/index.m3u8 HTTP/1.1" 404 222 "-" "AppleCoreMedia/1.0.0.9A405 (iPad; U; CPU OS 5_0_1 like Mac OS X; zh_cn)" "tna5.bozztv.com"
162.212.176.104 - - [02/Jun/2024:14:19:12 -0400] "GET /crossdomain.xml HTTP/1.1" 200 296 "-" "Mozilla/5.0 (compatible; PRTG Network Monitor (www.paessler.com); Windows)" "tna5.bozztv.com"
95.129.46.151 - - [02/Jun/2024:14:19:12 -0400] "GET /aigaiotv1/index.m3u8 HTTP/1.1" 404 218 "https://ssh101.com/securelive/index.php?id=aigaiotv1" "Lavf/58.45.100" "tna5.bozztv.com"
95.129.46.151 - - [02/Jun/2024:14:19:23 -0400] "GET /aigaiotv1/index.m3u8 HTTP/1.1" 404 218 "https://ssh101.com/securelive/index.php?id=aigaiotv1" "Lavf/58.45.100" "tna5.bozztv.com"
95.129.46.151 - - [02/Jun/2024:14:19:33 -0400] "GET /aigaiotv1/index.m3u8 HTTP/1.1" 404 218 "https://ssh101.com/securelive/index.php?id=aigaiotv1" "Lavf/58.45.100" "tna5.bozztv.com"
95.129.46.151 - - [02/Jun/2024:14:19:44 -0400] "GET /aigaiotv1/index.m3u8 HTTP/1.1" 404 218 "https://ssh101.com/securelive/index.php?id=aigaiotv1" "Lavf/58.45.100" "tna5.bozztv.com"
93.51.35.50 - - [02/Jun/2024:14:19:48 -0400] "GET /TSB3/index.m3u8 HTTP/1.1" 404 213 "-" "Mozilla/5.0 (Windows NT 10.0; Win64; x64) AppleWebKit/537.36 (KHTML, like Gecko) Chrome/71.0.3554.0 Safari/537.36" "tna5.bozztv.com"
95.129.46.151 - - [02/Jun/2024:14:19:55 -0400] "GET /aigaiotv1/index.m3u8 HTTP/1.1" 404 218 "https://ssh101.com/securelive/index.php?id=aigaiotv1" "Lavf/58.45.100" "tna5.bozztv.com"
62.210.125.163 - - [02/Jun/2024:14:20:02 -0400] "GET /ALBANIANTVUSA/index.m3u8 HTTP/1.1" 404 222 "-" "AppleCoreMedia/1.0.0.9A405 (iPad; U; CPU OS 5_0_1 like Mac OS X; zh_cn)" "tna5.bozztv.com"
95.129.46.151 - - [02/Jun/2024:14:20:06 -0400] "GET /aigaiotv1/index.m3u8 HTTP/1.1" 404 218 "https://ssh101.com/securelive/index.php?id=aigaiotv1" "Lavf/58.45.100" "tna5.bozztv.com"
162.212.176.104 - - [02/Jun/2024:14:20:12 -0400] "GET /crossdomain.xml HTTP/1.1" 200 296 "-" "Mozilla/5.0 (compatible; PRTG Network Monitor (www.paessler.com); Windows)" "tna5.bozztv.com"
95.129.46.151 - - [02/Jun/2024:14:20:16 -0400] "GET /aigaiotv1/index.m3u8 HTTP/1.1" 404 218 "https://ssh101.com/securelive/index.php?id=aigaiotv1" "Lavf/58.45.100" "tna5.bozztv.com"
95.129.46.151 - - [02/Jun/2024:14:20:27 -0400] "GET /aigaiotv1/index.m3u8 HTTP/1.1" 404 218 "https://ssh101.com/securelive/index.php?id=aigaiotv1" "Lavf/58.45.100" "tna5.bozztv.com"
95.129.46.151 - - [02/Jun/2024:14:20:38 -0400] "GET /aigaiotv1/index.m3u8 HTTP/1.1" 404 218 "https://ssh101.com/securelive/index.php?id=aigaiotv1" "Lavf/58.45.100" "tna5.bozztv.com"
95.129.46.151 - - [02/Jun/2024:14:20:49 -0400] "GET /aigaiotv1/index.m3u8 HTTP/1.1" 404 218 "https://ssh101.com/securelive/index.php?id=aigaiotv1" "Lavf/58.45.100" "tna5.bozztv.com"
95.129.46.151 - - [02/Jun/2024:14:21:00 -0400] "GET /aigaiotv1/index.m3u8 HTTP/1.1" 404 218 "https://ssh101.com/securelive/index.php?id=aigaiotv1" "Lavf/58.45.100" "tna5.bozztv.com"
62.210.125.163 - - [02/Jun/2024:14:21:02 -0400] "GET /ALBANIANTVUSA/index.m3u8 HTTP/1.1" 404 222 "-" "AppleCoreMedia/1.0.0.9A405 (iPad; U; CPU OS 5_0_1 like Mac OS X; zh_cn)" "tna5.bozztv.com"
95.129.46.151 - - [02/Jun/2024:14:21:10 -0400] "GET /aigaiotv1/index.m3u8 HTTP/1.1" 404 218 "https://ssh101.com/securelive/index.php?id=aigaiotv1" "Lavf/58.45.100" "tna5.bozztv.com"
162.212.176.104 - - [02/Jun/2024:14:21:12 -0400] "GET /crossdomain.xml HTTP/1.1" 200 296 "-" "Mozilla/5.0 (compatible; PRTG Network Monitor (www.paessler.com); Windows)" "tna5.bozztv.com"
95.129.46.151 - - [02/Jun/2024:14:21:21 -0400] "GET /aigaiotv1/index.m3u8 HTTP/1.1" 404 218 "https://ssh101.com/securelive/index.php?id=aigaiotv1" "Lavf/58.45.100" "tna5.bozztv.com"
95.129.46.151 - - [02/Jun/2024:14:21:32 -0400] "GET /aigaiotv1/index.m3u8 HTTP/1.1" 404 218 "https://ssh101.com/securelive/index.php?id=aigaiotv1" "Lavf/58.45.100" "tna5.bozztv.com"
95.129.46.151 - - [02/Jun/2024:14:21:43 -0400] "GET /aigaiotv1/index.m3u8 HTTP/1.1" 404 218 "https://ssh101.com/securelive/index.php?id=aigaiotv1" "Lavf/58.45.100" "tna5.bozztv.com"
95.129.46.151 - - [02/Jun/2024:14:21:53 -0400] "GET /aigaiotv1/index.m3u8 HTTP/1.1" 404 218 "https://ssh101.com/securelive/index.php?id=aigaiotv1" "Lavf/58.45.100" "tna5.bozztv.com"
62.210.125.163 - - [02/Jun/2024:14:22:02 -0400] "GET /ALBANIANTVUSA/index.m3u8 HTTP/1.1" 404 222 "-" "AppleCoreMedia/1.0.0.9A405 (iPad; U; CPU OS 5_0_1 like Mac OS X; zh_cn)" "tna5.bozztv.com"
95.129.46.151 - - [02/Jun/2024:14:22:04 -0400] "GET /aigaiotv1/index.m3u8 HTTP/1.1" 404 218 "https://ssh101.com/securelive/index.php?id=aigaiotv1" "Lavf/58.45.100" "tna5.bozztv.com"
162.212.176.104 - - [02/Jun/2024:14:22:12 -0400] "GET /crossdomain.xml HTTP/1.1" 200 296 "-" "Mozilla/5.0 (compatible; PRTG Network Monitor (www.paessler.com); Windows)" "tna5.bozztv.com"
95.129.46.151 - - [02/Jun/2024:14:22:15 -0400] "GET /aigaiotv1/index.m3u8 HTTP/1.1" 404 218 "https://ssh101.com/securelive/index.php?id=aigaiotv1" "Lavf/58.45.100" "tna5.bozztv.com"
95.129.46.151 - - [02/Jun/2024:14:22:26 -0400] "GET /aigaiotv1/index.m3u8 HTTP/1.1" 404 218 "https://ssh101.com/securelive/index.php?id=aigaiotv1" "Lavf/58.45.100" "tna5.bozztv.com"
95.129.46.151 - - [02/Jun/2024:14:22:36 -0400] "GET /aigaiotv1/index.m3u8 HTTP/1.1" 404 218 "https://ssh101.com/securelive/index.php?id=aigaiotv1" "Lavf/58.45.100" "tna5.bozztv.com"
95.129.46.151 - - [02/Jun/2024:14:22:47 -0400] "GET /aigaiotv1/index.m3u8 HTTP/1.1" 404 218 "https://ssh101.com/securelive/index.php?id=aigaiotv1" "Lavf/58.45.100" "tna5.bozztv.com"
95.129.46.151 - - [02/Jun/2024:14:22:58 -0400] "GET /aigaiotv1/index.m3u8 HTTP/1.1" 404 218 "https://ssh101.com/securelive/index.php?id=aigaiotv1" "Lavf/58.45.100" "tna5.bozztv.com"
62.210.125.163 - - [02/Jun/2024:14:23:03 -0400] "GET /ALBANIANTVUSA/index.m3u8 HTTP/1.1" 404 222 "-" "AppleCoreMedia/1.0.0.9A405 (iPad; U; CPU OS 5_0_1 like Mac OS X; zh_cn)" "tna5.bozztv.com"
95.129.46.151 - - [02/Jun/2024:14:23:09 -0400] "GET /aigaiotv1/index.m3u8 HTTP/1.1" 404 218 "https://ssh101.com/securelive/index.php?id=aigaiotv1" "Lavf/58.45.100" "tna5.bozztv.com"
162.212.176.104 - - [02/Jun/2024:14:23:12 -0400] "GET /crossdomain.xml HTTP/1.1" 200 296 "-" "Mozilla/5.0 (compatible; PRTG Network Monitor (www.paessler.com); Windows)" "tna5.bozztv.com"
95.129.46.151 - - [02/Jun/2024:14:23:19 -0400] "GET /aigaiotv1/index.m3u8 HTTP/1.1" 404 218 "https://ssh101.com/securelive/index.php?id=aigaiotv1" "Lavf/58.45.100" "tna5.bozztv.com"
95.129.46.151 - - [02/Jun/2024:14:23:30 -0400] "GET /aigaiotv1/index.m3u8 HTTP/1.1" 404 218 "https://ssh101.com/securelive/index.php?id=aigaiotv1" "Lavf/58.45.100" "tna5.bozztv.com"
95.129.46.151 - - [02/Jun/2024:14:23:41 -0400] "GET /aigaiotv1/index.m3u8 HTTP/1.1" 404 218 "https://ssh101.com/securelive/index.php?id=aigaiotv1" "Lavf/58.45.100" "tna5.bozztv.com"
95.129.46.151 - - [02/Jun/2024:14:23:52 -0400] "GET /aigaiotv1/index.m3u8 HTTP/1.1" 404 218 "https://ssh101.com/securelive/index.php?id=aigaiotv1" "Lavf/58.45.100" "tna5.bozztv.com"
95.129.46.151 - - [02/Jun/2024:14:24:02 -0400] "GET /aigaiotv1/index.m3u8 HTTP/1.1" 404 218 "https://ssh101.com/securelive/index.php?id=aigaiotv1" "Lavf/58.45.100" "tna5.bozztv.com"
62.210.125.163 - - [02/Jun/2024:14:24:03 -0400] "GET /ALBANIANTVUSA/index.m3u8 HTTP/1.1" 404 222 "-" "AppleCoreMedia/1.0.0.9A405 (iPad; U; CPU OS 5_0_1 like Mac OS X; zh_cn)" "tna5.bozztv.com"
162.212.176.104 - - [02/Jun/2024:14:24:12 -0400] "GET /crossdomain.xml HTTP/1.1" 200 296 "-" "Mozilla/5.0 (compatible; PRTG Network Monitor (www.paessler.com); Windows)" "tna5.bozztv.com"
95.129.46.151 - - [02/Jun/2024:14:24:13 -0400] "GET /aigaiotv1/index.m3u8 HTTP/1.1" 404 218 "https://ssh101.com/securelive/index.php?id=aigaiotv1" "Lavf/58.45.100" "tna5.bozztv.com"
95.129.46.151 - - [02/Jun/2024:14:24:24 -0400] "GET /aigaiotv1/index.m3u8 HTTP/1.1" 404 218 "https://ssh101.com/securelive/index.php?id=aigaiotv1" "Lavf/58.45.100" "tna5.bozztv.com"
95.129.46.151 - - [02/Jun/2024:14:24:35 -0400] "GET /aigaiotv1/index.m3u8 HTTP/1.1" 404 218 "https://ssh101.com/securelive/index.php?id=aigaiotv1" "Lavf/58.45.100" "tna5.bozztv.com"
66.240.205.34 - - [02/Jun/2024:14:24:36 -0400] "Gh0st\xad" 400 226 "-" "-" "-"
95.129.46.151 - - [02/Jun/2024:14:24:45 -0400] "GET /aigaiotv1/index.m3u8 HTTP/1.1" 404 218 "https://ssh101.com/securelive/index.php?id=aigaiotv1" "Lavf/58.45.100" "tna5.bozztv.com"
95.129.46.151 - - [02/Jun/2024:14:24:56 -0400] "GET /aigaiotv1/index.m3u8 HTTP/1.1" 404 218 "https://ssh101.com/securelive/index.php?id=aigaiotv1" "Lavf/58.45.100" "tna5.bozztv.com"
62.210.125.163 - - [02/Jun/2024:14:25:03 -0400] "GET /ALBANIANTVUSA/index.m3u8 HTTP/1.1" 404 222 "-" "AppleCoreMedia/1.0.0.9A405 (iPad; U; CPU OS 5_0_1 like Mac OS X; zh_cn)" "tna5.bozztv.com"
95.129.46.151 - - [02/Jun/2024:14:25:07 -0400] "GET /aigaiotv1/index.m3u8 HTTP/1.1" 404 218 "https://ssh101.com/securelive/index.php?id=aigaiotv1" "Lavf/58.45.100" "tna5.bozztv.com"
162.212.176.104 - - [02/Jun/2024:14:25:12 -0400] "GET /crossdomain.xml HTTP/1.1" 200 296 "-" "Mozilla/5.0 (compatible; PRTG Network Monitor (www.paessler.com); Windows)" "tna5.bozztv.com"
95.129.46.151 - - [02/Jun/2024:14:25:18 -0400] "GET /aigaiotv1/index.m3u8 HTTP/1.1" 404 218 "https://ssh101.com/securelive/index.php?id=aigaiotv1" "Lavf/58.45.100" "tna5.bozztv.com"
95.129.46.151 - - [02/Jun/2024:14:25:28 -0400] "GET /aigaiotv1/index.m3u8 HTTP/1.1" 404 218 "https://ssh101.com/securelive/index.php?id=aigaiotv1" "Lavf/58.45.100" "tna5.bozztv.com"
95.129.46.151 - - [02/Jun/2024:14:25:39 -0400] "GET /aigaiotv1/index.m3u8 HTTP/1.1" 404 218 "https://ssh101.com/securelive/index.php?id=aigaiotv1" "Lavf/58.45.100" "tna5.bozztv.com"
95.129.46.151 - - [02/Jun/2024:14:25:50 -0400] "GET /aigaiotv1/index.m3u8 HTTP/1.1" 404 218 "https://ssh101.com/securelive/index.php?id=aigaiotv1" "Lavf/58.45.100" "tna5.bozztv.com"
95.129.46.151 - - [02/Jun/2024:14:26:01 -0400] "GET /aigaiotv1/index.m3u8 HTTP/1.1" 404 218 "https://ssh101.com/securelive/index.php?id=aigaiotv1" "Lavf/58.45.100" "tna5.bozztv.com"
62.210.125.163 - - [02/Jun/2024:14:26:03 -0400] "GET /ALBANIANTVUSA/index.m3u8 HTTP/1.1" 404 222 "-" "AppleCoreMedia/1.0.0.9A405 (iPad; U; CPU OS 5_0_1 like Mac OS X; zh_cn)" "tna5.bozztv.com"
95.129.46.151 - - [02/Jun/2024:14:26:11 -0400] "GET /aigaiotv1/index.m3u8 HTTP/1.1" 404 218 "https://ssh101.com/securelive/index.php?id=aigaiotv1" "Lavf/58.45.100" "tna5.bozztv.com"
162.212.176.104 - - [02/Jun/2024:14:26:12 -0400] "GET /crossdomain.xml HTTP/1.1" 200 296 "-" "Mozilla/5.0 (compatible; PRTG Network Monitor (www.paessler.com); Windows)" "tna5.bozztv.com"
95.129.46.151 - - [02/Jun/2024:14:26:22 -0400] "GET /aigaiotv1/index.m3u8 HTTP/1.1" 404 218 "https://ssh101.com/securelive/index.php?id=aigaiotv1" "Lavf/58.45.100" "tna5.bozztv.com"
27.222.11.184 - - [02/Jun/2024:14:26:27 -0400] "\x16\x03\x01" 400 226 "-" "-" "-"
95.129.46.151 - - [02/Jun/2024:14:26:33 -0400] "GET /aigaiotv1/index.m3u8 HTTP/1.1" 404 218 "https://ssh101.com/securelive/index.php?id=aigaiotv1" "Lavf/58.45.100" "tna5.bozztv.com"
95.129.46.151 - - [02/Jun/2024:14:26:44 -0400] "GET /aigaiotv1/index.m3u8 HTTP/1.1" 404 218 "https://ssh101.com/securelive/index.php?id=aigaiotv1" "Lavf/58.45.100" "tna5.bozztv.com"
95.129.46.151 - - [02/Jun/2024:14:26:54 -0400] "GET /aigaiotv1/index.m3u8 HTTP/1.1" 404 218 "https://ssh101.com/securelive/index.php?id=aigaiotv1" "Lavf/58.45.100" "tna5.bozztv.com"
62.210.125.163 - - [02/Jun/2024:14:27:02 -0400] "GET /ALBANIANTVUSA/index.m3u8 HTTP/1.1" 404 222 "-" "AppleCoreMedia/1.0.0.9A405 (iPad; U; CPU OS 5_0_1 like Mac OS X; zh_cn)" "tna5.bozztv.com"
95.129.46.151 - - [02/Jun/2024:14:27:05 -0400] "GET /aigaiotv1/index.m3u8 HTTP/1.1" 404 218 "https://ssh101.com/securelive/index.php?id=aigaiotv1" "Lavf/58.45.100" "tna5.bozztv.com"
162.212.176.104 - - [02/Jun/2024:14:27:12 -0400] "GET /crossdomain.xml HTTP/1.1" 200 296 "-" "Mozilla/5.0 (compatible; PRTG Network Monitor (www.paessler.com); Windows)" "tna5.bozztv.com"
95.129.46.151 - - [02/Jun/2024:14:27:16 -0400] "GET /aigaiotv1/index.m3u8 HTTP/1.1" 404 218 "https://ssh101.com/securelive/index.php?id=aigaiotv1" "Lavf/58.45.100" "tna5.bozztv.com"
95.129.46.151 - - [02/Jun/2024:14:27:27 -0400] "GET /aigaiotv1/index.m3u8 HTTP/1.1" 404 218 "https://ssh101.com/securelive/index.php?id=aigaiotv1" "Lavf/58.45.100" "tna5.bozztv.com"
95.129.46.151 - - [02/Jun/2024:14:27:37 -0400] "GET /aigaiotv1/index.m3u8 HTTP/1.1" 404 218 "https://ssh101.com/securelive/index.php?id=aigaiotv1" "Lavf/58.45.100" "tna5.bozztv.com"
95.129.46.151 - - [02/Jun/2024:14:27:48 -0400] "GET /aigaiotv1/index.m3u8 HTTP/1.1" 404 218 "https://ssh101.com/securelive/index.php?id=aigaiotv1" "Lavf/58.45.100" "tna5.bozztv.com"
95.129.46.151 - - [02/Jun/2024:14:27:59 -0400] "GET /aigaiotv1/index.m3u8 HTTP/1.1" 404 218 "https://ssh101.com/securelive/index.php?id=aigaiotv1" "Lavf/58.45.100" "tna5.bozztv.com"
62.210.125.163 - - [02/Jun/2024:14:28:03 -0400] "GET /ALBANIANTVUSA/index.m3u8 HTTP/1.1" 404 222 "-" "AppleCoreMedia/1.0.0.9A405 (iPad; U; CPU OS 5_0_1 like Mac OS X; zh_cn)" "tna5.bozztv.com"
95.129.46.151 - - [02/Jun/2024:14:28:10 -0400] "GET /aigaiotv1/index.m3u8 HTTP/1.1" 404 218 "https://ssh101.com/securelive/index.php?id=aigaiotv1" "Lavf/58.45.100" "tna5.bozztv.com"
162.212.176.104 - - [02/Jun/2024:14:28:12 -0400] "GET /crossdomain.xml HTTP/1.1" 200 296 "-" "Mozilla/5.0 (compatible; PRTG Network Monitor (www.paessler.com); Windows)" "tna5.bozztv.com"
95.129.46.151 - - [02/Jun/2024:14:28:20 -0400] "GET /aigaiotv1/index.m3u8 HTTP/1.1" 404 218 "https://ssh101.com/securelive/index.php?id=aigaiotv1" "Lavf/58.45.100" "tna5.bozztv.com"
95.129.46.151 - - [02/Jun/2024:14:28:31 -0400] "GET /aigaiotv1/index.m3u8 HTTP/1.1" 404 218 "https://ssh101.com/securelive/index.php?id=aigaiotv1" "Lavf/58.45.100" "tna5.bozztv.com"
95.129.46.151 - - [02/Jun/2024:14:28:42 -0400] "GET /aigaiotv1/index.m3u8 HTTP/1.1" 404 218 "https://ssh101.com/securelive/index.php?id=aigaiotv1" "Lavf/58.45.100" "tna5.bozztv.com"
95.129.46.151 - - [02/Jun/2024:14:28:53 -0400] "GET /aigaiotv1/index.m3u8 HTTP/1.1" 404 218 "https://ssh101.com/securelive/index.php?id=aigaiotv1" "Lavf/58.45.100" "tna5.bozztv.com"
62.210.125.163 - - [02/Jun/2024:14:29:02 -0400] "GET /ALBANIANTVUSA/index.m3u8 HTTP/1.1" 404 222 "-" "AppleCoreMedia/1.0.0.9A405 (iPad; U; CPU OS 5_0_1 like Mac OS X; zh_cn)" "tna5.bozztv.com"
95.129.46.151 - - [02/Jun/2024:14:29:03 -0400] "GET /aigaiotv1/index.m3u8 HTTP/1.1" 404 218 "https://ssh101.com/securelive/index.php?id=aigaiotv1" "Lavf/58.45.100" "tna5.bozztv.com"
162.212.176.104 - - [02/Jun/2024:14:29:12 -0400] "GET /crossdomain.xml HTTP/1.1" 200 296 "-" "Mozilla/5.0 (compatible; PRTG Network Monitor (www.paessler.com); Windows)" "tna5.bozztv.com"
95.129.46.151 - - [02/Jun/2024:14:29:14 -0400] "GET /aigaiotv1/index.m3u8 HTTP/1.1" 404 218 "https://ssh101.com/securelive/index.php?id=aigaiotv1" "Lavf/58.45.100" "tna5.bozztv.com"
95.129.46.151 - - [02/Jun/2024:14:29:25 -0400] "GET /aigaiotv1/index.m3u8 HTTP/1.1" 404 218 "https://ssh101.com/securelive/index.php?id=aigaiotv1" "Lavf/58.45.100" "tna5.bozztv.com"
95.129.46.151 - - [02/Jun/2024:14:29:36 -0400] "GET /aigaiotv1/index.m3u8 HTTP/1.1" 404 218 "https://ssh101.com/securelive/index.php?id=aigaiotv1" "Lavf/58.45.100" "tna5.bozztv.com"
95.129.46.151 - - [02/Jun/2024:14:29:46 -0400] "GET /aigaiotv1/index.m3u8 HTTP/1.1" 404 218 "https://ssh101.com/securelive/index.php?id=aigaiotv1" "Lavf/58.45.100" "tna5.bozztv.com"
95.129.46.151 - - [02/Jun/2024:14:29:57 -0400] "GET /aigaiotv1/index.m3u8 HTTP/1.1" 404 218 "https://ssh101.com/securelive/index.php?id=aigaiotv1" "Lavf/58.45.100" "tna5.bozztv.com"
62.210.125.163 - - [02/Jun/2024:14:30:03 -0400] "GET /ALBANIANTVUSA/index.m3u8 HTTP/1.1" 404 222 "-" "AppleCoreMedia/1.0.0.9A405 (iPad; U; CPU OS 5_0_1 like Mac OS X; zh_cn)" "tna5.bozztv.com"
95.129.46.151 - - [02/Jun/2024:14:30:08 -0400] "GET /aigaiotv1/index.m3u8 HTTP/1.1" 404 218 "https://ssh101.com/securelive/index.php?id=aigaiotv1" "Lavf/58.45.100" "tna5.bozztv.com"
162.212.176.104 - - [02/Jun/2024:14:30:12 -0400] "GET /crossdomain.xml HTTP/1.1" 200 296 "-" "Mozilla/5.0 (compatible; PRTG Network Monitor (www.paessler.com); Windows)" "tna5.bozztv.com"
77.83.38.247 - - [02/Jun/2024:14:30:12 -0400] "GET /jesstv/index.m3u8 HTTP/1.1" 404 215 "-" "Mozilla/5.0" "tna5.bozztv.com"
95.129.46.151 - - [02/Jun/2024:14:30:19 -0400] "GET /aigaiotv1/index.m3u8 HTTP/1.1" 404 218 "https://ssh101.com/securelive/index.php?id=aigaiotv1" "Lavf/58.45.100" "tna5.bozztv.com"
95.129.46.151 - - [02/Jun/2024:14:30:29 -0400] "GET /aigaiotv1/index.m3u8 HTTP/1.1" 404 218 "https://ssh101.com/securelive/index.php?id=aigaiotv1" "Lavf/58.45.100" "tna5.bozztv.com"
95.129.46.151 - - [02/Jun/2024:14:30:40 -0400] "GET /aigaiotv1/index.m3u8 HTTP/1.1" 404 218 "https://ssh101.com/securelive/index.php?id=aigaiotv1" "Lavf/58.45.100" "tna5.bozztv.com"
95.129.46.151 - - [02/Jun/2024:14:30:51 -0400] "GET /aigaiotv1/index.m3u8 HTTP/1.1" 404 218 "https://ssh101.com/securelive/index.php?id=aigaiotv1" "Lavf/58.45.100" "tna5.bozztv.com"
95.129.46.151 - - [02/Jun/2024:14:31:02 -0400] "GET /aigaiotv1/index.m3u8 HTTP/1.1" 404 218 "https://ssh101.com/securelive/index.php?id=aigaiotv1" "Lavf/58.45.100" "tna5.bozztv.com"
62.210.125.163 - - [02/Jun/2024:14:31:02 -0400] "GET /ALBANIANTVUSA/index.m3u8 HTTP/1.1" 404 222 "-" "AppleCoreMedia/1.0.0.9A405 (iPad; U; CPU OS 5_0_1 like Mac OS X; zh_cn)" "tna5.bozztv.com"
162.212.176.104 - - [02/Jun/2024:14:31:12 -0400] "GET /crossdomain.xml HTTP/1.1" 200 296 "-" "Mozilla/5.0 (compatible; PRTG Network Monitor (www.paessler.com); Windows)" "tna5.bozztv.com"
95.129.46.151 - - [02/Jun/2024:14:31:12 -0400] "GET /aigaiotv1/index.m3u8 HTTP/1.1" 404 218 "https://ssh101.com/securelive/index.php?id=aigaiotv1" "Lavf/58.45.100" "tna5.bozztv.com"
95.129.46.151 - - [02/Jun/2024:14:31:23 -0400] "GET /aigaiotv1/index.m3u8 HTTP/1.1" 404 218 "https://ssh101.com/securelive/index.php?id=aigaiotv1" "Lavf/58.45.100" "tna5.bozztv.com"
95.129.46.151 - - [02/Jun/2024:14:31:34 -0400] "GET /aigaiotv1/index.m3u8 HTTP/1.1" 404 218 "https://ssh101.com/securelive/index.php?id=aigaiotv1" "Lavf/58.45.100" "tna5.bozztv.com"
95.129.46.151 - - [02/Jun/2024:14:31:45 -0400] "GET /aigaiotv1/index.m3u8 HTTP/1.1" 404 218 "https://ssh101.com/securelive/index.php?id=aigaiotv1" "Lavf/58.45.100" "tna5.bozztv.com"
95.129.46.151 - - [02/Jun/2024:14:31:55 -0400] "GET /aigaiotv1/index.m3u8 HTTP/1.1" 404 218 "https://ssh101.com/securelive/index.php?id=aigaiotv1" "Lavf/58.45.100" "tna5.bozztv.com"
62.210.125.163 - - [02/Jun/2024:14:32:02 -0400] "GET /ALBANIANTVUSA/index.m3u8 HTTP/1.1" 404 222 "-" "AppleCoreMedia/1.0.0.9A405 (iPad; U; CPU OS 5_0_1 like Mac OS X; zh_cn)" "tna5.bozztv.com"
95.129.46.151 - - [02/Jun/2024:14:32:06 -0400] "GET /aigaiotv1/index.m3u8 HTTP/1.1" 404 218 "https://ssh101.com/securelive/index.php?id=aigaiotv1" "Lavf/58.45.100" "tna5.bozztv.com"
162.212.176.104 - - [02/Jun/2024:14:32:12 -0400] "GET /crossdomain.xml HTTP/1.1" 200 296 "-" "Mozilla/5.0 (compatible; PRTG Network Monitor (www.paessler.com); Windows)" "tna5.bozztv.com"
198.235.24.112 - - [02/Jun/2024:14:32:12 -0400] "GET / HTTP/1.0" 302 209 "-" "Expanse, a Palo Alto Networks company, searches across the global IPv4 space multiple times per day to identify customers' presences on the Internet. If you would like to be excluded from our scans, please send IP addresses/domains to: scaninfo@paloaltonetworks.com" "-"
95.129.46.151 - - [02/Jun/2024:14:32:17 -0400] "GET /aigaiotv1/index.m3u8 HTTP/1.1" 404 218 "https://ssh101.com/securelive/index.php?id=aigaiotv1" "Lavf/58.45.100" "tna5.bozztv.com"
95.129.46.151 - - [02/Jun/2024:14:32:28 -0400] "GET /aigaiotv1/index.m3u8 HTTP/1.1" 404 218 "https://ssh101.com/securelive/index.php?id=aigaiotv1" "Lavf/58.45.100" "tna5.bozztv.com"
95.129.46.151 - - [02/Jun/2024:14:32:38 -0400] "GET /aigaiotv1/index.m3u8 HTTP/1.1" 404 218 "https://ssh101.com/securelive/index.php?id=aigaiotv1" "Lavf/58.45.100" "tna5.bozztv.com"
95.129.46.151 - - [02/Jun/2024:14:32:49 -0400] "GET /aigaiotv1/index.m3u8 HTTP/1.1" 404 218 "https://ssh101.com/securelive/index.php?id=aigaiotv1" "Lavf/58.45.100" "tna5.bozztv.com"
95.129.46.151 - - [02/Jun/2024:14:33:00 -0400] "GET /aigaiotv1/index.m3u8 HTTP/1.1" 404 218 "https://ssh101.com/securelive/index.php?id=aigaiotv1" "Lavf/58.45.100" "tna5.bozztv.com"
62.210.125.163 - - [02/Jun/2024:14:33:03 -0400] "GET /ALBANIANTVUSA/index.m3u8 HTTP/1.1" 404 222 "-" "AppleCoreMedia/1.0.0.9A405 (iPad; U; CPU OS 5_0_1 like Mac OS X; zh_cn)" "tna5.bozztv.com"
95.129.46.151 - - [02/Jun/2024:14:33:11 -0400] "GET /aigaiotv1/index.m3u8 HTTP/1.1" 404 218 "https://ssh101.com/securelive/index.php?id=aigaiotv1" "Lavf/58.45.100" "tna5.bozztv.com"
162.212.176.104 - - [02/Jun/2024:14:33:12 -0400] "GET /crossdomain.xml HTTP/1.1" 200 296 "-" "Mozilla/5.0 (compatible; PRTG Network Monitor (www.paessler.com); Windows)" "tna5.bozztv.com"
95.129.46.151 - - [02/Jun/2024:14:33:21 -0400] "GET /aigaiotv1/index.m3u8 HTTP/1.1" 404 218 "https://ssh101.com/securelive/index.php?id=aigaiotv1" "Lavf/58.45.100" "tna5.bozztv.com"
95.129.46.151 - - [02/Jun/2024:14:33:32 -0400] "GET /aigaiotv1/index.m3u8 HTTP/1.1" 404 218 "https://ssh101.com/securelive/index.php?id=aigaiotv1" "Lavf/58.45.100" "tna5.bozztv.com"
95.129.46.151 - - [02/Jun/2024:14:33:43 -0400] "GET /aigaiotv1/index.m3u8 HTTP/1.1" 404 218 "https://ssh101.com/securelive/index.php?id=aigaiotv1" "Lavf/58.45.100" "tna5.bozztv.com"
95.129.46.151 - - [02/Jun/2024:14:33:54 -0400] "GET /aigaiotv1/index.m3u8 HTTP/1.1" 404 218 "https://ssh101.com/securelive/index.php?id=aigaiotv1" "Lavf/58.45.100" "tna5.bozztv.com"
62.210.125.163 - - [02/Jun/2024:14:34:03 -0400] "GET /ALBANIANTVUSA/index.m3u8 HTTP/1.1" 404 222 "-" "AppleCoreMedia/1.0.0.9A405 (iPad; U; CPU OS 5_0_1 like Mac OS X; zh_cn)" "tna5.bozztv.com"
95.129.46.151 - - [02/Jun/2024:14:34:04 -0400] "GET /aigaiotv1/index.m3u8 HTTP/1.1" 404 218 "https://ssh101.com/securelive/index.php?id=aigaiotv1" "Lavf/58.45.100" "tna5.bozztv.com"
162.212.176.104 - - [02/Jun/2024:14:34:12 -0400] "GET /crossdomain.xml HTTP/1.1" 200 296 "-" "Mozilla/5.0 (compatible; PRTG Network Monitor (www.paessler.com); Windows)" "tna5.bozztv.com"
95.129.46.151 - - [02/Jun/2024:14:34:15 -0400] "GET /aigaiotv1/index.m3u8 HTTP/1.1" 404 218 "https://ssh101.com/securelive/index.php?id=aigaiotv1" "Lavf/58.45.100" "tna5.bozztv.com"
95.129.46.151 - - [02/Jun/2024:14:34:26 -0400] "GET /aigaiotv1/index.m3u8 HTTP/1.1" 404 218 "https://ssh101.com/securelive/index.php?id=aigaiotv1" "Lavf/58.45.100" "tna5.bozztv.com"
95.129.46.151 - - [02/Jun/2024:14:34:37 -0400] "GET /aigaiotv1/index.m3u8 HTTP/1.1" 404 218 "https://ssh101.com/securelive/index.php?id=aigaiotv1" "Lavf/58.45.100" "tna5.bozztv.com"
95.129.46.151 - - [02/Jun/2024:14:34:47 -0400] "GET /aigaiotv1/index.m3u8 HTTP/1.1" 404 218 "https://ssh101.com/securelive/index.php?id=aigaiotv1" "Lavf/58.45.100" "tna5.bozztv.com"
95.129.46.151 - - [02/Jun/2024:14:34:58 -0400] "GET /aigaiotv1/index.m3u8 HTTP/1.1" 404 218 "https://ssh101.com/securelive/index.php?id=aigaiotv1" "Lavf/58.45.100" "tna5.bozztv.com"
62.210.125.163 - - [02/Jun/2024:14:35:02 -0400] "GET /ALBANIANTVUSA/index.m3u8 HTTP/1.1" 404 222 "-" "AppleCoreMedia/1.0.0.9A405 (iPad; U; CPU OS 5_0_1 like Mac OS X; zh_cn)" "tna5.bozztv.com"
95.129.46.151 - - [02/Jun/2024:14:35:09 -0400] "GET /aigaiotv1/index.m3u8 HTTP/1.1" 404 218 "https://ssh101.com/securelive/index.php?id=aigaiotv1" "Lavf/58.45.100" "tna5.bozztv.com"
162.212.176.104 - - [02/Jun/2024:14:35:12 -0400] "GET /crossdomain.xml HTTP/1.1" 200 296 "-" "Mozilla/5.0 (compatible; PRTG Network Monitor (www.paessler.com); Windows)" "tna5.bozztv.com"
95.129.46.151 - - [02/Jun/2024:14:35:20 -0400] "GET /aigaiotv1/index.m3u8 HTTP/1.1" 404 218 "https://ssh101.com/securelive/index.php?id=aigaiotv1" "Lavf/58.45.100" "tna5.bozztv.com"
95.129.46.151 - - [02/Jun/2024:14:35:30 -0400] "GET /aigaiotv1/index.m3u8 HTTP/1.1" 404 218 "https://ssh101.com/securelive/index.php?id=aigaiotv1" "Lavf/58.45.100" "tna5.bozztv.com"
95.129.46.151 - - [02/Jun/2024:14:35:41 -0400] "GET /aigaiotv1/index.m3u8 HTTP/1.1" 404 218 "https://ssh101.com/securelive/index.php?id=aigaiotv1" "Lavf/58.45.100" "tna5.bozztv.com"
95.129.46.151 - - [02/Jun/2024:14:35:52 -0400] "GET /aigaiotv1/index.m3u8 HTTP/1.1" 404 218 "https://ssh101.com/securelive/index.php?id=aigaiotv1" "Lavf/58.45.100" "tna5.bozztv.com"
95.129.46.151 - - [02/Jun/2024:14:36:03 -0400] "GET /aigaiotv1/index.m3u8 HTTP/1.1" 404 218 "https://ssh101.com/securelive/index.php?id=aigaiotv1" "Lavf/58.45.100" "tna5.bozztv.com"
62.210.125.163 - - [02/Jun/2024:14:36:03 -0400] "GET /ALBANIANTVUSA/index.m3u8 HTTP/1.1" 404 222 "-" "AppleCoreMedia/1.0.0.9A405 (iPad; U; CPU OS 5_0_1 like Mac OS X; zh_cn)" "tna5.bozztv.com"
162.212.176.104 - - [02/Jun/2024:14:36:12 -0400] "GET /crossdomain.xml HTTP/1.1" 200 296 "-" "Mozilla/5.0 (compatible; PRTG Network Monitor (www.paessler.com); Windows)" "tna5.bozztv.com"
95.129.46.151 - - [02/Jun/2024:14:36:13 -0400] "GET /aigaiotv1/index.m3u8 HTTP/1.1" 404 218 "https://ssh101.com/securelive/index.php?id=aigaiotv1" "Lavf/58.45.100" "tna5.bozztv.com"
95.129.46.151 - - [02/Jun/2024:14:36:24 -0400] "GET /aigaiotv1/index.m3u8 HTTP/1.1" 404 218 "https://ssh101.com/securelive/index.php?id=aigaiotv1" "Lavf/58.45.100" "tna5.bozztv.com"
95.129.46.151 - - [02/Jun/2024:14:36:35 -0400] "GET /aigaiotv1/index.m3u8 HTTP/1.1" 404 218 "https://ssh101.com/securelive/index.php?id=aigaiotv1" "Lavf/58.45.100" "tna5.bozztv.com"
95.129.46.151 - - [02/Jun/2024:14:36:46 -0400] "GET /aigaiotv1/index.m3u8 HTTP/1.1" 404 218 "https://ssh101.com/securelive/index.php?id=aigaiotv1" "Lavf/58.45.100" "tna5.bozztv.com"
95.129.46.151 - - [02/Jun/2024:14:36:56 -0400] "GET /aigaiotv1/index.m3u8 HTTP/1.1" 404 218 "https://ssh101.com/securelive/index.php?id=aigaiotv1" "Lavf/58.45.100" "tna5.bozztv.com"
62.210.125.163 - - [02/Jun/2024:14:37:03 -0400] "GET /ALBANIANTVUSA/index.m3u8 HTTP/1.1" 404 222 "-" "AppleCoreMedia/1.0.0.9A405 (iPad; U; CPU OS 5_0_1 like Mac OS X; zh_cn)" "tna5.bozztv.com"
95.129.46.151 - - [02/Jun/2024:14:37:07 -0400] "GET /aigaiotv1/index.m3u8 HTTP/1.1" 404 218 "https://ssh101.com/securelive/index.php?id=aigaiotv1" "Lavf/58.45.100" "tna5.bozztv.com"
162.212.176.104 - - [02/Jun/2024:14:37:12 -0400] "GET /crossdomain.xml HTTP/1.1" 200 296 "-" "Mozilla/5.0 (compatible; PRTG Network Monitor (www.paessler.com); Windows)" "tna5.bozztv.com"
95.129.46.151 - - [02/Jun/2024:14:37:18 -0400] "GET /aigaiotv1/index.m3u8 HTTP/1.1" 404 218 "https://ssh101.com/securelive/index.php?id=aigaiotv1" "Lavf/58.45.100" "tna5.bozztv.com"
138.201.221.138 - - [02/Jun/2024:14:37:24 -0400] "GET /Cusco/index.m3u8 HTTP/1.1" 404 214 "-" "Mozilla/5.0" "tna5.bozztv.com"
95.129.46.151 - - [02/Jun/2024:14:37:29 -0400] "GET /aigaiotv1/index.m3u8 HTTP/1.1" 404 218 "https://ssh101.com/securelive/index.php?id=aigaiotv1" "Lavf/58.45.100" "tna5.bozztv.com"
95.129.46.151 - - [02/Jun/2024:14:37:39 -0400] "GET /aigaiotv1/index.m3u8 HTTP/1.1" 404 218 "https://ssh101.com/securelive/index.php?id=aigaiotv1" "Lavf/58.45.100" "tna5.bozztv.com"
95.129.46.151 - - [02/Jun/2024:14:37:50 -0400] "GET /aigaiotv1/index.m3u8 HTTP/1.1" 404 218 "https://ssh101.com/securelive/index.php?id=aigaiotv1" "Lavf/58.45.100" "tna5.bozztv.com"
95.129.46.151 - - [02/Jun/2024:14:38:01 -0400] "GET /aigaiotv1/index.m3u8 HTTP/1.1" 404 218 "https://ssh101.com/securelive/index.php?id=aigaiotv1" "Lavf/58.45.100" "tna5.bozztv.com"
62.210.125.163 - - [02/Jun/2024:14:38:03 -0400] "GET /ALBANIANTVUSA/index.m3u8 HTTP/1.1" 404 222 "-" "AppleCoreMedia/1.0.0.9A405 (iPad; U; CPU OS 5_0_1 like Mac OS X; zh_cn)" "tna5.bozztv.com"
162.212.176.104 - - [02/Jun/2024:14:38:12 -0400] "GET /crossdomain.xml HTTP/1.1" 200 296 "-" "Mozilla/5.0 (compatible; PRTG Network Monitor (www.paessler.com); Windows)" "tna5.bozztv.com"
