45.88.200.211 - - [07/Apr/2024:08:28:10 -0400] "GET /ssh101/PZLIVE/PZLIVE/playlist.m3u8 HTTP/1.1" 404 232 "-" "vlc" "usb1.ninacdn.com"
45.88.200.211 - - [07/Apr/2024:08:28:23 -0400] "GET /ssh101/PZLIVE/PZLIVE/playlist.m3u8 HTTP/1.1" 404 232 "-" "vlc" "usb1.ninacdn.com"
45.88.200.211 - - [07/Apr/2024:08:28:36 -0400] "GET /ssh101/PZLIVE/PZLIVE/playlist.m3u8 HTTP/1.1" 404 232 "-" "vlc" "usb1.ninacdn.com"
45.88.200.211 - - [07/Apr/2024:08:28:50 -0400] "GET /ssh101/PZLIVE/PZLIVE/playlist.m3u8 HTTP/1.1" 404 232 "-" "vlc" "usb1.ninacdn.com"
45.88.200.211 - - [07/Apr/2024:08:29:03 -0400] "GET /ssh101/PZLIVE/PZLIVE/playlist.m3u8 HTTP/1.1" 404 232 "-" "vlc" "usb1.ninacdn.com"
45.88.200.211 - - [07/Apr/2024:08:29:16 -0400] "GET /ssh101/PZLIVE/PZLIVE/playlist.m3u8 HTTP/1.1" 404 232 "-" "vlc" "usb1.ninacdn.com"
45.88.200.211 - - [07/Apr/2024:08:29:24 -0400] "GET /ssh101/PZLIVE/PZLIVE/playlist.m3u8 HTTP/1.1" 404 232 "-" "Mozilla/5.0 (Macintosh; Intel Mac OS X 10_15_6) AppleWebKit/605.1.15 (KHTML, like Gecko) Version/14.0.1 Safari/605.1.15" "usb1.ninacdn.com"
45.88.200.211 - - [07/Apr/2024:08:29:29 -0400] "GET /ssh101/PZLIVE/PZLIVE/playlist.m3u8 HTTP/1.1" 404 232 "-" "vlc" "usb1.ninacdn.com"
45.88.200.211 - - [07/Apr/2024:08:29:42 -0400] "GET /ssh101/PZLIVE/PZLIVE/playlist.m3u8 HTTP/1.1" 404 232 "-" "vlc" "usb1.ninacdn.com"
45.88.200.211 - - [07/Apr/2024:08:29:55 -0400] "GET /ssh101/PZLIVE/PZLIVE/playlist.m3u8 HTTP/1.1" 404 232 "-" "vlc" "usb1.ninacdn.com"
45.88.200.211 - - [07/Apr/2024:08:30:09 -0400] "GET /ssh101/PZLIVE/PZLIVE/playlist.m3u8 HTTP/1.1" 404 232 "-" "vlc" "usb1.ninacdn.com"
45.88.200.211 - - [07/Apr/2024:08:30:22 -0400] "GET /ssh101/PZLIVE/PZLIVE/playlist.m3u8 HTTP/1.1" 404 232 "-" "vlc" "usb1.ninacdn.com"
45.88.200.211 - - [07/Apr/2024:08:30:35 -0400] "GET /ssh101/PZLIVE/PZLIVE/playlist.m3u8 HTTP/1.1" 404 232 "-" "vlc" "usb1.ninacdn.com"
45.88.200.211 - - [07/Apr/2024:08:30:48 -0400] "GET /ssh101/PZLIVE/PZLIVE/playlist.m3u8 HTTP/1.1" 404 232 "-" "vlc" "usb1.ninacdn.com"
45.88.200.211 - - [07/Apr/2024:08:31:01 -0400] "GET /ssh101/PZLIVE/PZLIVE/playlist.m3u8 HTTP/1.1" 404 232 "-" "vlc" "usb1.ninacdn.com"
45.88.200.211 - - [07/Apr/2024:08:31:14 -0400] "GET /ssh101/PZLIVE/PZLIVE/playlist.m3u8 HTTP/1.1" 404 232 "-" "vlc" "usb1.ninacdn.com"
45.88.200.211 - - [07/Apr/2024:08:31:27 -0400] "GET /ssh101/PZLIVE/PZLIVE/playlist.m3u8 HTTP/1.1" 404 232 "-" "vlc" "usb1.ninacdn.com"
45.88.200.211 - - [07/Apr/2024:08:31:41 -0400] "GET /ssh101/PZLIVE/PZLIVE/playlist.m3u8 HTTP/1.1" 404 232 "-" "vlc" "usb1.ninacdn.com"
45.88.200.211 - - [07/Apr/2024:08:31:54 -0400] "GET /ssh101/PZLIVE/PZLIVE/playlist.m3u8 HTTP/1.1" 404 232 "-" "vlc" "usb1.ninacdn.com"
45.88.200.211 - - [07/Apr/2024:08:32:07 -0400] "GET /ssh101/PZLIVE/PZLIVE/playlist.m3u8 HTTP/1.1" 404 232 "-" "vlc" "usb1.ninacdn.com"
45.88.200.211 - - [07/Apr/2024:08:32:20 -0400] "GET /ssh101/PZLIVE/PZLIVE/playlist.m3u8 HTTP/1.1" 404 232 "-" "vlc" "usb1.ninacdn.com"
45.88.200.211 - - [07/Apr/2024:08:32:33 -0400] "GET /ssh101/PZLIVE/PZLIVE/playlist.m3u8 HTTP/1.1" 404 232 "-" "vlc" "usb1.ninacdn.com"
45.88.200.211 - - [07/Apr/2024:08:32:46 -0400] "GET /ssh101/PZLIVE/PZLIVE/playlist.m3u8 HTTP/1.1" 404 232 "-" "vlc" "usb1.ninacdn.com"
45.88.200.211 - - [07/Apr/2024:08:33:00 -0400] "GET /ssh101/PZLIVE/PZLIVE/playlist.m3u8 HTTP/1.1" 404 232 "-" "vlc" "usb1.ninacdn.com"
45.88.200.211 - - [07/Apr/2024:08:33:13 -0400] "GET /ssh101/PZLIVE/PZLIVE/playlist.m3u8 HTTP/1.1" 404 232 "-" "vlc" "usb1.ninacdn.com"
45.88.200.211 - - [07/Apr/2024:08:33:26 -0400] "GET /ssh101/PZLIVE/PZLIVE/playlist.m3u8 HTTP/1.1" 404 232 "-" "vlc" "usb1.ninacdn.com"
45.88.200.211 - - [07/Apr/2024:08:33:39 -0400] "GET /ssh101/PZLIVE/PZLIVE/playlist.m3u8 HTTP/1.1" 404 232 "-" "vlc" "usb1.ninacdn.com"
45.88.200.211 - - [07/Apr/2024:08:33:52 -0400] "GET /ssh101/PZLIVE/PZLIVE/playlist.m3u8 HTTP/1.1" 404 232 "-" "vlc" "usb1.ninacdn.com"
45.88.200.211 - - [07/Apr/2024:08:34:05 -0400] "GET /ssh101/PZLIVE/PZLIVE/playlist.m3u8 HTTP/1.1" 404 232 "-" "vlc" "usb1.ninacdn.com"
45.88.200.211 - - [07/Apr/2024:08:34:18 -0400] "GET /ssh101/PZLIVE/PZLIVE/playlist.m3u8 HTTP/1.1" 404 232 "-" "vlc" "usb1.ninacdn.com"
45.88.200.211 - - [07/Apr/2024:08:34:32 -0400] "GET /ssh101/PZLIVE/PZLIVE/playlist.m3u8 HTTP/1.1" 404 232 "-" "vlc" "usb1.ninacdn.com"
45.88.200.211 - - [07/Apr/2024:08:34:45 -0400] "GET /ssh101/PZLIVE/PZLIVE/playlist.m3u8 HTTP/1.1" 404 232 "-" "vlc" "usb1.ninacdn.com"
45.88.200.211 - - [07/Apr/2024:08:34:58 -0400] "GET /ssh101/PZLIVE/PZLIVE/playlist.m3u8 HTTP/1.1" 404 232 "-" "vlc" "usb1.ninacdn.com"
45.88.200.211 - - [07/Apr/2024:08:35:11 -0400] "GET /ssh101/PZLIVE/PZLIVE/playlist.m3u8 HTTP/1.1" 404 232 "-" "vlc" "usb1.ninacdn.com"
45.88.200.211 - - [07/Apr/2024:08:35:24 -0400] "GET /ssh101/PZLIVE/PZLIVE/playlist.m3u8 HTTP/1.1" 404 232 "-" "vlc" "usb1.ninacdn.com"
45.88.200.211 - - [07/Apr/2024:08:35:26 -0400] "GET /ssh101/PZLIVE/PZLIVE/playlist.m3u8 HTTP/1.1" 404 232 "-" "Mozilla/5.0 (Macintosh; Intel Mac OS X 10_15_6) AppleWebKit/605.1.15 (KHTML, like Gecko) Version/14.0.1 Safari/605.1.15" "usb1.ninacdn.com"
45.88.200.211 - - [07/Apr/2024:08:35:37 -0400] "GET /ssh101/PZLIVE/PZLIVE/playlist.m3u8 HTTP/1.1" 404 232 "-" "vlc" "usb1.ninacdn.com"
45.88.200.211 - - [07/Apr/2024:08:35:51 -0400] "GET /ssh101/PZLIVE/PZLIVE/playlist.m3u8 HTTP/1.1" 404 232 "-" "vlc" "usb1.ninacdn.com"
45.88.200.211 - - [07/Apr/2024:08:36:04 -0400] "GET /ssh101/PZLIVE/PZLIVE/playlist.m3u8 HTTP/1.1" 404 232 "-" "vlc" "usb1.ninacdn.com"
45.88.200.211 - - [07/Apr/2024:08:36:17 -0400] "GET /ssh101/PZLIVE/PZLIVE/playlist.m3u8 HTTP/1.1" 404 232 "-" "vlc" "usb1.ninacdn.com"
45.88.200.211 - - [07/Apr/2024:08:36:30 -0400] "GET /ssh101/PZLIVE/PZLIVE/playlist.m3u8 HTTP/1.1" 404 232 "-" "vlc" "usb1.ninacdn.com"
45.88.200.211 - - [07/Apr/2024:08:36:43 -0400] "GET /ssh101/PZLIVE/PZLIVE/playlist.m3u8 HTTP/1.1" 404 232 "-" "vlc" "usb1.ninacdn.com"
45.88.200.211 - - [07/Apr/2024:08:36:56 -0400] "GET /ssh101/PZLIVE/PZLIVE/playlist.m3u8 HTTP/1.1" 404 232 "-" "vlc" "usb1.ninacdn.com"
45.88.200.211 - - [07/Apr/2024:08:37:10 -0400] "GET /ssh101/PZLIVE/PZLIVE/playlist.m3u8 HTTP/1.1" 404 232 "-" "vlc" "usb1.ninacdn.com"
45.88.200.211 - - [07/Apr/2024:08:37:23 -0400] "GET /ssh101/PZLIVE/PZLIVE/playlist.m3u8 HTTP/1.1" 404 232 "-" "vlc" "usb1.ninacdn.com"
45.88.200.211 - - [07/Apr/2024:08:37:36 -0400] "GET /ssh101/PZLIVE/PZLIVE/playlist.m3u8 HTTP/1.1" 404 232 "-" "vlc" "usb1.ninacdn.com"
45.88.200.211 - - [07/Apr/2024:08:37:49 -0400] "GET /ssh101/PZLIVE/PZLIVE/playlist.m3u8 HTTP/1.1" 404 232 "-" "vlc" "usb1.ninacdn.com"
45.88.200.211 - - [07/Apr/2024:08:38:02 -0400] "GET /ssh101/PZLIVE/PZLIVE/playlist.m3u8 HTTP/1.1" 404 232 "-" "vlc" "usb1.ninacdn.com"
45.88.200.211 - - [07/Apr/2024:08:38:15 -0400] "GET /ssh101/PZLIVE/PZLIVE/playlist.m3u8 HTTP/1.1" 404 232 "-" "vlc" "usb1.ninacdn.com"
45.88.200.211 - - [07/Apr/2024:08:38:28 -0400] "GET /ssh101/PZLIVE/PZLIVE/playlist.m3u8 HTTP/1.1" 404 232 "-" "vlc" "usb1.ninacdn.com"
45.88.200.211 - - [07/Apr/2024:08:38:41 -0400] "GET /ssh101/PZLIVE/PZLIVE/playlist.m3u8 HTTP/1.1" 404 232 "-" "vlc" "usb1.ninacdn.com"
45.88.200.211 - - [07/Apr/2024:08:38:55 -0400] "GET /ssh101/PZLIVE/PZLIVE/playlist.m3u8 HTTP/1.1" 404 232 "-" "vlc" "usb1.ninacdn.com"
45.88.200.211 - - [07/Apr/2024:08:39:08 -0400] "GET /ssh101/PZLIVE/PZLIVE/playlist.m3u8 HTTP/1.1" 404 232 "-" "vlc" "usb1.ninacdn.com"
45.88.200.211 - - [07/Apr/2024:08:39:21 -0400] "GET /ssh101/PZLIVE/PZLIVE/playlist.m3u8 HTTP/1.1" 404 232 "-" "vlc" "usb1.ninacdn.com"
45.88.200.211 - - [07/Apr/2024:08:39:34 -0400] "GET /ssh101/PZLIVE/PZLIVE/playlist.m3u8 HTTP/1.1" 404 232 "-" "vlc" "usb1.ninacdn.com"
45.88.200.211 - - [07/Apr/2024:08:39:47 -0400] "GET /ssh101/PZLIVE/PZLIVE/playlist.m3u8 HTTP/1.1" 404 232 "-" "vlc" "usb1.ninacdn.com"
45.88.200.211 - - [07/Apr/2024:08:40:00 -0400] "GET /ssh101/PZLIVE/PZLIVE/playlist.m3u8 HTTP/1.1" 404 232 "-" "vlc" "usb1.ninacdn.com"
45.88.200.211 - - [07/Apr/2024:08:40:14 -0400] "GET /ssh101/PZLIVE/PZLIVE/playlist.m3u8 HTTP/1.1" 404 232 "-" "vlc" "usb1.ninacdn.com"
45.88.200.211 - - [07/Apr/2024:08:40:27 -0400] "GET /ssh101/PZLIVE/PZLIVE/playlist.m3u8 HTTP/1.1" 404 232 "-" "vlc" "usb1.ninacdn.com"
45.88.200.211 - - [07/Apr/2024:08:40:40 -0400] "GET /ssh101/PZLIVE/PZLIVE/playlist.m3u8 HTTP/1.1" 404 232 "-" "vlc" "usb1.ninacdn.com"
45.88.200.211 - - [07/Apr/2024:08:40:53 -0400] "GET /ssh101/PZLIVE/PZLIVE/playlist.m3u8 HTTP/1.1" 404 232 "-" "vlc" "usb1.ninacdn.com"
45.88.200.211 - - [07/Apr/2024:08:41:06 -0400] "GET /ssh101/PZLIVE/PZLIVE/playlist.m3u8 HTTP/1.1" 404 232 "-" "vlc" "usb1.ninacdn.com"
45.88.200.211 - - [07/Apr/2024:08:41:19 -0400] "GET /ssh101/PZLIVE/PZLIVE/playlist.m3u8 HTTP/1.1" 404 232 "-" "vlc" "usb1.ninacdn.com"
45.88.200.211 - - [07/Apr/2024:08:41:28 -0400] "GET /ssh101/PZLIVE/PZLIVE/playlist.m3u8 HTTP/1.1" 404 232 "-" "Mozilla/5.0 (Macintosh; Intel Mac OS X 10_15_6) AppleWebKit/605.1.15 (KHTML, like Gecko) Version/14.0.1 Safari/605.1.15" "usb1.ninacdn.com"
45.88.200.211 - - [07/Apr/2024:08:41:32 -0400] "GET /ssh101/PZLIVE/PZLIVE/playlist.m3u8 HTTP/1.1" 404 232 "-" "vlc" "usb1.ninacdn.com"
45.88.200.211 - - [07/Apr/2024:08:41:46 -0400] "GET /ssh101/PZLIVE/PZLIVE/playlist.m3u8 HTTP/1.1" 404 232 "-" "vlc" "usb1.ninacdn.com"
45.88.200.211 - - [07/Apr/2024:08:41:59 -0400] "GET /ssh101/PZLIVE/PZLIVE/playlist.m3u8 HTTP/1.1" 404 232 "-" "vlc" "usb1.ninacdn.com"
45.88.200.211 - - [07/Apr/2024:08:42:12 -0400] "GET /ssh101/PZLIVE/PZLIVE/playlist.m3u8 HTTP/1.1" 404 232 "-" "vlc" "usb1.ninacdn.com"
45.88.200.211 - - [07/Apr/2024:08:42:25 -0400] "GET /ssh101/PZLIVE/PZLIVE/playlist.m3u8 HTTP/1.1" 404 232 "-" "vlc" "usb1.ninacdn.com"
45.88.200.211 - - [07/Apr/2024:08:42:38 -0400] "GET /ssh101/PZLIVE/PZLIVE/playlist.m3u8 HTTP/1.1" 404 232 "-" "vlc" "usb1.ninacdn.com"
45.88.200.211 - - [07/Apr/2024:08:42:51 -0400] "GET /ssh101/PZLIVE/PZLIVE/playlist.m3u8 HTTP/1.1" 404 232 "-" "vlc" "usb1.ninacdn.com"
45.88.200.211 - - [07/Apr/2024:08:43:05 -0400] "GET /ssh101/PZLIVE/PZLIVE/playlist.m3u8 HTTP/1.1" 404 232 "-" "vlc" "usb1.ninacdn.com"
45.88.200.211 - - [07/Apr/2024:08:43:18 -0400] "GET /ssh101/PZLIVE/PZLIVE/playlist.m3u8 HTTP/1.1" 404 232 "-" "vlc" "usb1.ninacdn.com"
45.88.200.211 - - [07/Apr/2024:08:43:31 -0400] "GET /ssh101/PZLIVE/PZLIVE/playlist.m3u8 HTTP/1.1" 404 232 "-" "vlc" "usb1.ninacdn.com"
45.88.200.211 - - [07/Apr/2024:08:43:44 -0400] "GET /ssh101/PZLIVE/PZLIVE/playlist.m3u8 HTTP/1.1" 404 232 "-" "vlc" "usb1.ninacdn.com"
45.88.200.211 - - [07/Apr/2024:08:43:57 -0400] "GET /ssh101/PZLIVE/PZLIVE/playlist.m3u8 HTTP/1.1" 404 232 "-" "vlc" "usb1.ninacdn.com"
45.88.200.211 - - [07/Apr/2024:08:44:10 -0400] "GET /ssh101/PZLIVE/PZLIVE/playlist.m3u8 HTTP/1.1" 404 232 "-" "vlc" "usb1.ninacdn.com"
45.88.200.211 - - [07/Apr/2024:08:44:23 -0400] "GET /ssh101/PZLIVE/PZLIVE/playlist.m3u8 HTTP/1.1" 404 232 "-" "vlc" "usb1.ninacdn.com"
45.88.200.211 - - [07/Apr/2024:08:44:37 -0400] "GET /ssh101/PZLIVE/PZLIVE/playlist.m3u8 HTTP/1.1" 404 232 "-" "vlc" "usb1.ninacdn.com"
45.88.200.211 - - [07/Apr/2024:08:44:50 -0400] "GET /ssh101/PZLIVE/PZLIVE/playlist.m3u8 HTTP/1.1" 404 232 "-" "vlc" "usb1.ninacdn.com"
45.88.200.211 - - [07/Apr/2024:08:45:03 -0400] "GET /ssh101/PZLIVE/PZLIVE/playlist.m3u8 HTTP/1.1" 404 232 "-" "vlc" "usb1.ninacdn.com"
45.88.200.211 - - [07/Apr/2024:08:45:16 -0400] "GET /ssh101/PZLIVE/PZLIVE/playlist.m3u8 HTTP/1.1" 404 232 "-" "vlc" "usb1.ninacdn.com"
45.88.200.211 - - [07/Apr/2024:08:45:29 -0400] "GET /ssh101/PZLIVE/PZLIVE/playlist.m3u8 HTTP/1.1" 404 232 "-" "vlc" "usb1.ninacdn.com"
45.88.200.211 - - [07/Apr/2024:08:45:42 -0400] "GET /ssh101/PZLIVE/PZLIVE/playlist.m3u8 HTTP/1.1" 404 232 "-" "vlc" "usb1.ninacdn.com"
45.88.200.211 - - [07/Apr/2024:08:45:56 -0400] "GET /ssh101/PZLIVE/PZLIVE/playlist.m3u8 HTTP/1.1" 404 232 "-" "vlc" "usb1.ninacdn.com"
45.88.200.211 - - [07/Apr/2024:08:46:09 -0400] "GET /ssh101/PZLIVE/PZLIVE/playlist.m3u8 HTTP/1.1" 404 232 "-" "vlc" "usb1.ninacdn.com"
45.88.200.211 - - [07/Apr/2024:08:46:22 -0400] "GET /ssh101/PZLIVE/PZLIVE/playlist.m3u8 HTTP/1.1" 404 232 "-" "vlc" "usb1.ninacdn.com"
45.88.200.211 - - [07/Apr/2024:08:46:35 -0400] "GET /ssh101/PZLIVE/PZLIVE/playlist.m3u8 HTTP/1.1" 404 232 "-" "vlc" "usb1.ninacdn.com"
45.88.200.211 - - [07/Apr/2024:08:46:48 -0400] "GET /ssh101/PZLIVE/PZLIVE/playlist.m3u8 HTTP/1.1" 404 232 "-" "vlc" "usb1.ninacdn.com"
45.88.200.211 - - [07/Apr/2024:08:47:01 -0400] "GET /ssh101/PZLIVE/PZLIVE/playlist.m3u8 HTTP/1.1" 404 232 "-" "vlc" "usb1.ninacdn.com"
45.88.200.211 - - [07/Apr/2024:08:47:14 -0400] "GET /ssh101/PZLIVE/PZLIVE/playlist.m3u8 HTTP/1.1" 404 232 "-" "vlc" "usb1.ninacdn.com"
45.88.200.211 - - [07/Apr/2024:08:47:28 -0400] "GET /ssh101/PZLIVE/PZLIVE/playlist.m3u8 HTTP/1.1" 404 232 "-" "vlc" "usb1.ninacdn.com"
45.88.200.211 - - [07/Apr/2024:08:47:30 -0400] "GET /ssh101/PZLIVE/PZLIVE/playlist.m3u8 HTTP/1.1" 404 232 "-" "Mozilla/5.0 (Macintosh; Intel Mac OS X 10_15_6) AppleWebKit/605.1.15 (KHTML, like Gecko) Version/14.0.1 Safari/605.1.15" "usb1.ninacdn.com"
45.88.200.211 - - [07/Apr/2024:08:47:41 -0400] "GET /ssh101/PZLIVE/PZLIVE/playlist.m3u8 HTTP/1.1" 404 232 "-" "vlc" "usb1.ninacdn.com"
45.88.200.211 - - [07/Apr/2024:08:47:54 -0400] "GET /ssh101/PZLIVE/PZLIVE/playlist.m3u8 HTTP/1.1" 404 232 "-" "vlc" "usb1.ninacdn.com"
45.88.200.211 - - [07/Apr/2024:08:48:07 -0400] "GET /ssh101/PZLIVE/PZLIVE/playlist.m3u8 HTTP/1.1" 404 232 "-" "vlc" "usb1.ninacdn.com"
45.88.200.211 - - [07/Apr/2024:08:48:20 -0400] "GET /ssh101/PZLIVE/PZLIVE/playlist.m3u8 HTTP/1.1" 404 232 "-" "vlc" "usb1.ninacdn.com"
45.88.200.211 - - [07/Apr/2024:08:48:33 -0400] "GET /ssh101/PZLIVE/PZLIVE/playlist.m3u8 HTTP/1.1" 404 232 "-" "vlc" "usb1.ninacdn.com"
45.88.200.211 - - [07/Apr/2024:08:48:47 -0400] "GET /ssh101/PZLIVE/PZLIVE/playlist.m3u8 HTTP/1.1" 404 232 "-" "vlc" "usb1.ninacdn.com"
45.88.200.211 - - [07/Apr/2024:08:49:00 -0400] "GET /ssh101/PZLIVE/PZLIVE/playlist.m3u8 HTTP/1.1" 404 232 "-" "vlc" "usb1.ninacdn.com"
45.88.200.211 - - [07/Apr/2024:08:49:13 -0400] "GET /ssh101/PZLIVE/PZLIVE/playlist.m3u8 HTTP/1.1" 404 232 "-" "vlc" "usb1.ninacdn.com"
45.88.200.211 - - [07/Apr/2024:08:49:26 -0400] "GET /ssh101/PZLIVE/PZLIVE/playlist.m3u8 HTTP/1.1" 404 232 "-" "vlc" "usb1.ninacdn.com"
45.88.200.211 - - [07/Apr/2024:08:49:39 -0400] "GET /ssh101/PZLIVE/PZLIVE/playlist.m3u8 HTTP/1.1" 404 232 "-" "vlc" "usb1.ninacdn.com"
45.88.200.211 - - [07/Apr/2024:08:49:52 -0400] "GET /ssh101/PZLIVE/PZLIVE/playlist.m3u8 HTTP/1.1" 404 232 "-" "vlc" "usb1.ninacdn.com"
45.88.200.211 - - [07/Apr/2024:08:50:06 -0400] "GET /ssh101/PZLIVE/PZLIVE/playlist.m3u8 HTTP/1.1" 404 232 "-" "vlc" "usb1.ninacdn.com"
45.88.200.211 - - [07/Apr/2024:08:50:19 -0400] "GET /ssh101/PZLIVE/PZLIVE/playlist.m3u8 HTTP/1.1" 404 232 "-" "vlc" "usb1.ninacdn.com"
45.88.200.211 - - [07/Apr/2024:08:50:32 -0400] "GET /ssh101/PZLIVE/PZLIVE/playlist.m3u8 HTTP/1.1" 404 232 "-" "vlc" "usb1.ninacdn.com"
45.88.200.211 - - [07/Apr/2024:08:50:45 -0400] "GET /ssh101/PZLIVE/PZLIVE/playlist.m3u8 HTTP/1.1" 404 232 "-" "vlc" "usb1.ninacdn.com"
45.88.200.211 - - [07/Apr/2024:08:50:58 -0400] "GET /ssh101/PZLIVE/PZLIVE/playlist.m3u8 HTTP/1.1" 404 232 "-" "vlc" "usb1.ninacdn.com"
45.88.200.211 - - [07/Apr/2024:08:51:11 -0400] "GET /ssh101/PZLIVE/PZLIVE/playlist.m3u8 HTTP/1.1" 404 232 "-" "vlc" "usb1.ninacdn.com"
45.88.200.211 - - [07/Apr/2024:08:51:24 -0400] "GET /ssh101/PZLIVE/PZLIVE/playlist.m3u8 HTTP/1.1" 404 232 "-" "vlc" "usb1.ninacdn.com"
45.88.200.211 - - [07/Apr/2024:08:51:38 -0400] "GET /ssh101/PZLIVE/PZLIVE/playlist.m3u8 HTTP/1.1" 404 232 "-" "vlc" "usb1.ninacdn.com"
45.88.200.211 - - [07/Apr/2024:08:51:51 -0400] "GET /ssh101/PZLIVE/PZLIVE/playlist.m3u8 HTTP/1.1" 404 232 "-" "vlc" "usb1.ninacdn.com"
45.88.200.211 - - [07/Apr/2024:08:52:04 -0400] "GET /ssh101/PZLIVE/PZLIVE/playlist.m3u8 HTTP/1.1" 404 232 "-" "vlc" "usb1.ninacdn.com"
45.88.200.211 - - [07/Apr/2024:08:52:17 -0400] "GET /ssh101/PZLIVE/PZLIVE/playlist.m3u8 HTTP/1.1" 404 232 "-" "vlc" "usb1.ninacdn.com"
45.88.200.211 - - [07/Apr/2024:08:52:30 -0400] "GET /ssh101/PZLIVE/PZLIVE/playlist.m3u8 HTTP/1.1" 404 232 "-" "vlc" "usb1.ninacdn.com"
45.88.200.211 - - [07/Apr/2024:08:52:43 -0400] "GET /ssh101/PZLIVE/PZLIVE/playlist.m3u8 HTTP/1.1" 404 232 "-" "vlc" "usb1.ninacdn.com"
45.88.200.211 - - [07/Apr/2024:08:52:56 -0400] "GET /ssh101/PZLIVE/PZLIVE/playlist.m3u8 HTTP/1.1" 404 232 "-" "vlc" "usb1.ninacdn.com"
45.88.200.211 - - [07/Apr/2024:08:53:10 -0400] "GET /ssh101/PZLIVE/PZLIVE/playlist.m3u8 HTTP/1.1" 404 232 "-" "vlc" "usb1.ninacdn.com"
45.88.200.211 - - [07/Apr/2024:08:53:23 -0400] "GET /ssh101/PZLIVE/PZLIVE/playlist.m3u8 HTTP/1.1" 404 232 "-" "vlc" "usb1.ninacdn.com"
45.88.200.211 - - [07/Apr/2024:08:53:32 -0400] "GET /ssh101/PZLIVE/PZLIVE/playlist.m3u8 HTTP/1.1" 404 232 "-" "Mozilla/5.0 (Macintosh; Intel Mac OS X 10_15_6) AppleWebKit/605.1.15 (KHTML, like Gecko) Version/14.0.1 Safari/605.1.15" "usb1.ninacdn.com"
45.88.200.211 - - [07/Apr/2024:08:53:36 -0400] "GET /ssh101/PZLIVE/PZLIVE/playlist.m3u8 HTTP/1.1" 404 232 "-" "vlc" "usb1.ninacdn.com"
45.88.200.211 - - [07/Apr/2024:08:53:49 -0400] "GET /ssh101/PZLIVE/PZLIVE/playlist.m3u8 HTTP/1.1" 404 232 "-" "vlc" "usb1.ninacdn.com"
45.88.200.211 - - [07/Apr/2024:08:54:02 -0400] "GET /ssh101/PZLIVE/PZLIVE/playlist.m3u8 HTTP/1.1" 404 232 "-" "vlc" "usb1.ninacdn.com"
45.88.200.211 - - [07/Apr/2024:08:54:15 -0400] "GET /ssh101/PZLIVE/PZLIVE/playlist.m3u8 HTTP/1.1" 404 232 "-" "vlc" "usb1.ninacdn.com"
45.88.200.211 - - [07/Apr/2024:08:54:29 -0400] "GET /ssh101/PZLIVE/PZLIVE/playlist.m3u8 HTTP/1.1" 404 232 "-" "vlc" "usb1.ninacdn.com"
45.88.200.211 - - [07/Apr/2024:08:54:42 -0400] "GET /ssh101/PZLIVE/PZLIVE/playlist.m3u8 HTTP/1.1" 404 232 "-" "vlc" "usb1.ninacdn.com"
45.88.200.211 - - [07/Apr/2024:08:54:55 -0400] "GET /ssh101/PZLIVE/PZLIVE/playlist.m3u8 HTTP/1.1" 404 232 "-" "vlc" "usb1.ninacdn.com"
45.88.200.211 - - [07/Apr/2024:08:55:08 -0400] "GET /ssh101/PZLIVE/PZLIVE/playlist.m3u8 HTTP/1.1" 404 232 "-" "vlc" "usb1.ninacdn.com"
45.88.200.211 - - [07/Apr/2024:08:55:21 -0400] "GET /ssh101/PZLIVE/PZLIVE/playlist.m3u8 HTTP/1.1" 404 232 "-" "vlc" "usb1.ninacdn.com"
45.88.200.211 - - [07/Apr/2024:08:55:34 -0400] "GET /ssh101/PZLIVE/PZLIVE/playlist.m3u8 HTTP/1.1" 404 232 "-" "vlc" "usb1.ninacdn.com"
18.171.178.130 - - [07/Apr/2024:08:55:40 -0400] "GET /favicon.ico HTTP/1.1" 200 318 "-" "'Mozilla/5.0 (compatible; GenomeCrawlerd/1.0; +https://www.nokia.com/networks/ip-networks/deepfield/genome/)'" "208.79.153.189"
45.88.200.211 - - [07/Apr/2024:08:55:47 -0400] "GET /ssh101/PZLIVE/PZLIVE/playlist.m3u8 HTTP/1.1" 404 232 "-" "vlc" "usb1.ninacdn.com"
45.88.200.211 - - [07/Apr/2024:08:56:01 -0400] "GET /ssh101/PZLIVE/PZLIVE/playlist.m3u8 HTTP/1.1" 404 232 "-" "vlc" "usb1.ninacdn.com"
45.88.200.211 - - [07/Apr/2024:08:56:14 -0400] "GET /ssh101/PZLIVE/PZLIVE/playlist.m3u8 HTTP/1.1" 404 232 "-" "vlc" "usb1.ninacdn.com"
45.88.200.211 - - [07/Apr/2024:08:56:27 -0400] "GET /ssh101/PZLIVE/PZLIVE/playlist.m3u8 HTTP/1.1" 404 232 "-" "vlc" "usb1.ninacdn.com"
45.88.200.211 - - [07/Apr/2024:08:56:40 -0400] "GET /ssh101/PZLIVE/PZLIVE/playlist.m3u8 HTTP/1.1" 404 232 "-" "vlc" "usb1.ninacdn.com"
18.171.178.130 - - [07/Apr/2024:08:56:43 -0400] "GET /favicon.ico HTTP/1.1" 200 318 "-" "'Mozilla/5.0 (compatible; GenomeCrawlerd/1.0; +https://www.nokia.com/networks/ip-networks/deepfield/genome/)'" "208.79.153.189"
45.88.200.211 - - [07/Apr/2024:08:56:53 -0400] "GET /ssh101/PZLIVE/PZLIVE/playlist.m3u8 HTTP/1.1" 404 232 "-" "vlc" "usb1.ninacdn.com"
45.88.200.211 - - [07/Apr/2024:08:57:06 -0400] "GET /ssh101/PZLIVE/PZLIVE/playlist.m3u8 HTTP/1.1" 404 232 "-" "vlc" "usb1.ninacdn.com"
45.88.200.211 - - [07/Apr/2024:08:57:20 -0400] "GET /ssh101/PZLIVE/PZLIVE/playlist.m3u8 HTTP/1.1" 404 232 "-" "vlc" "usb1.ninacdn.com"
45.88.200.211 - - [07/Apr/2024:08:57:33 -0400] "GET /ssh101/PZLIVE/PZLIVE/playlist.m3u8 HTTP/1.1" 404 232 "-" "vlc" "usb1.ninacdn.com"
45.88.200.211 - - [07/Apr/2024:08:57:46 -0400] "GET /ssh101/PZLIVE/PZLIVE/playlist.m3u8 HTTP/1.1" 404 232 "-" "vlc" "usb1.ninacdn.com"
18.171.178.130 - - [07/Apr/2024:08:57:47 -0400] "GET /manage/account/login HTTP/1.1" 404 218 "-" "'Mozilla/5.0 (compatible; GenomeCrawlerd/1.0; +https://www.nokia.com/networks/ip-networks/deepfield/genome/)'" "208.79.153.189"
45.88.200.211 - - [07/Apr/2024:08:57:59 -0400] "GET /ssh101/PZLIVE/PZLIVE/playlist.m3u8 HTTP/1.1" 404 232 "-" "vlc" "usb1.ninacdn.com"
45.88.200.211 - - [07/Apr/2024:08:58:12 -0400] "GET /ssh101/PZLIVE/PZLIVE/playlist.m3u8 HTTP/1.1" 404 232 "-" "vlc" "usb1.ninacdn.com"
45.88.200.211 - - [07/Apr/2024:08:58:25 -0400] "GET /ssh101/PZLIVE/PZLIVE/playlist.m3u8 HTTP/1.1" 404 232 "-" "vlc" "usb1.ninacdn.com"
45.88.200.211 - - [07/Apr/2024:08:58:38 -0400] "GET /ssh101/PZLIVE/PZLIVE/playlist.m3u8 HTTP/1.1" 404 232 "-" "vlc" "usb1.ninacdn.com"
45.88.200.211 - - [07/Apr/2024:08:58:52 -0400] "GET /ssh101/PZLIVE/PZLIVE/playlist.m3u8 HTTP/1.1" 404 232 "-" "vlc" "usb1.ninacdn.com"
45.88.200.211 - - [07/Apr/2024:08:59:05 -0400] "GET /ssh101/PZLIVE/PZLIVE/playlist.m3u8 HTTP/1.1" 404 232 "-" "vlc" "usb1.ninacdn.com"
18.171.178.130 - - [07/Apr/2024:08:59:05 -0400] "GET /manage/account/login HTTP/1.1" 404 218 "-" "'Mozilla/5.0 (compatible; GenomeCrawlerd/1.0; +https://www.nokia.com/networks/ip-networks/deepfield/genome/)'" "208.79.153.189"
45.88.200.211 - - [07/Apr/2024:08:59:18 -0400] "GET /ssh101/PZLIVE/PZLIVE/playlist.m3u8 HTTP/1.1" 404 232 "-" "vlc" "usb1.ninacdn.com"
45.88.200.211 - - [07/Apr/2024:08:59:31 -0400] "GET /ssh101/PZLIVE/PZLIVE/playlist.m3u8 HTTP/1.1" 404 232 "-" "vlc" "usb1.ninacdn.com"
45.88.200.211 - - [07/Apr/2024:08:59:33 -0400] "GET /ssh101/PZLIVE/PZLIVE/playlist.m3u8 HTTP/1.1" 404 232 "-" "Mozilla/5.0 (Macintosh; Intel Mac OS X 10_15_6) AppleWebKit/605.1.15 (KHTML, like Gecko) Version/14.0.1 Safari/605.1.15" "usb1.ninacdn.com"
45.88.200.211 - - [07/Apr/2024:08:59:44 -0400] "GET /ssh101/PZLIVE/PZLIVE/playlist.m3u8 HTTP/1.1" 404 232 "-" "vlc" "usb1.ninacdn.com"
45.88.200.211 - - [07/Apr/2024:08:59:57 -0400] "GET /ssh101/PZLIVE/PZLIVE/playlist.m3u8 HTTP/1.1" 404 232 "-" "vlc" "usb1.ninacdn.com"
45.88.200.211 - - [07/Apr/2024:09:00:11 -0400] "GET /ssh101/PZLIVE/PZLIVE/playlist.m3u8 HTTP/1.1" 404 232 "-" "vlc" "usb1.ninacdn.com"
45.88.200.211 - - [07/Apr/2024:09:00:24 -0400] "GET /ssh101/PZLIVE/PZLIVE/playlist.m3u8 HTTP/1.1" 404 232 "-" "vlc" "usb1.ninacdn.com"
18.171.178.130 - - [07/Apr/2024:09:00:27 -0400] "GET /admin/index.html HTTP/1.1" 401 381 "-" "'Mozilla/5.0 (compatible; GenomeCrawlerd/1.0; +https://www.nokia.com/networks/ip-networks/deepfield/genome/)'" "208.79.153.189"
45.88.200.211 - - [07/Apr/2024:09:00:37 -0400] "GET /ssh101/PZLIVE/PZLIVE/playlist.m3u8 HTTP/1.1" 404 232 "-" "vlc" "usb1.ninacdn.com"
45.88.200.211 - - [07/Apr/2024:09:00:50 -0400] "GET /ssh101/PZLIVE/PZLIVE/playlist.m3u8 HTTP/1.1" 404 232 "-" "vlc" "usb1.ninacdn.com"
45.88.200.211 - - [07/Apr/2024:09:01:03 -0400] "GET /ssh101/PZLIVE/PZLIVE/playlist.m3u8 HTTP/1.1" 404 232 "-" "vlc" "usb1.ninacdn.com"
45.88.200.211 - - [07/Apr/2024:09:01:16 -0400] "GET /ssh101/PZLIVE/PZLIVE/playlist.m3u8 HTTP/1.1" 404 232 "-" "vlc" "usb1.ninacdn.com"
45.88.200.211 - - [07/Apr/2024:09:01:29 -0400] "GET /ssh101/PZLIVE/PZLIVE/playlist.m3u8 HTTP/1.1" 404 232 "-" "vlc" "usb1.ninacdn.com"
45.88.200.211 - - [07/Apr/2024:09:01:43 -0400] "GET /ssh101/PZLIVE/PZLIVE/playlist.m3u8 HTTP/1.1" 404 232 "-" "vlc" "usb1.ninacdn.com"
45.88.200.211 - - [07/Apr/2024:09:01:56 -0400] "GET /ssh101/PZLIVE/PZLIVE/playlist.m3u8 HTTP/1.1" 404 232 "-" "vlc" "usb1.ninacdn.com"
45.88.200.211 - - [07/Apr/2024:09:02:09 -0400] "GET /ssh101/PZLIVE/PZLIVE/playlist.m3u8 HTTP/1.1" 404 232 "-" "vlc" "usb1.ninacdn.com"
18.171.178.130 - - [07/Apr/2024:09:02:10 -0400] "GET /admin/index.html HTTP/1.1" 401 381 "-" "'Mozilla/5.0 (compatible; GenomeCrawlerd/1.0; +https://www.nokia.com/networks/ip-networks/deepfield/genome/)'" "208.79.153.189"
45.88.200.211 - - [07/Apr/2024:09:02:22 -0400] "GET /ssh101/PZLIVE/PZLIVE/playlist.m3u8 HTTP/1.1" 404 232 "-" "vlc" "usb1.ninacdn.com"
45.88.200.211 - - [07/Apr/2024:09:02:35 -0400] "GET /ssh101/PZLIVE/PZLIVE/playlist.m3u8 HTTP/1.1" 404 232 "-" "vlc" "usb1.ninacdn.com"
45.88.200.211 - - [07/Apr/2024:09:02:48 -0400] "GET /ssh101/PZLIVE/PZLIVE/playlist.m3u8 HTTP/1.1" 404 232 "-" "vlc" "usb1.ninacdn.com"
45.88.200.211 - - [07/Apr/2024:09:03:02 -0400] "GET /ssh101/PZLIVE/PZLIVE/playlist.m3u8 HTTP/1.1" 404 232 "-" "vlc" "usb1.ninacdn.com"
45.88.200.211 - - [07/Apr/2024:09:03:15 -0400] "GET /ssh101/PZLIVE/PZLIVE/playlist.m3u8 HTTP/1.1" 404 232 "-" "vlc" "usb1.ninacdn.com"
45.88.200.211 - - [07/Apr/2024:09:03:28 -0400] "GET /ssh101/PZLIVE/PZLIVE/playlist.m3u8 HTTP/1.1" 404 232 "-" "vlc" "usb1.ninacdn.com"
45.88.200.211 - - [07/Apr/2024:09:03:41 -0400] "GET /ssh101/PZLIVE/PZLIVE/playlist.m3u8 HTTP/1.1" 404 232 "-" "vlc" "usb1.ninacdn.com"
45.88.200.211 - - [07/Apr/2024:09:03:54 -0400] "GET /ssh101/PZLIVE/PZLIVE/playlist.m3u8 HTTP/1.1" 404 232 "-" "vlc" "usb1.ninacdn.com"
18.171.178.130 - - [07/Apr/2024:09:03:55 -0400] "GET /index.html HTTP/1.1" 200 8232 "-" "'Mozilla/5.0 (compatible; GenomeCrawlerd/1.0; +https://www.nokia.com/networks/ip-networks/deepfield/genome/)'" "208.79.153.189"
45.88.200.211 - - [07/Apr/2024:09:04:07 -0400] "GET /ssh101/PZLIVE/PZLIVE/playlist.m3u8 HTTP/1.1" 404 232 "-" "vlc" "usb1.ninacdn.com"
45.88.200.211 - - [07/Apr/2024:09:04:21 -0400] "GET /ssh101/PZLIVE/PZLIVE/playlist.m3u8 HTTP/1.1" 404 232 "-" "vlc" "usb1.ninacdn.com"
45.88.200.211 - - [07/Apr/2024:09:04:34 -0400] "GET /ssh101/PZLIVE/PZLIVE/playlist.m3u8 HTTP/1.1" 404 232 "-" "vlc" "usb1.ninacdn.com"
45.88.200.211 - - [07/Apr/2024:09:04:47 -0400] "GET /ssh101/PZLIVE/PZLIVE/playlist.m3u8 HTTP/1.1" 404 232 "-" "vlc" "usb1.ninacdn.com"
45.88.200.211 - - [07/Apr/2024:09:05:00 -0400] "GET /ssh101/PZLIVE/PZLIVE/playlist.m3u8 HTTP/1.1" 404 232 "-" "vlc" "usb1.ninacdn.com"
45.88.200.211 - - [07/Apr/2024:09:05:13 -0400] "GET /ssh101/PZLIVE/PZLIVE/playlist.m3u8 HTTP/1.1" 404 232 "-" "vlc" "usb1.ninacdn.com"
45.88.200.211 - - [07/Apr/2024:09:05:26 -0400] "GET /ssh101/PZLIVE/PZLIVE/playlist.m3u8 HTTP/1.1" 404 232 "-" "vlc" "usb1.ninacdn.com"
45.88.200.211 - - [07/Apr/2024:09:05:35 -0400] "GET /ssh101/PZLIVE/PZLIVE/playlist.m3u8 HTTP/1.1" 404 232 "-" "Mozilla/5.0 (Macintosh; Intel Mac OS X 10_15_6) AppleWebKit/605.1.15 (KHTML, like Gecko) Version/14.0.1 Safari/605.1.15" "usb1.ninacdn.com"
45.88.200.211 - - [07/Apr/2024:09:05:39 -0400] "GET /ssh101/PZLIVE/PZLIVE/playlist.m3u8 HTTP/1.1" 404 232 "-" "vlc" "usb1.ninacdn.com"
18.171.178.130 - - [07/Apr/2024:09:05:41 -0400] "GET /index.html HTTP/1.1" 200 8232 "-" "'Mozilla/5.0 (compatible; GenomeCrawlerd/1.0; +https://www.nokia.com/networks/ip-networks/deepfield/genome/)'" "208.79.153.189"
45.88.200.211 - - [07/Apr/2024:09:05:53 -0400] "GET /ssh101/PZLIVE/PZLIVE/playlist.m3u8 HTTP/1.1" 404 232 "-" "vlc" "usb1.ninacdn.com"
45.88.200.211 - - [07/Apr/2024:09:06:06 -0400] "GET /ssh101/PZLIVE/PZLIVE/playlist.m3u8 HTTP/1.1" 404 232 "-" "vlc" "usb1.ninacdn.com"
45.88.200.211 - - [07/Apr/2024:09:06:19 -0400] "GET /ssh101/PZLIVE/PZLIVE/playlist.m3u8 HTTP/1.1" 404 232 "-" "vlc" "usb1.ninacdn.com"
45.88.200.211 - - [07/Apr/2024:09:06:32 -0400] "GET /ssh101/PZLIVE/PZLIVE/playlist.m3u8 HTTP/1.1" 404 232 "-" "vlc" "usb1.ninacdn.com"
45.88.200.211 - - [07/Apr/2024:09:06:45 -0400] "GET /ssh101/PZLIVE/PZLIVE/playlist.m3u8 HTTP/1.1" 404 232 "-" "vlc" "usb1.ninacdn.com"
45.88.200.211 - - [07/Apr/2024:09:06:58 -0400] "GET /ssh101/PZLIVE/PZLIVE/playlist.m3u8 HTTP/1.1" 404 232 "-" "vlc" "usb1.ninacdn.com"
45.88.200.211 - - [07/Apr/2024:09:07:11 -0400] "GET /ssh101/PZLIVE/PZLIVE/playlist.m3u8 HTTP/1.1" 404 232 "-" "vlc" "usb1.ninacdn.com"
45.88.200.211 - - [07/Apr/2024:09:07:25 -0400] "GET /ssh101/PZLIVE/PZLIVE/playlist.m3u8 HTTP/1.1" 404 232 "-" "vlc" "usb1.ninacdn.com"
18.171.178.130 - - [07/Apr/2024:09:07:33 -0400] "GET /+CSCOE+/logon.html HTTP/1.1" 404 216 "-" "'Mozilla/5.0 (compatible; GenomeCrawlerd/1.0; +https://www.nokia.com/networks/ip-networks/deepfield/genome/)'" "208.79.153.189"
45.88.200.211 - - [07/Apr/2024:09:07:38 -0400] "GET /ssh101/PZLIVE/PZLIVE/playlist.m3u8 HTTP/1.1" 404 232 "-" "vlc" "usb1.ninacdn.com"
45.88.200.211 - - [07/Apr/2024:09:07:51 -0400] "GET /ssh101/PZLIVE/PZLIVE/playlist.m3u8 HTTP/1.1" 404 232 "-" "vlc" "usb1.ninacdn.com"
45.88.200.211 - - [07/Apr/2024:09:08:04 -0400] "GET /ssh101/PZLIVE/PZLIVE/playlist.m3u8 HTTP/1.1" 404 232 "-" "vlc" "usb1.ninacdn.com"
45.88.200.211 - - [07/Apr/2024:09:08:17 -0400] "GET /ssh101/PZLIVE/PZLIVE/playlist.m3u8 HTTP/1.1" 404 232 "-" "vlc" "usb1.ninacdn.com"
45.88.200.211 - - [07/Apr/2024:09:08:30 -0400] "GET /ssh101/PZLIVE/PZLIVE/playlist.m3u8 HTTP/1.1" 404 232 "-" "vlc" "usb1.ninacdn.com"
45.88.200.211 - - [07/Apr/2024:09:08:44 -0400] "GET /ssh101/PZLIVE/PZLIVE/playlist.m3u8 HTTP/1.1" 404 232 "-" "vlc" "usb1.ninacdn.com"
45.88.200.211 - - [07/Apr/2024:09:08:57 -0400] "GET /ssh101/PZLIVE/PZLIVE/playlist.m3u8 HTTP/1.1" 404 232 "-" "vlc" "usb1.ninacdn.com"
45.88.200.211 - - [07/Apr/2024:09:09:10 -0400] "GET /ssh101/PZLIVE/PZLIVE/playlist.m3u8 HTTP/1.1" 404 232 "-" "vlc" "usb1.ninacdn.com"
18.171.178.130 - - [07/Apr/2024:09:09:15 -0400] "GET /+CSCOE+/logon.html HTTP/1.1" 404 216 "-" "'Mozilla/5.0 (compatible; GenomeCrawlerd/1.0; +https://www.nokia.com/networks/ip-networks/deepfield/genome/)'" "208.79.153.189"
45.88.200.211 - - [07/Apr/2024:09:09:23 -0400] "GET /ssh101/PZLIVE/PZLIVE/playlist.m3u8 HTTP/1.1" 404 232 "-" "vlc" "usb1.ninacdn.com"
45.88.200.211 - - [07/Apr/2024:09:09:36 -0400] "GET /ssh101/PZLIVE/PZLIVE/playlist.m3u8 HTTP/1.1" 404 232 "-" "vlc" "usb1.ninacdn.com"
45.88.200.211 - - [07/Apr/2024:09:09:49 -0400] "GET /ssh101/PZLIVE/PZLIVE/playlist.m3u8 HTTP/1.1" 404 232 "-" "vlc" "usb1.ninacdn.com"
45.88.200.211 - - [07/Apr/2024:09:10:03 -0400] "GET /ssh101/PZLIVE/PZLIVE/playlist.m3u8 HTTP/1.1" 404 232 "-" "vlc" "usb1.ninacdn.com"
45.88.200.211 - - [07/Apr/2024:09:10:16 -0400] "GET /ssh101/PZLIVE/PZLIVE/playlist.m3u8 HTTP/1.1" 404 232 "-" "vlc" "usb1.ninacdn.com"
45.88.200.211 - - [07/Apr/2024:09:10:29 -0400] "GET /ssh101/PZLIVE/PZLIVE/playlist.m3u8 HTTP/1.1" 404 232 "-" "vlc" "usb1.ninacdn.com"
45.88.200.211 - - [07/Apr/2024:09:10:42 -0400] "GET /ssh101/PZLIVE/PZLIVE/playlist.m3u8 HTTP/1.1" 404 232 "-" "vlc" "usb1.ninacdn.com"
18.171.178.130 - - [07/Apr/2024:09:10:53 -0400] "GET /cgi-bin/login.cgi HTTP/1.1" 404 215 "-" "'Mozilla/5.0 (compatible; GenomeCrawlerd/1.0; +https://www.nokia.com/networks/ip-networks/deepfield/genome/)'" "208.79.153.189"
45.88.200.211 - - [07/Apr/2024:09:10:55 -0400] "GET /ssh101/PZLIVE/PZLIVE/playlist.m3u8 HTTP/1.1" 404 232 "-" "vlc" "usb1.ninacdn.com"
45.88.200.211 - - [07/Apr/2024:09:11:08 -0400] "GET /ssh101/PZLIVE/PZLIVE/playlist.m3u8 HTTP/1.1" 404 232 "-" "vlc" "usb1.ninacdn.com"
45.88.200.211 - - [07/Apr/2024:09:11:21 -0400] "GET /ssh101/PZLIVE/PZLIVE/playlist.m3u8 HTTP/1.1" 404 232 "-" "vlc" "usb1.ninacdn.com"
45.88.200.211 - - [07/Apr/2024:09:11:35 -0400] "GET /ssh101/PZLIVE/PZLIVE/playlist.m3u8 HTTP/1.1" 404 232 "-" "vlc" "usb1.ninacdn.com"
45.88.200.211 - - [07/Apr/2024:09:11:37 -0400] "GET /ssh101/PZLIVE/PZLIVE/playlist.m3u8 HTTP/1.1" 404 232 "-" "Mozilla/5.0 (Macintosh; Intel Mac OS X 10_15_6) AppleWebKit/605.1.15 (KHTML, like Gecko) Version/14.0.1 Safari/605.1.15" "usb1.ninacdn.com"
45.88.200.211 - - [07/Apr/2024:09:11:48 -0400] "GET /ssh101/PZLIVE/PZLIVE/playlist.m3u8 HTTP/1.1" 404 232 "-" "vlc" "usb1.ninacdn.com"
45.88.200.211 - - [07/Apr/2024:09:12:01 -0400] "GET /ssh101/PZLIVE/PZLIVE/playlist.m3u8 HTTP/1.1" 404 232 "-" "vlc" "usb1.ninacdn.com"
45.88.200.211 - - [07/Apr/2024:09:12:14 -0400] "GET /ssh101/PZLIVE/PZLIVE/playlist.m3u8 HTTP/1.1" 404 232 "-" "vlc" "usb1.ninacdn.com"
45.88.200.211 - - [07/Apr/2024:09:12:27 -0400] "GET /ssh101/PZLIVE/PZLIVE/playlist.m3u8 HTTP/1.1" 404 232 "-" "vlc" "usb1.ninacdn.com"
18.171.178.130 - - [07/Apr/2024:09:12:31 -0400] "GET /cgi-bin/login.cgi HTTP/1.1" 404 215 "-" "'Mozilla/5.0 (compatible; GenomeCrawlerd/1.0; +https://www.nokia.com/networks/ip-networks/deepfield/genome/)'" "208.79.153.189"
45.88.200.211 - - [07/Apr/2024:09:12:40 -0400] "GET /ssh101/PZLIVE/PZLIVE/playlist.m3u8 HTTP/1.1" 404 232 "-" "vlc" "usb1.ninacdn.com"
45.88.200.211 - - [07/Apr/2024:09:12:53 -0400] "GET /ssh101/PZLIVE/PZLIVE/playlist.m3u8 HTTP/1.1" 404 232 "-" "vlc" "usb1.ninacdn.com"
149.154.244.228 - - [07/Apr/2024:09:13:02 -0400] "-" 408 - "-" "-" "-"
45.88.200.211 - - [07/Apr/2024:09:13:07 -0400] "GET /ssh101/PZLIVE/PZLIVE/playlist.m3u8 HTTP/1.1" 404 232 "-" "vlc" "usb1.ninacdn.com"
45.88.200.211 - - [07/Apr/2024:09:13:20 -0400] "GET /ssh101/PZLIVE/PZLIVE/playlist.m3u8 HTTP/1.1" 404 232 "-" "vlc" "usb1.ninacdn.com"
45.88.200.211 - - [07/Apr/2024:09:13:33 -0400] "GET /ssh101/PZLIVE/PZLIVE/playlist.m3u8 HTTP/1.1" 404 232 "-" "vlc" "usb1.ninacdn.com"
45.88.200.211 - - [07/Apr/2024:09:13:46 -0400] "GET /ssh101/PZLIVE/PZLIVE/playlist.m3u8 HTTP/1.1" 404 232 "-" "vlc" "usb1.ninacdn.com"
45.88.200.211 - - [07/Apr/2024:09:13:59 -0400] "GET /ssh101/PZLIVE/PZLIVE/playlist.m3u8 HTTP/1.1" 404 232 "-" "vlc" "usb1.ninacdn.com"
45.88.200.211 - - [07/Apr/2024:09:14:12 -0400] "GET /ssh101/PZLIVE/PZLIVE/playlist.m3u8 HTTP/1.1" 404 232 "-" "vlc" "usb1.ninacdn.com"
18.171.178.130 - - [07/Apr/2024:09:14:24 -0400] "GET /logon.htm HTTP/1.1" 404 207 "-" "'Mozilla/5.0 (compatible; GenomeCrawlerd/1.0; +https://www.nokia.com/networks/ip-networks/deepfield/genome/)'" "208.79.153.189"
45.88.200.211 - - [07/Apr/2024:09:14:26 -0400] "GET /ssh101/PZLIVE/PZLIVE/playlist.m3u8 HTTP/1.1" 404 232 "-" "vlc" "usb1.ninacdn.com"
45.88.200.211 - - [07/Apr/2024:09:14:39 -0400] "GET /ssh101/PZLIVE/PZLIVE/playlist.m3u8 HTTP/1.1" 404 232 "-" "vlc" "usb1.ninacdn.com"
45.88.200.211 - - [07/Apr/2024:09:14:46 -0400] "GET /ssh101/soverato1/soverato1/index.m3u8 HTTP/1.1" 404 235 "-" "Xtream-Codes IPTV Panel Pro" "usb1.ninacdn.com"
45.88.200.211 - - [07/Apr/2024:09:14:52 -0400] "GET /ssh101/PZLIVE/PZLIVE/playlist.m3u8 HTTP/1.1" 404 232 "-" "vlc" "usb1.ninacdn.com"
45.88.200.211 - - [07/Apr/2024:09:15:05 -0400] "GET /ssh101/PZLIVE/PZLIVE/playlist.m3u8 HTTP/1.1" 404 232 "-" "vlc" "usb1.ninacdn.com"
45.88.200.211 - - [07/Apr/2024:09:15:18 -0400] "GET /ssh101/PZLIVE/PZLIVE/playlist.m3u8 HTTP/1.1" 404 232 "-" "vlc" "usb1.ninacdn.com"
45.88.200.211 - - [07/Apr/2024:09:15:31 -0400] "GET /ssh101/PZLIVE/PZLIVE/playlist.m3u8 HTTP/1.1" 404 232 "-" "vlc" "usb1.ninacdn.com"
45.88.200.211 - - [07/Apr/2024:09:15:44 -0400] "GET /ssh101/PZLIVE/PZLIVE/playlist.m3u8 HTTP/1.1" 404 232 "-" "vlc" "usb1.ninacdn.com"
45.88.200.211 - - [07/Apr/2024:09:15:58 -0400] "GET /ssh101/PZLIVE/PZLIVE/playlist.m3u8 HTTP/1.1" 404 232 "-" "vlc" "usb1.ninacdn.com"
45.88.200.211 - - [07/Apr/2024:09:16:11 -0400] "GET /ssh101/PZLIVE/PZLIVE/playlist.m3u8 HTTP/1.1" 404 232 "-" "vlc" "usb1.ninacdn.com"
18.171.178.130 - - [07/Apr/2024:09:16:24 -0400] "GET /logon.htm HTTP/1.1" 404 207 "-" "'Mozilla/5.0 (compatible; GenomeCrawlerd/1.0; +https://www.nokia.com/networks/ip-networks/deepfield/genome/)'" "208.79.153.189"
45.88.200.211 - - [07/Apr/2024:09:16:24 -0400] "GET /ssh101/PZLIVE/PZLIVE/playlist.m3u8 HTTP/1.1" 404 232 "-" "vlc" "usb1.ninacdn.com"
45.88.200.211 - - [07/Apr/2024:09:16:37 -0400] "GET /ssh101/PZLIVE/PZLIVE/playlist.m3u8 HTTP/1.1" 404 232 "-" "vlc" "usb1.ninacdn.com"
45.88.200.211 - - [07/Apr/2024:09:16:50 -0400] "GET /ssh101/PZLIVE/PZLIVE/playlist.m3u8 HTTP/1.1" 404 232 "-" "vlc" "usb1.ninacdn.com"
45.88.200.211 - - [07/Apr/2024:09:17:03 -0400] "GET /ssh101/PZLIVE/PZLIVE/playlist.m3u8 HTTP/1.1" 404 232 "-" "vlc" "usb1.ninacdn.com"
45.88.200.211 - - [07/Apr/2024:09:17:17 -0400] "GET /ssh101/PZLIVE/PZLIVE/playlist.m3u8 HTTP/1.1" 404 232 "-" "vlc" "usb1.ninacdn.com"
45.88.200.211 - - [07/Apr/2024:09:17:30 -0400] "GET /ssh101/PZLIVE/PZLIVE/playlist.m3u8 HTTP/1.1" 404 232 "-" "vlc" "usb1.ninacdn.com"
45.88.200.211 - - [07/Apr/2024:09:17:39 -0400] "GET /ssh101/PZLIVE/PZLIVE/playlist.m3u8 HTTP/1.1" 404 232 "-" "Mozilla/5.0 (Macintosh; Intel Mac OS X 10_15_6) AppleWebKit/605.1.15 (KHTML, like Gecko) Version/14.0.1 Safari/605.1.15" "usb1.ninacdn.com"
45.88.200.211 - - [07/Apr/2024:09:17:43 -0400] "GET /ssh101/PZLIVE/PZLIVE/playlist.m3u8 HTTP/1.1" 404 232 "-" "vlc" "usb1.ninacdn.com"
45.88.200.211 - - [07/Apr/2024:09:17:56 -0400] "GET /ssh101/PZLIVE/PZLIVE/playlist.m3u8 HTTP/1.1" 404 232 "-" "vlc" "usb1.ninacdn.com"
45.88.200.211 - - [07/Apr/2024:09:18:09 -0400] "GET /ssh101/PZLIVE/PZLIVE/playlist.m3u8 HTTP/1.1" 404 232 "-" "vlc" "usb1.ninacdn.com"
45.88.200.211 - - [07/Apr/2024:09:18:22 -0400] "GET /ssh101/PZLIVE/PZLIVE/playlist.m3u8 HTTP/1.1" 404 232 "-" "vlc" "usb1.ninacdn.com"
45.88.200.211 - - [07/Apr/2024:09:18:35 -0400] "GET /ssh101/PZLIVE/PZLIVE/playlist.m3u8 HTTP/1.1" 404 232 "-" "vlc" "usb1.ninacdn.com"
45.88.200.211 - - [07/Apr/2024:09:18:49 -0400] "GET /ssh101/PZLIVE/PZLIVE/playlist.m3u8 HTTP/1.1" 404 232 "-" "vlc" "usb1.ninacdn.com"
45.88.200.211 - - [07/Apr/2024:09:19:02 -0400] "GET /ssh101/PZLIVE/PZLIVE/playlist.m3u8 HTTP/1.1" 404 232 "-" "vlc" "usb1.ninacdn.com"
45.88.200.211 - - [07/Apr/2024:09:19:15 -0400] "GET /ssh101/PZLIVE/PZLIVE/playlist.m3u8 HTTP/1.1" 404 232 "-" "vlc" "usb1.ninacdn.com"
45.88.200.211 - - [07/Apr/2024:09:19:28 -0400] "GET /ssh101/PZLIVE/PZLIVE/playlist.m3u8 HTTP/1.1" 404 232 "-" "vlc" "usb1.ninacdn.com"
45.88.200.211 - - [07/Apr/2024:09:19:41 -0400] "GET /ssh101/PZLIVE/PZLIVE/playlist.m3u8 HTTP/1.1" 404 232 "-" "vlc" "usb1.ninacdn.com"
45.88.200.211 - - [07/Apr/2024:09:19:54 -0400] "GET /ssh101/PZLIVE/PZLIVE/playlist.m3u8 HTTP/1.1" 404 232 "-" "vlc" "usb1.ninacdn.com"
45.88.200.211 - - [07/Apr/2024:09:20:08 -0400] "GET /ssh101/PZLIVE/PZLIVE/playlist.m3u8 HTTP/1.1" 404 232 "-" "vlc" "usb1.ninacdn.com"
45.88.200.211 - - [07/Apr/2024:09:20:21 -0400] "GET /ssh101/PZLIVE/PZLIVE/playlist.m3u8 HTTP/1.1" 404 232 "-" "vlc" "usb1.ninacdn.com"
45.88.200.211 - - [07/Apr/2024:09:20:34 -0400] "GET /ssh101/PZLIVE/PZLIVE/playlist.m3u8 HTTP/1.1" 404 232 "-" "vlc" "usb1.ninacdn.com"
45.88.200.211 - - [07/Apr/2024:09:20:47 -0400] "GET /ssh101/PZLIVE/PZLIVE/playlist.m3u8 HTTP/1.1" 404 232 "-" "vlc" "usb1.ninacdn.com"
45.88.200.211 - - [07/Apr/2024:09:21:00 -0400] "GET /ssh101/PZLIVE/PZLIVE/playlist.m3u8 HTTP/1.1" 404 232 "-" "vlc" "usb1.ninacdn.com"
45.88.200.211 - - [07/Apr/2024:09:21:13 -0400] "GET /ssh101/PZLIVE/PZLIVE/playlist.m3u8 HTTP/1.1" 404 232 "-" "vlc" "usb1.ninacdn.com"
45.88.200.211 - - [07/Apr/2024:09:21:26 -0400] "GET /ssh101/PZLIVE/PZLIVE/playlist.m3u8 HTTP/1.1" 404 232 "-" "vlc" "usb1.ninacdn.com"
45.88.200.211 - - [07/Apr/2024:09:21:40 -0400] "GET /ssh101/PZLIVE/PZLIVE/playlist.m3u8 HTTP/1.1" 404 232 "-" "vlc" "usb1.ninacdn.com"
45.88.200.211 - - [07/Apr/2024:09:21:53 -0400] "GET /ssh101/PZLIVE/PZLIVE/playlist.m3u8 HTTP/1.1" 404 232 "-" "vlc" "usb1.ninacdn.com"
45.88.200.211 - - [07/Apr/2024:09:22:06 -0400] "GET /ssh101/PZLIVE/PZLIVE/playlist.m3u8 HTTP/1.1" 404 232 "-" "vlc" "usb1.ninacdn.com"
45.88.200.211 - - [07/Apr/2024:09:22:19 -0400] "GET /ssh101/PZLIVE/PZLIVE/playlist.m3u8 HTTP/1.1" 404 232 "-" "vlc" "usb1.ninacdn.com"
45.88.200.211 - - [07/Apr/2024:09:22:32 -0400] "GET /ssh101/PZLIVE/PZLIVE/playlist.m3u8 HTTP/1.1" 404 232 "-" "vlc" "usb1.ninacdn.com"
45.88.200.211 - - [07/Apr/2024:09:22:45 -0400] "GET /ssh101/PZLIVE/PZLIVE/playlist.m3u8 HTTP/1.1" 404 232 "-" "vlc" "usb1.ninacdn.com"
45.88.200.211 - - [07/Apr/2024:09:22:59 -0400] "GET /ssh101/PZLIVE/PZLIVE/playlist.m3u8 HTTP/1.1" 404 232 "-" "vlc" "usb1.ninacdn.com"
45.88.200.211 - - [07/Apr/2024:09:23:12 -0400] "GET /ssh101/PZLIVE/PZLIVE/playlist.m3u8 HTTP/1.1" 404 232 "-" "vlc" "usb1.ninacdn.com"
45.88.201.123 - - [07/Apr/2024:09:23:17 -0400] "GET / HTTP/1.1" 206 8232 "-" "Mozilla/5.0 AppleWebKit/537.36 (KHTML, like Gecko; compatible; bingbot/2.0; +http://www.bing.com/bingbot.htm) Chrome/116.0.1938.76 Safari/537.36" "usb1.ninacdn.com"
45.88.200.211 - - [07/Apr/2024:09:23:25 -0400] "GET /ssh101/PZLIVE/PZLIVE/playlist.m3u8 HTTP/1.1" 404 232 "-" "vlc" "usb1.ninacdn.com"
45.88.201.123 - - [07/Apr/2024:09:23:33 -0400] "GET /js/skel-panels.min.js HTTP/1.1" 206 4264 "-" "Mozilla/5.0 AppleWebKit/537.36 (KHTML, like Gecko; compatible; bingbot/2.0; +http://www.bing.com/bingbot.htm) Chrome/116.0.1938.76 Safari/537.36" "usb1.ninacdn.com"
45.88.201.123 - - [07/Apr/2024:09:23:33 -0400] "GET /js/skel.min.js HTTP/1.1" 206 6542 "-" "Mozilla/5.0 AppleWebKit/537.36 (KHTML, like Gecko; compatible; bingbot/2.0; +http://www.bing.com/bingbot.htm) Chrome/116.0.1938.76 Safari/537.36" "usb1.ninacdn.com"
45.88.201.123 - - [07/Apr/2024:09:23:35 -0400] "GET /uploadify/jquery.uploadify-3.1.min.js HTTP/1.1" 206 12694 "-" "Mozilla/5.0 AppleWebKit/537.36 (KHTML, like Gecko; compatible; bingbot/2.0; +http://www.bing.com/bingbot.htm) Chrome/116.0.1938.76 Safari/537.36" "usb1.ninacdn.com"
45.88.201.123 - - [07/Apr/2024:09:23:38 -0400] "GET /ajax/getnginxlivechannel.php HTTP/1.1" 206 2572 "-" "Mozilla/5.0 AppleWebKit/537.36 (KHTML, like Gecko; compatible; bingbot/2.0; +http://www.bing.com/bingbot.htm) Chrome/116.0.1938.76 Safari/537.36" "usb1.ninacdn.com"
45.88.200.211 - - [07/Apr/2024:09:23:38 -0400] "GET /ssh101/PZLIVE/PZLIVE/playlist.m3u8 HTTP/1.1" 404 232 "-" "vlc" "usb1.ninacdn.com"
45.88.201.123 - - [07/Apr/2024:09:23:38 -0400] "GET /js/jquery-confirm.min.js HTTP/1.1" 206 7242 "-" "Mozilla/5.0 AppleWebKit/537.36 (KHTML, like Gecko; compatible; bingbot/2.0; +http://www.bing.com/bingbot.htm) Chrome/116.0.1938.76 Safari/537.36" "usb1.ninacdn.com"
45.88.200.211 - - [07/Apr/2024:09:23:41 -0400] "GET /ssh101/PZLIVE/PZLIVE/playlist.m3u8 HTTP/1.1" 404 232 "-" "Mozilla/5.0 (Macintosh; Intel Mac OS X 10_15_6) AppleWebKit/605.1.15 (KHTML, like Gecko) Version/14.0.1 Safari/605.1.15" "usb1.ninacdn.com"
18.171.178.130 - - [07/Apr/2024:09:23:48 -0400] "GET /doc/index.html HTTP/1.1" 200 3127 "-" "'Mozilla/5.0 (compatible; GenomeCrawlerd/1.0; +https://www.nokia.com/networks/ip-networks/deepfield/genome/)'" "208.79.153.189"
45.88.200.211 - - [07/Apr/2024:09:23:51 -0400] "GET /ssh101/PZLIVE/PZLIVE/playlist.m3u8 HTTP/1.1" 404 232 "-" "vlc" "usb1.ninacdn.com"
45.88.200.211 - - [07/Apr/2024:09:24:04 -0400] "GET /ssh101/PZLIVE/PZLIVE/playlist.m3u8 HTTP/1.1" 404 232 "-" "vlc" "usb1.ninacdn.com"
45.88.200.211 - - [07/Apr/2024:09:24:17 -0400] "GET /ssh101/PZLIVE/PZLIVE/playlist.m3u8 HTTP/1.1" 404 232 "-" "vlc" "usb1.ninacdn.com"
45.88.200.211 - - [07/Apr/2024:09:24:31 -0400] "GET /ssh101/PZLIVE/PZLIVE/playlist.m3u8 HTTP/1.1" 404 232 "-" "vlc" "usb1.ninacdn.com"
45.88.200.211 - - [07/Apr/2024:09:24:44 -0400] "GET /ssh101/PZLIVE/PZLIVE/playlist.m3u8 HTTP/1.1" 404 232 "-" "vlc" "usb1.ninacdn.com"
45.88.200.211 - - [07/Apr/2024:09:24:57 -0400] "GET /ssh101/PZLIVE/PZLIVE/playlist.m3u8 HTTP/1.1" 404 232 "-" "vlc" "usb1.ninacdn.com"
45.88.200.211 - - [07/Apr/2024:09:25:10 -0400] "GET /ssh101/PZLIVE/PZLIVE/playlist.m3u8 HTTP/1.1" 404 232 "-" "vlc" "usb1.ninacdn.com"
45.88.200.211 - - [07/Apr/2024:09:25:23 -0400] "GET /ssh101/PZLIVE/PZLIVE/playlist.m3u8 HTTP/1.1" 404 232 "-" "vlc" "usb1.ninacdn.com"
18.171.178.130 - - [07/Apr/2024:09:25:35 -0400] "GET / HTTP/1.1" 200 8232 "-" "'Mozilla/5.0 (compatible; GenomeCrawlerd/1.0; +https://www.nokia.com/networks/ip-networks/deepfield/genome/)'" "208.79.153.189"
45.88.200.211 - - [07/Apr/2024:09:25:36 -0400] "GET /ssh101/PZLIVE/PZLIVE/playlist.m3u8 HTTP/1.1" 404 232 "-" "vlc" "usb1.ninacdn.com"
45.88.200.211 - - [07/Apr/2024:09:25:50 -0400] "GET /ssh101/PZLIVE/PZLIVE/playlist.m3u8 HTTP/1.1" 404 232 "-" "vlc" "usb1.ninacdn.com"
45.88.200.211 - - [07/Apr/2024:09:26:03 -0400] "GET /ssh101/PZLIVE/PZLIVE/playlist.m3u8 HTTP/1.1" 404 232 "-" "vlc" "usb1.ninacdn.com"
45.88.200.211 - - [07/Apr/2024:09:26:16 -0400] "GET /ssh101/PZLIVE/PZLIVE/playlist.m3u8 HTTP/1.1" 404 232 "-" "vlc" "usb1.ninacdn.com"
45.88.200.211 - - [07/Apr/2024:09:26:29 -0400] "GET /ssh101/PZLIVE/PZLIVE/playlist.m3u8 HTTP/1.1" 404 232 "-" "vlc" "usb1.ninacdn.com"
45.88.200.211 - - [07/Apr/2024:09:26:42 -0400] "GET /ssh101/PZLIVE/PZLIVE/playlist.m3u8 HTTP/1.1" 404 232 "-" "vlc" "usb1.ninacdn.com"
45.88.200.211 - - [07/Apr/2024:09:26:55 -0400] "GET /ssh101/PZLIVE/PZLIVE/playlist.m3u8 HTTP/1.1" 404 232 "-" "vlc" "usb1.ninacdn.com"
45.88.200.211 - - [07/Apr/2024:09:27:08 -0400] "GET /ssh101/PZLIVE/PZLIVE/playlist.m3u8 HTTP/1.1" 404 232 "-" "vlc" "usb1.ninacdn.com"
45.88.200.211 - - [07/Apr/2024:09:27:22 -0400] "GET /ssh101/PZLIVE/PZLIVE/playlist.m3u8 HTTP/1.1" 404 232 "-" "vlc" "usb1.ninacdn.com"
45.88.200.211 - - [07/Apr/2024:09:27:35 -0400] "GET /ssh101/PZLIVE/PZLIVE/playlist.m3u8 HTTP/1.1" 404 232 "-" "vlc" "usb1.ninacdn.com"
45.88.200.211 - - [07/Apr/2024:09:27:48 -0400] "GET /ssh101/PZLIVE/PZLIVE/playlist.m3u8 HTTP/1.1" 404 232 "-" "vlc" "usb1.ninacdn.com"
45.88.200.211 - - [07/Apr/2024:09:28:01 -0400] "GET /ssh101/PZLIVE/PZLIVE/playlist.m3u8 HTTP/1.1" 404 232 "-" "vlc" "usb1.ninacdn.com"
45.88.200.211 - - [07/Apr/2024:09:28:14 -0400] "GET /ssh101/PZLIVE/PZLIVE/playlist.m3u8 HTTP/1.1" 404 232 "-" "vlc" "usb1.ninacdn.com"
45.88.200.211 - - [07/Apr/2024:09:28:27 -0400] "GET /ssh101/PZLIVE/PZLIVE/playlist.m3u8 HTTP/1.1" 404 232 "-" "vlc" "usb1.ninacdn.com"
45.88.200.211 - - [07/Apr/2024:09:28:40 -0400] "GET /ssh101/PZLIVE/PZLIVE/playlist.m3u8 HTTP/1.1" 404 232 "-" "vlc" "usb1.ninacdn.com"
45.88.200.211 - - [07/Apr/2024:09:28:54 -0400] "GET /ssh101/PZLIVE/PZLIVE/playlist.m3u8 HTTP/1.1" 404 232 "-" "vlc" "usb1.ninacdn.com"
45.88.200.211 - - [07/Apr/2024:09:29:07 -0400] "GET /ssh101/PZLIVE/PZLIVE/playlist.m3u8 HTTP/1.1" 404 232 "-" "vlc" "usb1.ninacdn.com"
18.171.178.130 - - [07/Apr/2024:09:29:09 -0400] "GET / HTTP/1.1" 200 8232 "-" "'Mozilla/5.0 (compatible; GenomeCrawlerd/1.0; +https://www.nokia.com/networks/ip-networks/deepfield/genome/)'" "208.79.153.189"
45.88.200.211 - - [07/Apr/2024:09:29:20 -0400] "GET /ssh101/PZLIVE/PZLIVE/playlist.m3u8 HTTP/1.1" 404 232 "-" "vlc" "usb1.ninacdn.com"
45.88.200.211 - - [07/Apr/2024:09:29:33 -0400] "GET /ssh101/PZLIVE/PZLIVE/playlist.m3u8 HTTP/1.1" 404 232 "-" "vlc" "usb1.ninacdn.com"
45.88.200.211 - - [07/Apr/2024:09:29:43 -0400] "GET /ssh101/PZLIVE/PZLIVE/playlist.m3u8 HTTP/1.1" 404 232 "-" "Mozilla/5.0 (Macintosh; Intel Mac OS X 10_15_6) AppleWebKit/605.1.15 (KHTML, like Gecko) Version/14.0.1 Safari/605.1.15" "usb1.ninacdn.com"
45.88.200.211 - - [07/Apr/2024:09:29:46 -0400] "GET /ssh101/PZLIVE/PZLIVE/playlist.m3u8 HTTP/1.1" 404 232 "-" "vlc" "usb1.ninacdn.com"
45.88.200.211 - - [07/Apr/2024:09:29:59 -0400] "GET /ssh101/PZLIVE/PZLIVE/playlist.m3u8 HTTP/1.1" 404 232 "-" "vlc" "usb1.ninacdn.com"
45.88.200.211 - - [07/Apr/2024:09:30:13 -0400] "GET /ssh101/PZLIVE/PZLIVE/playlist.m3u8 HTTP/1.1" 404 232 "-" "vlc" "usb1.ninacdn.com"
45.88.200.211 - - [07/Apr/2024:09:30:26 -0400] "GET /ssh101/PZLIVE/PZLIVE/playlist.m3u8 HTTP/1.1" 404 232 "-" "vlc" "usb1.ninacdn.com"
45.88.200.211 - - [07/Apr/2024:09:30:39 -0400] "GET /ssh101/PZLIVE/PZLIVE/playlist.m3u8 HTTP/1.1" 404 232 "-" "vlc" "usb1.ninacdn.com"
45.88.200.211 - - [07/Apr/2024:09:30:52 -0400] "GET /ssh101/PZLIVE/PZLIVE/playlist.m3u8 HTTP/1.1" 404 232 "-" "vlc" "usb1.ninacdn.com"
45.88.200.211 - - [07/Apr/2024:09:31:05 -0400] "GET /ssh101/PZLIVE/PZLIVE/playlist.m3u8 HTTP/1.1" 404 232 "-" "vlc" "usb1.ninacdn.com"
45.88.200.211 - - [07/Apr/2024:09:31:18 -0400] "GET /ssh101/PZLIVE/PZLIVE/playlist.m3u8 HTTP/1.1" 404 232 "-" "vlc" "usb1.ninacdn.com"
45.88.200.211 - - [07/Apr/2024:09:31:31 -0400] "GET /ssh101/PZLIVE/PZLIVE/playlist.m3u8 HTTP/1.1" 404 232 "-" "vlc" "usb1.ninacdn.com"
45.88.200.211 - - [07/Apr/2024:09:31:45 -0400] "GET /ssh101/PZLIVE/PZLIVE/playlist.m3u8 HTTP/1.1" 404 232 "-" "vlc" "usb1.ninacdn.com"
45.88.200.211 - - [07/Apr/2024:09:31:58 -0400] "GET /ssh101/PZLIVE/PZLIVE/playlist.m3u8 HTTP/1.1" 404 232 "-" "vlc" "usb1.ninacdn.com"
45.88.200.211 - - [07/Apr/2024:09:32:11 -0400] "GET /ssh101/PZLIVE/PZLIVE/playlist.m3u8 HTTP/1.1" 404 232 "-" "vlc" "usb1.ninacdn.com"
45.88.200.211 - - [07/Apr/2024:09:32:24 -0400] "GET /ssh101/PZLIVE/PZLIVE/playlist.m3u8 HTTP/1.1" 404 232 "-" "vlc" "usb1.ninacdn.com"
45.88.200.211 - - [07/Apr/2024:09:32:37 -0400] "GET /ssh101/PZLIVE/PZLIVE/playlist.m3u8 HTTP/1.1" 404 232 "-" "vlc" "usb1.ninacdn.com"
45.88.200.211 - - [07/Apr/2024:09:32:50 -0400] "GET /ssh101/PZLIVE/PZLIVE/playlist.m3u8 HTTP/1.1" 404 232 "-" "vlc" "usb1.ninacdn.com"
45.88.200.211 - - [07/Apr/2024:09:33:04 -0400] "GET /ssh101/PZLIVE/PZLIVE/playlist.m3u8 HTTP/1.1" 404 232 "-" "vlc" "usb1.ninacdn.com"
45.88.200.211 - - [07/Apr/2024:09:33:17 -0400] "GET /ssh101/PZLIVE/PZLIVE/playlist.m3u8 HTTP/1.1" 404 232 "-" "vlc" "usb1.ninacdn.com"
45.88.200.211 - - [07/Apr/2024:09:33:30 -0400] "GET /ssh101/PZLIVE/PZLIVE/playlist.m3u8 HTTP/1.1" 404 232 "-" "vlc" "usb1.ninacdn.com"
45.88.200.211 - - [07/Apr/2024:09:33:43 -0400] "GET /ssh101/PZLIVE/PZLIVE/playlist.m3u8 HTTP/1.1" 404 232 "-" "vlc" "usb1.ninacdn.com"
45.88.200.211 - - [07/Apr/2024:09:33:56 -0400] "GET /ssh101/PZLIVE/PZLIVE/playlist.m3u8 HTTP/1.1" 404 232 "-" "vlc" "usb1.ninacdn.com"
45.88.200.211 - - [07/Apr/2024:09:34:09 -0400] "GET /ssh101/PZLIVE/PZLIVE/playlist.m3u8 HTTP/1.1" 404 232 "-" "vlc" "usb1.ninacdn.com"
45.88.200.211 - - [07/Apr/2024:09:34:23 -0400] "GET /ssh101/PZLIVE/PZLIVE/playlist.m3u8 HTTP/1.1" 404 232 "-" "vlc" "usb1.ninacdn.com"
45.88.200.211 - - [07/Apr/2024:09:34:36 -0400] "GET /ssh101/PZLIVE/PZLIVE/playlist.m3u8 HTTP/1.1" 404 232 "-" "vlc" "usb1.ninacdn.com"
45.88.200.211 - - [07/Apr/2024:09:34:49 -0400] "GET /ssh101/PZLIVE/PZLIVE/playlist.m3u8 HTTP/1.1" 404 232 "-" "vlc" "usb1.ninacdn.com"
45.88.200.211 - - [07/Apr/2024:09:35:02 -0400] "GET /ssh101/PZLIVE/PZLIVE/playlist.m3u8 HTTP/1.1" 404 232 "-" "vlc" "usb1.ninacdn.com"
45.88.200.211 - - [07/Apr/2024:09:35:15 -0400] "GET /ssh101/PZLIVE/PZLIVE/playlist.m3u8 HTTP/1.1" 404 232 "-" "vlc" "usb1.ninacdn.com"
45.88.200.211 - - [07/Apr/2024:09:35:28 -0400] "GET /ssh101/PZLIVE/PZLIVE/playlist.m3u8 HTTP/1.1" 404 232 "-" "vlc" "usb1.ninacdn.com"
